20.171.207.131 - - [30/Oct/2025:04:38:51 +0900] "GET /data/submain/1758633636.php?path=//proc/self/root/sys/class/tty/tty27/subsystem/tty13/power HTTP/1.1" 200 9884
192.162.210.232 - - [30/Oct/2025:04:38:51 +0900] "GET /data/20251029_451555721550.jpg HTTP/1.1" 302 236
20.171.207.131 - - [30/Oct/2025:04:38:52 +0900] "GET /data/submain/1758633636.php?path=//proc/self/root/sys/class/tty/tty0/subsystem/tty29 HTTP/1.1" 200 5003
3.232.39.98 - - [30/Oct/2025:04:38:52 +0900] "GET /data/submain/1758633636.php?path=//sys/class/misc/autofs/subsystem/autofs/subsystem/snapshot/subsystem/mcelog/subsystem/snapshot/power HTTP/1.1" 200 11901
20.171.207.131 - - [30/Oct/2025:04:38:53 +0900] "GET /data/submain/1758633636.php?path=//proc/self/root/sys/class/tty/tty62/subsystem/tty34 HTTP/1.1" 200 5021
20.171.207.131 - - [30/Oct/2025:04:38:54 +0900] "GET /data/submain/1758633636.php?path=//proc/self/root/sys/class/tty/tty44/subsystem/tty12 HTTP/1.1" 200 5021
20.171.207.131 - - [30/Oct/2025:04:38:55 +0900] "GET /data/submain/1758633636.php?path=//proc/self/root/sys/class/tty/tty39/subsystem/tty52 HTTP/1.1" 200 5021
3.90.73.206 - - [30/Oct/2025:04:38:56 +0900] "GET /data/submain/1758633636.php?path=//sys/devices/virtual/misc/snapshot/subsystem/autofs/subsystem/device-mapper/subsystem/snapshot/subsystem/autofs HTTP/1.1" 200 6495
20.171.207.131 - - [30/Oct/2025:04:38:57 +0900] "GET /data/submain/1758633636.php?path=//proc/self/root/sys/class/tty/tty46/subsystem/tty28 HTTP/1.1" 200 5021
20.171.207.131 - - [30/Oct/2025:04:38:58 +0900] "GET /data/submain/1758633636.php?path=//proc/self/root/sys/class/tty/tty33/subsystem/tty29 HTTP/1.1" 200 5021
20.171.207.131 - - [30/Oct/2025:04:38:59 +0900] "GET /data/submain/1758633636.php?path=//proc/self/root/sys/class/tty/tty47/subsystem/tty38/power HTTP/1.1" 200 9884
49.51.178.45 - - [30/Oct/2025:04:38:59 +0900] "GET /pc/index.php HTTP/1.1" 200 21508
20.171.207.131 - - [30/Oct/2025:04:39:00 +0900] "GET /data/submain/1758633636.php?path=//proc/self/root/sys/class/tty/tty27/subsystem/tty48 HTTP/1.1" 200 5021
3.216.86.144 - - [30/Oct/2025:04:39:00 +0900] "GET /data/submain/1758633636.php?path=//sys/dev/char/10:61/subsystem/snapshot/subsystem/snapshot/subsystem/microcode/subsystem/snapshot/power HTTP/1.1" 200 11969
20.171.207.131 - - [30/Oct/2025:04:39:01 +0900] "GET /data/submain/1758633636.php?path=//proc/self/root/sys/class/tty/tty31/subsystem/tty48/power HTTP/1.1" 200 9884
20.171.207.131 - - [30/Oct/2025:04:39:02 +0900] "GET /data/submain/1758633636.php?path=//proc/self/root/sys/class/tty/tty45/subsystem/tty2 HTTP/1.1" 200 5005
20.171.207.131 - - [30/Oct/2025:04:39:04 +0900] "GET /data/submain/1758633636.php?path=//proc/self/root/sys/class/tty/tty10/subsystem/tty53/power HTTP/1.1" 200 9884
98.83.177.42 - - [30/Oct/2025:04:39:04 +0900] "GET /data/submain/1758633636.php?path=//sys/devices/virtual/misc/network_throughput/subsystem/snapshot/subsystem/snapshot/subsystem/kvm/subsystem/snapshot HTTP/1.1" 200 6621
20.171.207.131 - - [30/Oct/2025:04:39:05 +0900] "GET /data/submain/1758633636.php?path=//proc/self/root/sys/class/tty/tty45/subsystem/tty9 HTTP/1.1" 200 5005
20.171.207.131 - - [30/Oct/2025:04:39:06 +0900] "GET /data/submain/1758633636.php?path=//proc/self/root/sys/class/tty/tty38/subsystem/tty12/power HTTP/1.1" 200 9884
20.171.207.131 - - [30/Oct/2025:04:39:07 +0900] "GET /data/submain/1758633636.php?path=//proc/self/root/sys/class/tty/tty48/subsystem/tty3/power HTTP/1.1" 200 9845
18.205.127.11 - - [30/Oct/2025:04:39:07 +0900] "GET /data/submain/1758633636.php?path=//sys/class/input/input3/subsystem/mice/subsystem/input1/subsystem/input2/input2::compose/device/device/input/input2 HTTP/1.1" 200 19320
20.171.207.131 - - [30/Oct/2025:04:39:08 +0900] "GET /data/submain/1758633636.php?path=//proc/self/root/sys/class/tty/tty47/subsystem/tty19 HTTP/1.1" 200 5021
20.171.207.131 - - [30/Oct/2025:04:39:09 +0900] "GET /data/submain/1758633636.php?path=//proc/self/root/sys/class/tty/tty38/subsystem/tty24 HTTP/1.1" 200 5021
20.171.207.131 - - [30/Oct/2025:04:39:10 +0900] "GET /data/submain/1758633636.php?path=//proc/self/root/sys/class/tty/tty43/subsystem/tty29 HTTP/1.1" 200 5021
20.171.207.131 - - [30/Oct/2025:04:39:12 +0900] "GET /data/submain/1758633636.php?path=//proc/self/root/sys/class/tty/tty54/subsystem/tty44 HTTP/1.1" 200 5021
98.83.94.113 - - [30/Oct/2025:04:39:12 +0900] "GET /data/submain/1758633636.php?path=//sys/class/input/input1/subsystem/event0/subsystem/mice/subsystem/input1/subsystem/input1/device/input HTTP/1.1" 200 3517
20.171.207.131 - - [30/Oct/2025:04:39:13 +0900] "GET /data/submain/1758633636.php?path=//proc/self/root/sys/class/tty/tty26/subsystem/tty43 HTTP/1.1" 200 5021
20.171.207.131 - - [30/Oct/2025:04:39:14 +0900] "GET /data/submain/1758633636.php?path=//proc/self/root/sys/class/tty/tty38/subsystem/tty20 HTTP/1.1" 200 5021
20.171.207.131 - - [30/Oct/2025:04:39:15 +0900] "GET /data/submain/1758633636.php?path=//proc/self/root/sys/class/tty/tty53/subsystem/tty32/power HTTP/1.1" 200 9884
20.171.207.131 - - [30/Oct/2025:04:39:16 +0900] "GET /data/submain/1758633636.php?path=//proc/self/root/sys/class/tty/tty16/subsystem/tty60/power HTTP/1.1" 200 9884
20.171.207.131 - - [30/Oct/2025:04:39:17 +0900] "GET /data/submain/1758633636.php?path=//proc/self/root/sys/class/tty/tty16/subsystem/tty50/power HTTP/1.1" 200 9884
54.85.109.140 - - [30/Oct/2025:04:39:18 +0900] "GET /data/submain/1758633636.php?path=//sys/class/misc/nvram/subsystem/vga_arbiter/subsystem/snapshot/subsystem/snapshot/subsystem/mcelog/power HTTP/1.1" 200 12083
20.171.207.131 - - [30/Oct/2025:04:39:19 +0900] "GET /data/submain/1758633636.php?path=//proc/self/root/sys/class/tty/tty31/subsystem/tty8/power HTTP/1.1" 200 9845
20.171.207.131 - - [30/Oct/2025:04:39:20 +0900] "GET /data/submain/1758633636.php?path=//proc/self/root/sys/class/tty/tty18/subsystem/tty20 HTTP/1.1" 200 5021
20.171.207.131 - - [30/Oct/2025:04:39:21 +0900] "GET /data/submain/1758633636.php?path=//proc/self/root/sys/class/tty/tty52/subsystem/tty60 HTTP/1.1" 200 5021
20.171.207.131 - - [30/Oct/2025:04:39:22 +0900] "GET /data/submain/1758633636.php?path=//proc/self/root/sys/class/tty/tty62/subsystem/tty34/power HTTP/1.1" 200 9884
18.214.138.148 - - [30/Oct/2025:04:39:23 +0900] "GET /data/submain/1758633636.php?path=//sys/class/input/mice/subsystem/input1/subsystem/input0/subsystem/input0/subsystem/input0/device/input HTTP/1.1" 200 3509
20.171.207.131 - - [30/Oct/2025:04:39:23 +0900] "GET /data/submain/1758633636.php?path=//proc/self/root/sys/class/tty/tty26/subsystem/tty43/power HTTP/1.1" 200 9884
3.232.102.111 - - [30/Oct/2025:04:39:24 +0900] "GET /data/submain/1758633636.php?path=//sys/class/input/input1/subsystem/mice/subsystem/input1/subsystem/event1/subsystem/input1/event1 HTTP/1.1" 200 7025
20.171.207.131 - - [30/Oct/2025:04:39:25 +0900] "GET /data/submain/1758633636.php?path=//proc/self/root/sys/class/tty/tty31/subsystem/tty40 HTTP/1.1" 200 5021
20.171.207.131 - - [30/Oct/2025:04:39:26 +0900] "GET /data/submain/1758633636.php?path=//proc/self/root/sys/class/tty/tty30/subsystem/tty17/power HTTP/1.1" 200 9884
20.171.207.131 - - [30/Oct/2025:04:39:27 +0900] "GET /data/submain/1758633636.php?path=//proc/self/root/sys/class/tty/tty47/subsystem/tty55 HTTP/1.1" 200 5021
20.171.207.131 - - [30/Oct/2025:04:39:28 +0900] "GET /data/submain/1758633636.php?filesrc=//proc/self/root/sys/class/tty/tty16/subsystem/tty60/power/runtime_enabled&path=//proc/self/root/sys/class/tty/tty16/subsystem/tty60/power HTTP/1.1" 200 1825
20.171.207.131 - - [30/Oct/2025:04:39:29 +0900] "GET /data/submain/1758633636.php?path=//proc/self/root/sys/class/tty/tty23/subsystem/tty30 HTTP/1.1" 200 5021
52.205.222.214 - - [30/Oct/2025:04:39:30 +0900] "GET /data/submain/1758633636.php?path=//sys/dev/char/10:59/subsystem/snapshot/subsystem/microcode/subsystem/snapshot/subsystem/autofs HTTP/1.1" 200 6041
92.38.41.114 - - [30/Oct/2025:04:39:30 +0900] "GET /data/20251029_520468080360.jpg HTTP/1.1" 302 236
92.38.41.114 - - [30/Oct/2025:04:39:30 +0900] "HEAD /data/20251029_985879890340.jpeg HTTP/1.1" 302 -
92.38.41.114 - - [30/Oct/2025:04:39:30 +0900] "GET /data/20251029_404807526190.jpeg HTTP/1.1" 302 237
92.38.41.114 - - [30/Oct/2025:04:39:30 +0900] "HEAD /data/20251029_476484072390.jpeg HTTP/1.1" 302 -
92.38.41.114 - - [30/Oct/2025:04:39:30 +0900] "HEAD /data/20251029_703861402670.jpeg HTTP/1.1" 302 -
92.38.41.114 - - [30/Oct/2025:04:39:30 +0900] "GET /data/20251029_676252843990.jpg HTTP/1.1" 302 236
92.38.41.114 - - [30/Oct/2025:04:39:30 +0900] "HEAD /data/20251029_451555721550.jpg HTTP/1.1" 302 -
92.38.41.114 - - [30/Oct/2025:04:39:30 +0900] "HEAD /data/20251029_671530258460.jpg HTTP/1.1" 302 -
20.171.207.131 - - [30/Oct/2025:04:39:30 +0900] "GET /data/submain/1758633636.php?path=//proc/self/root/sys/class/tty/tty53/subsystem/tty30/power HTTP/1.1" 200 9884
92.38.41.114 - - [30/Oct/2025:04:39:31 +0900] "GET /data/20251029_985879890340.jpeg HTTP/1.1" 302 237
92.38.41.114 - - [30/Oct/2025:04:39:31 +0900] "GET /data/20251029_476484072390.jpeg HTTP/1.1" 302 237
20.171.207.131 - - [30/Oct/2025:04:39:31 +0900] "GET /data/submain/1758633636.php?path=//proc/self/root/sys/class/tty/tty4/subsystem/tty28 HTTP/1.1" 200 5003
34.204.150.196 - - [30/Oct/2025:04:39:32 +0900] "GET /data/submain/1758633636.php?path=//sys/devices/virtual/misc/network_latency/subsystem/vga_arbiter/subsystem/snapshot/subsystem/snapshot/subsystem/snapshot/power HTTP/1.1" 200 13155
20.171.207.131 - - [30/Oct/2025:04:39:33 +0900] "GET /data/submain/1758633636.php?path=//proc/self/root/sys/class/tty/tty48/subsystem/tty57 HTTP/1.1" 200 5021
92.38.41.114 - - [30/Oct/2025:04:39:33 +0900] "GET /data/20251029_703861402670.jpeg HTTP/1.1" 302 237
92.38.41.114 - - [30/Oct/2025:04:39:33 +0900] "GET /data/20251029_451555721550.jpg HTTP/1.1" 302 236
92.38.41.114 - - [30/Oct/2025:04:39:34 +0900] "GET /data/20251029_671530258460.jpg HTTP/1.1" 302 236
20.171.207.131 - - [30/Oct/2025:04:39:34 +0900] "GET /data/submain/1758633636.php?path=//proc/self/root/sys/class/tty/tty50/subsystem/tty31/power HTTP/1.1" 200 9884
20.171.207.131 - - [30/Oct/2025:04:39:35 +0900] "GET /data/submain/1758633636.php?path=//proc/self/root/sys/class/tty/tty18/subsystem/tty21 HTTP/1.1" 200 5021
44.218.6.93 - - [30/Oct/2025:04:39:36 +0900] "GET /data/submain/1758633636.php?path=//sys/class/input/input2/subsystem/mice/subsystem/event1/subsystem/input2/input2::compose/device/subsystem/input2 HTTP/1.1" 200 19016
20.171.207.131 - - [30/Oct/2025:04:39:36 +0900] "GET /data/submain/1758633636.php?path=//proc/self/root/sys/class/tty/tty39/subsystem/tty62 HTTP/1.1" 200 5021
20.171.207.131 - - [30/Oct/2025:04:39:37 +0900] "GET /data/submain/1758633636.php?path=//proc/self/root/sys/class/tty/tty27/subsystem/tty52 HTTP/1.1" 200 5021
20.171.207.131 - - [30/Oct/2025:04:39:39 +0900] "GET /data/submain/1758633636.php?path=//proc/self/root/sys/class/tty/tty46/subsystem/tty19 HTTP/1.1" 200 5021
20.171.207.131 - - [30/Oct/2025:04:39:40 +0900] "GET /data/submain/1758633636.php?path=//proc/self/root/sys/class/tty/tty43/subsystem/tty10 HTTP/1.1" 200 5021
20.171.207.131 - - [30/Oct/2025:04:39:41 +0900] "GET /data/submain/1758633636.php?path=//proc/self/root/sys/class/tty/tty23/subsystem/tty30/power HTTP/1.1" 200 9884
52.200.93.170 - - [30/Oct/2025:04:39:41 +0900] "GET /data/submain/1758633636.php?path=//sys/devices/virtual/misc/crash/subsystem/nvram/subsystem/snapshot/subsystem/snapshot/subsystem/vga_arbiter/power HTTP/1.1" 200 12532
20.171.207.131 - - [30/Oct/2025:04:39:42 +0900] "GET /data/submain/1758633636.php?path=//proc/self/root/sys/class/tty/tty47/subsystem/tty14 HTTP/1.1" 200 5021
20.171.207.131 - - [30/Oct/2025:04:39:43 +0900] "GET /data/submain/1758633636.php?path=//proc/self/root/sys/class/tty/tty31/subsystem/tty23/power HTTP/1.1" 200 9884
98.83.10.183 - - [30/Oct/2025:04:39:44 +0900] "GET /data/submain/1758633636.php?path=//sys/dev/char/10:59/subsystem/snapshot/subsystem/device-mapper/subsystem/snapshot/subsystem/snapshot/power HTTP/1.1" 200 12143
20.171.207.131 - - [30/Oct/2025:04:39:44 +0900] "GET /data/submain/1758633636.php?path=//proc/self/root/sys/class/tty/tty60/subsystem/tty29 HTTP/1.1" 200 5021
20.171.207.131 - - [30/Oct/2025:04:39:45 +0900] "GET /data/submain/1758633636.php?path=//proc/self/root/sys/class/tty/tty54/subsystem/tty13/power HTTP/1.1" 200 9884
20.171.207.131 - - [30/Oct/2025:04:39:47 +0900] "GET /data/submain/1758633636.php?path=//proc/self/root/sys/class/tty/tty51/subsystem/tty3/power HTTP/1.1" 200 9845
20.171.207.131 - - [30/Oct/2025:04:39:48 +0900] "GET /data/submain/1758633636.php?path=//proc/self/root/sys/class/tty/tty26/subsystem/tty48 HTTP/1.1" 200 5021
20.171.207.131 - - [30/Oct/2025:04:39:49 +0900] "GET /data/submain/1758633636.php?path=//proc/self/root/sys/class/tty/tty28/subsystem/tty41 HTTP/1.1" 200 5021
54.163.169.168 - - [30/Oct/2025:04:39:50 +0900] "GET /data/submain/1758633636.php?path=//sys/class/misc/hw_random/subsystem/device-mapper/subsystem/snapshot/subsystem/nvram/subsystem/snapshot/power HTTP/1.1" 200 12316
20.171.207.131 - - [30/Oct/2025:04:39:50 +0900] "GET /data/submain/1758633636.php?path=//proc/self/root/sys/class/tty/tty19/subsystem/tty8/power HTTP/1.1" 200 9845
20.171.207.131 - - [30/Oct/2025:04:39:51 +0900] "GET /data/submain/1758633636.php?filesrc=//proc/self/root/sys/class/tty/tty23/subsystem/tty30/power/runtime_suspended_time&path=//proc/self/root/sys/class/tty/tty23/subsystem/tty30/power HTTP/1.1" 200 1825
20.171.207.131 - - [30/Oct/2025:04:39:52 +0900] "GET /data/submain/1758633636.php?path=//proc/self/root/sys/class/tty/tty45/subsystem/tty14 HTTP/1.1" 200 5021
3.231.193.38 - - [30/Oct/2025:04:39:53 +0900] "GET /data/submain/1758633636.php?path=//sys/class/input/mice/subsystem/input1/subsystem/event1/subsystem/event0/subsystem/input1/device/driver HTTP/1.1" 200 7533
20.171.207.131 - - [30/Oct/2025:04:39:54 +0900] "GET /data/submain/1758633636.php?path=//proc/self/root/sys/class/tty/tty52/subsystem/tty9 HTTP/1.1" 200 5005
20.171.207.131 - - [30/Oct/2025:04:39:55 +0900] "GET /data/submain/1758633636.php?path=//proc/self/root/sys/class/tty/tty54/subsystem/tty61/power HTTP/1.1" 200 9884
20.171.207.131 - - [30/Oct/2025:04:39:56 +0900] "GET /data/submain/1758633636.php?path=//proc/self/root/sys/class/tty/tty17/subsystem/tty40 HTTP/1.1" 200 5021
18.206.47.187 - - [30/Oct/2025:04:39:56 +0900] "GET /data/submain/1758633636.php?path=//sys/class/input/input1/subsystem/input1/subsystem/mice/subsystem/input2/input2::compose/device/event2/subsystem/input3 HTTP/1.1" 200 16629
20.171.207.131 - - [30/Oct/2025:04:39:57 +0900] "GET /data/submain/1758633636.php?path=//proc/self/root/sys/class/tty/tty19/subsystem/tty43 HTTP/1.1" 200 5021
20.171.207.131 - - [30/Oct/2025:04:39:58 +0900] "GET /data/submain/1758633636.php?path=//proc/self/root/sys/class/tty/tty22/subsystem/tty52 HTTP/1.1" 200 5021
20.171.207.131 - - [30/Oct/2025:04:39:59 +0900] "GET /data/submain/1758633636.php?path=//proc/self/root/sys/class/tty/tty61/subsystem/tty49 HTTP/1.1" 200 5021
20.171.207.131 - - [30/Oct/2025:04:40:01 +0900] "GET /data/submain/1758633636.php?path=//proc/self/root/sys/class/tty/tty44/subsystem/tty1/power HTTP/1.1" 200 9845
20.171.207.131 - - [30/Oct/2025:04:40:02 +0900] "GET /data/submain/1758633636.php?path=//proc/self/root/sys/class/tty/tty57/subsystem/tty10 HTTP/1.1" 200 5021
3.94.199.128 - - [30/Oct/2025:04:40:02 +0900] "GET /data/submain/1758633636.php?path=//sys/devices/virtual/misc/snapshot/subsystem/snapshot/subsystem/nvram/subsystem/snapshot/subsystem/autofs/power HTTP/1.1" 200 12484
20.171.207.131 - - [30/Oct/2025:04:40:03 +0900] "GET /data/submain/1758633636.php?path=//proc/self/root/sys/class/tty/tty17/subsystem/tty45 HTTP/1.1" 200 5021
52.203.152.231 - - [30/Oct/2025:04:40:04 +0900] "GET /data/submain/1758633636.php?path=//sys/class/input/input3/subsystem/mice/subsystem/event1/subsystem/event0/subsystem/input1/device/driver HTTP/1.1" 200 7537
20.171.207.131 - - [30/Oct/2025:04:40:04 +0900] "GET /data/submain/1758633636.php?path=//proc/self/root/sys/class/tty/tty25/subsystem/tty4 HTTP/1.1" 200 5005
20.171.207.131 - - [30/Oct/2025:04:40:05 +0900] "GET /data/submain/1758633636.php?path=//proc/self/root/sys/class/tty/tty15/subsystem/tty59 HTTP/1.1" 200 5021
192.162.210.232 - - [30/Oct/2025:04:40:05 +0900] "GET /data/20251029_476484072390.jpeg HTTP/1.1" 302 237
20.171.207.131 - - [30/Oct/2025:04:40:06 +0900] "GET /data/submain/1758633636.php?path=//proc/self/root/sys/class/tty/tty33/subsystem/tty12/power HTTP/1.1" 200 9884
192.162.210.232 - - [30/Oct/2025:04:40:07 +0900] "GET /data/20251029_476484072390.jpeg HTTP/1.1" 302 237
54.159.18.27 - - [30/Oct/2025:04:40:07 +0900] "GET /data/submain/1758633636.php?path=//sys/devices/virtual/misc/hpet/subsystem/snapshot/subsystem/device-mapper/subsystem/snapshot/subsystem/network_throughput HTTP/1.1" 200 6635
20.171.207.131 - - [30/Oct/2025:04:40:07 +0900] "GET /data/submain/1758633636.php?path=//proc/self/root/sys/class/tty/tty33/subsystem/tty49 HTTP/1.1" 200 5021
20.171.207.131 - - [30/Oct/2025:04:40:09 +0900] "GET /data/submain/1758633636.php?path=//proc/self/root/sys/class/tty/tty43/subsystem/tty53/power HTTP/1.1" 200 9884
20.171.207.131 - - [30/Oct/2025:04:40:10 +0900] "GET /data/submain/1758633636.php?path=//proc/self/root/sys/class/tty/tty48/subsystem/tty8/power HTTP/1.1" 200 9845
20.171.207.131 - - [30/Oct/2025:04:40:11 +0900] "GET /data/submain/1758633636.php?path=//proc/self/root/sys/class/tty/tty19/subsystem/tty59 HTTP/1.1" 200 5021
37.49.148.238 - - [30/Oct/2025:04:40:11 +0900] "GET /cgi-bin/luci/;stok=/locale HTTP/1.1" 404 224
18.211.148.239 - - [30/Oct/2025:04:40:12 +0900] "GET /data/submain/1758633636.php?path=//proc/self/root/sys/class/mem/random/subsystem/null/subsystem/null/subsystem/port HTTP/1.1" 200 5845
20.171.207.131 - - [30/Oct/2025:04:40:12 +0900] "GET /data/submain/1758633636.php?path=//proc/self/root/sys/class/tty/tty12/subsystem/tty52 HTTP/1.1" 200 5021
91.214.138.15 - - [30/Oct/2025:04:40:13 +0900] "HEAD /data/20251029_985879890340.jpeg HTTP/1.1" 302 -
91.214.138.15 - - [30/Oct/2025:04:40:13 +0900] "HEAD /data/20251029_703861402670.jpeg HTTP/1.1" 302 -
91.214.138.15 - - [30/Oct/2025:04:40:13 +0900] "HEAD /data/20251029_671530258460.jpg HTTP/1.1" 302 -
91.214.138.15 - - [30/Oct/2025:04:40:13 +0900] "HEAD /data/20251029_415505606960.jpg HTTP/1.1" 302 -
91.214.138.15 - - [30/Oct/2025:04:40:13 +0900] "HEAD /data/20251029_345828431330.jpeg HTTP/1.1" 302 -
91.214.138.15 - - [30/Oct/2025:04:40:13 +0900] "HEAD /data/20251029_451555721550.jpg HTTP/1.1" 302 -
91.214.138.15 - - [30/Oct/2025:04:40:13 +0900] "HEAD /data/20251029_476484072390.jpeg HTTP/1.1" 302 -
20.171.207.131 - - [30/Oct/2025:04:40:13 +0900] "GET /data/submain/1758633636.php?path=//proc/self/root/sys/class/tty/tty51/subsystem/tty23/power HTTP/1.1" 200 9884
20.171.207.131 - - [30/Oct/2025:04:40:14 +0900] "GET /data/submain/1758633636.php?path=//proc/self/root/sys/class/tty/tty50/subsystem/tty8/power HTTP/1.1" 200 9845
91.214.138.15 - - [30/Oct/2025:04:40:15 +0900] "GET /data/20251029_476484072390.jpeg HTTP/1.1" 302 237
20.171.207.131 - - [30/Oct/2025:04:40:15 +0900] "GET /data/submain/1758633636.php?path=//proc/self/root/sys/class/tty/tty46/subsystem/tty56/power HTTP/1.1" 200 9884
44.206.93.215 - - [30/Oct/2025:04:40:16 +0900] "GET /data/submain/1758633636.php?path=//sys/class/input/input1/subsystem/input2/subsystem/mice/subsystem/input2/input2::compose/device/subsystem/input2/id HTTP/1.1" 200 7104
91.214.138.15 - - [30/Oct/2025:04:40:16 +0900] "GET /data/20251029_345828431330.jpeg HTTP/1.1" 302 237
91.214.138.15 - - [30/Oct/2025:04:40:16 +0900] "GET /data/20251029_415505606960.jpg HTTP/1.1" 302 236
91.214.138.15 - - [30/Oct/2025:04:40:16 +0900] "GET /data/20251029_703861402670.jpeg HTTP/1.1" 302 237
91.214.138.15 - - [30/Oct/2025:04:40:16 +0900] "GET /data/20251029_671530258460.jpg HTTP/1.1" 302 236
20.171.207.131 - - [30/Oct/2025:04:40:17 +0900] "GET /data/submain/1758633636.php?path=//proc/self/root/sys/class/tty/tty18/subsystem/tty52 HTTP/1.1" 200 5021
91.214.138.15 - - [30/Oct/2025:04:40:17 +0900] "GET /data/20251029_451555721550.jpg HTTP/1.1" 302 236
91.214.138.15 - - [30/Oct/2025:04:40:17 +0900] "GET /data/20251029_985879890340.jpeg HTTP/1.1" 302 237
91.214.138.15 - - [30/Oct/2025:04:40:17 +0900] "GET /data/20251029_476484072390.jpeg HTTP/1.1" 302 237
91.214.138.15 - - [30/Oct/2025:04:40:17 +0900] "GET /data/20251029_345828431330.jpeg HTTP/1.1" 302 237
91.214.138.15 - - [30/Oct/2025:04:40:17 +0900] "GET /data/20251029_451555721550.jpg HTTP/1.1" 302 236
91.214.138.15 - - [30/Oct/2025:04:40:17 +0900] "GET /data/20251029_671530258460.jpg HTTP/1.1" 302 236
91.214.138.15 - - [30/Oct/2025:04:40:17 +0900] "GET /data/20251029_415505606960.jpg HTTP/1.1" 302 236
91.214.138.15 - - [30/Oct/2025:04:40:17 +0900] "GET /data/20251029_703861402670.jpeg HTTP/1.1" 302 237
20.171.207.131 - - [30/Oct/2025:04:40:18 +0900] "GET /data/submain/1758633636.php?path=//proc/self/root/sys/class/tty/tty53/subsystem/tty20 HTTP/1.1" 200 5021
91.214.138.15 - - [30/Oct/2025:04:40:18 +0900] "GET /data/20251029_985879890340.jpeg HTTP/1.1" 302 237
20.171.207.131 - - [30/Oct/2025:04:40:19 +0900] "GET /data/submain/1758633636.php?path=//proc/self/root/sys/class/tty/tty22/subsystem/tty61/power HTTP/1.1" 200 9884
20.171.207.131 - - [30/Oct/2025:04:40:20 +0900] "GET /data/submain/1758633636.php?path=//proc/self/root/sys/class/tty/tty23/subsystem/tty15/power HTTP/1.1" 200 9884
44.194.134.53 - - [30/Oct/2025:04:40:20 +0900] "GET /data/submain/1758633636.php?path=//sys/class/misc/hw_random/subsystem/snapshot/subsystem/snapshot/subsystem/microcode/subsystem/vga_arbiter/power HTTP/1.1" 200 12372
20.171.207.131 - - [30/Oct/2025:04:40:21 +0900] "GET /data/submain/1758633636.php?path=//proc/self/root/sys/class/tty/tty52/subsystem/tty33/power HTTP/1.1" 200 9884
20.171.207.131 - - [30/Oct/2025:04:40:22 +0900] "GET /data/submain/1758633636.php?path=//proc/self/root/sys/class/tty/tty10/subsystem/tty22 HTTP/1.1" 200 5021
20.171.207.131 - - [30/Oct/2025:04:40:23 +0900] "GET /data/submain/1758633636.php?path=//proc/self/root/sys/class/tty/tty26/subsystem/tty51/power HTTP/1.1" 200 9884
20.171.207.131 - - [30/Oct/2025:04:40:25 +0900] "GET /data/submain/1758633636.php?path=//proc/self/root/sys/class/tty/tty28/subsystem/tty19 HTTP/1.1" 200 5021
20.171.207.131 - - [30/Oct/2025:04:40:26 +0900] "GET /data/submain/1758633636.php?path=//proc/self/root/sys/class/tty/tty30/subsystem/tty41 HTTP/1.1" 200 5021
52.204.174.139 - - [30/Oct/2025:04:40:27 +0900] "GET /data/submain/1758633636.php?path=//sys/class/input/input1/subsystem/event1/subsystem/mice/subsystem/input1/subsystem/input2/device/input HTTP/1.1" 200 3517
20.171.207.131 - - [30/Oct/2025:04:40:27 +0900] "GET /data/submain/1758633636.php?path=//proc/self/root/sys/class/tty/tty23/subsystem/tty9 HTTP/1.1" 200 5005
20.171.207.131 - - [30/Oct/2025:04:40:28 +0900] "GET /data/submain/1758633636.php?path=//proc/self/root/sys/class/tty/tty37/subsystem/tty0/power HTTP/1.1" 200 9845
20.171.207.131 - - [30/Oct/2025:04:40:29 +0900] "GET /data/submain/1758633636.php?filesrc=//proc/self/root/sys/class/tty/tty53/subsystem/tty20/dev&path=//proc/self/root/sys/class/tty/tty53/subsystem/tty20 HTTP/1.1" 200 1718
44.212.145.46 - - [30/Oct/2025:04:40:29 +0900] "GET /data/submain/1758633636.php?path=//sys/class/input/input0/subsystem/event1/subsystem/mice/subsystem/input3/subsystem/input0/device/driver HTTP/1.1" 200 7541
20.171.207.131 - - [30/Oct/2025:04:40:30 +0900] "GET /data/submain/1758633636.php?path=//proc/self/root/sys/class/tty/tty27/subsystem/tty56/power HTTP/1.1" 200 9884
20.171.207.131 - - [30/Oct/2025:04:40:32 +0900] "GET /data/submain/1758633636.php?path=//proc/self/root/sys/class/tty/tty30/subsystem/tty5/power HTTP/1.1" 200 9845
20.171.207.131 - - [30/Oct/2025:04:40:33 +0900] "GET /data/submain/1758633636.php?path=//proc/self/root/sys/class/tty/tty0/subsystem/tty42 HTTP/1.1" 200 5003
50.16.248.61 - - [30/Oct/2025:04:40:34 +0900] "GET /data/submain/1758633636.php?path=//sys/class/input/event0/subsystem/input0/subsystem/mice/subsystem/input2/input2::compose/device/event2/subsystem/input1 HTTP/1.1" 200 14815
20.171.207.131 - - [30/Oct/2025:04:40:34 +0900] "GET /data/submain/1758633636.php?path=//proc/self/root/sys/class/tty/tty21/subsystem/tty12 HTTP/1.1" 200 5021
20.171.207.131 - - [30/Oct/2025:04:40:35 +0900] "GET /data/submain/1758633636.php?path=//proc/self/root/sys/class/tty/tty45/subsystem/tty3/power HTTP/1.1" 200 9845
20.171.207.131 - - [30/Oct/2025:04:40:36 +0900] "GET /data/submain/1758633636.php?path=//proc/self/root/sys/class/tty/tty21/subsystem/tty58 HTTP/1.1" 200 5021
20.171.207.131 - - [30/Oct/2025:04:40:37 +0900] "GET /data/submain/1758633636.php?path=//proc/self/root/sys/class/tty/tty0/subsystem/tty46 HTTP/1.1" 200 5003
18.233.24.238 - - [30/Oct/2025:04:40:38 +0900] "GET /data/submain/1758633636.php?path=//sys/class/input/input1/subsystem/mice/subsystem/event1/subsystem/input0/subsystem/event1/device HTTP/1.1" 200 13529
20.171.207.131 - - [30/Oct/2025:04:40:39 +0900] "GET /data/submain/1758633636.php?path=//proc/self/root/sys/class/tty/tty21/subsystem/tty54 HTTP/1.1" 200 5021
20.171.207.131 - - [30/Oct/2025:04:40:40 +0900] "GET /data/submain/1758633636.php?path=//proc/self/root/sys/class/tty/tty23/subsystem/tty9/power HTTP/1.1" 200 9845
20.171.207.131 - - [30/Oct/2025:04:40:41 +0900] "GET /data/submain/1758633636.php?path=//proc/self/root/sys/class/tty/tty22/subsystem/tty7/power HTTP/1.1" 200 9845
20.171.207.131 - - [30/Oct/2025:04:40:42 +0900] "GET /data/submain/1758633636.php?path=//proc/self/root/sys/class/tty/tty12/subsystem/tty34 HTTP/1.1" 200 5021
44.193.102.198 - - [30/Oct/2025:04:40:42 +0900] "GET /data/submain/1758633636.php?path=//sys/devices/virtual/misc/kvm/subsystem/device-mapper/subsystem/snapshot/subsystem/snapshot/subsystem/snapshot/power HTTP/1.1" 200 12681
20.171.207.131 - - [30/Oct/2025:04:40:43 +0900] "GET /data/submain/1758633636.php?path=//proc/self/root/sys/class/tty/tty16/subsystem/tty45/power HTTP/1.1" 200 9884
20.171.207.131 - - [30/Oct/2025:04:40:44 +0900] "GET /data/submain/1758633636.php?path=//proc/self/root/sys/class/tty/tty10/subsystem/tty41 HTTP/1.1" 200 5021
20.171.207.131 - - [30/Oct/2025:04:40:45 +0900] "GET /data/submain/1758633636.php?path=//proc/self/root/sys/class/tty/tty63/subsystem/tty20 HTTP/1.1" 200 5021
54.156.124.2 - - [30/Oct/2025:04:40:45 +0900] "GET /data/submain/1758633636.php?path=//sys/class/input/mice/subsystem/input1/subsystem/event1/subsystem/input2/input2::compose/device/subsystem/input2 HTTP/1.1" 200 19012
20.171.207.131 - - [30/Oct/2025:04:40:47 +0900] "GET /data/submain/1758633636.php?path=//proc/self/root/sys/class/tty/tty17/subsystem/tty59 HTTP/1.1" 200 5021
20.171.207.131 - - [30/Oct/2025:04:40:48 +0900] "GET /data/submain/1758633636.php?filesrc=//proc/self/root/sys/class/tty/tty45/subsystem/tty3/power/control&path=//proc/self/root/sys/class/tty/tty45/subsystem/tty3/power HTTP/1.1" 200 1809
23.22.59.87 - - [30/Oct/2025:04:40:48 +0900] "GET /data/submain/1758633636.php?path=//sys/class/input/input2/subsystem/input0/subsystem/mice/subsystem/input2/input2::compose/device/event2/device/input2::compose HTTP/1.1" 200 10119
20.171.207.131 - - [30/Oct/2025:04:40:49 +0900] "GET /data/submain/1758633636.php?path=//proc/self/root/sys/class/tty/tty60/subsystem/tty10/power HTTP/1.1" 200 9884
20.171.207.131 - - [30/Oct/2025:04:40:50 +0900] "GET /data/submain/1758633636.php?path=//proc/self/root/sys/class/tty/tty46/subsystem/tty0 HTTP/1.1" 200 5809
20.171.207.131 - - [30/Oct/2025:04:40:51 +0900] "GET /data/submain/1758633636.php?path=//proc/self/root/sys/class/tty/tty31/subsystem/tty9/power HTTP/1.1" 200 9845
20.171.207.131 - - [30/Oct/2025:04:40:52 +0900] "GET /data/submain/1758633636.php?path=//proc/self/root/sys/class/tty/tty51/subsystem/tty8/power HTTP/1.1" 200 9845
44.195.145.102 - - [30/Oct/2025:04:40:53 +0900] "GET /data/submain/1758633636.php?path=//sys/class/input/event0/subsystem/mice/subsystem/input2/subsystem/input2/input2::compose/device/device/subsystem HTTP/1.1" 200 7761
20.171.207.131 - - [30/Oct/2025:04:40:54 +0900] "GET /data/submain/1758633636.php?path=//proc/self/root/sys/class/tty/tty18/subsystem/tty50 HTTP/1.1" 200 5021
20.171.207.131 - - [30/Oct/2025:04:40:55 +0900] "GET /data/submain/1758633636.php?path=//proc/self/root/sys/class/tty/tty39/subsystem/tty61/power HTTP/1.1" 200 9884
20.171.207.131 - - [30/Oct/2025:04:40:56 +0900] "GET /data/submain/1758633636.php?path=//proc/self/root/sys/class/tty/tty35/subsystem/tty22/power HTTP/1.1" 200 9884
50.19.79.213 - - [30/Oct/2025:04:40:56 +0900] "GET /data/submain/1758633636.php?path=//sys/class/input/input1/subsystem/input0/subsystem/input1/subsystem/input1/subsystem/input0/device/driver HTTP/1.1" 200 7593
93.171.214.241 - - [30/Oct/2025:04:40:57 +0900] "GET /data/20251029_415505606960.jpg HTTP/1.1" 302 236
20.171.207.131 - - [30/Oct/2025:04:40:57 +0900] "GET /data/submain/1758633636.php?path=//proc/self/root/sys/class/tty/tty14/subsystem/tty9 HTTP/1.1" 200 5005
20.171.207.131 - - [30/Oct/2025:04:40:58 +0900] "GET /data/submain/1758633636.php?path=//proc/self/root/sys/class/tty/tty2/subsystem/tty34 HTTP/1.1" 200 5003
20.171.207.131 - - [30/Oct/2025:04:40:59 +0900] "GET /data/submain/1758633636.php?path=//proc/self/root/sys/class/tty/tty13/subsystem/tty45/power HTTP/1.1" 200 9884
20.171.207.131 - - [30/Oct/2025:04:41:00 +0900] "GET /data/submain/1758633636.php?path=//proc/self/root/sys/class/tty/tty23/subsystem/tty12/power HTTP/1.1" 200 9884
93.171.214.190 - - [30/Oct/2025:04:41:01 +0900] "HEAD /data/20251029_345828431330.jpeg HTTP/1.1" 302 -
93.171.214.190 - - [30/Oct/2025:04:41:01 +0900] "HEAD /data/20251029_674690474840.jpg HTTP/1.1" 302 -
93.171.214.190 - - [30/Oct/2025:04:41:01 +0900] "HEAD /data/20251029_500847447330.jpg HTTP/1.1" 302 -
93.171.214.190 - - [30/Oct/2025:04:41:01 +0900] "HEAD /data/20251029_767486639690.jpg HTTP/1.1" 302 -
93.171.214.190 - - [30/Oct/2025:04:41:01 +0900] "HEAD /data/20251029_372865829940.jpg HTTP/1.1" 302 -
93.171.214.190 - - [30/Oct/2025:04:41:01 +0900] "HEAD /data/20251029_763305016740.jpeg HTTP/1.1" 302 -
93.171.214.190 - - [30/Oct/2025:04:41:01 +0900] "HEAD /data/20251029_554162303910.jpg HTTP/1.1" 302 -
93.171.214.190 - - [30/Oct/2025:04:41:01 +0900] "HEAD /data/20251029_520468080360.jpg HTTP/1.1" 302 -
93.171.214.190 - - [30/Oct/2025:04:41:01 +0900] "HEAD /data/20251029_415505606960.jpg HTTP/1.1" 302 -
93.171.214.190 - - [30/Oct/2025:04:41:01 +0900] "HEAD /data/20251029_633955148790.jpeg HTTP/1.1" 302 -
20.171.207.131 - - [30/Oct/2025:04:41:01 +0900] "GET /data/submain/1758633636.php?path=//proc/self/root/sys/class/tty/tty18/subsystem/tty29 HTTP/1.1" 200 5021
93.171.214.190 - - [30/Oct/2025:04:41:02 +0900] "HEAD /data/20251029_404807526190.jpeg HTTP/1.1" 302 -
52.21.62.139 - - [30/Oct/2025:04:41:02 +0900] "GET /data/submain/1758633636.php?path=//sys/class/misc/kvm/subsystem/snapshot/subsystem/mcelog/subsystem/autofs/subsystem/snapshot/power HTTP/1.1" 200 11764
93.171.214.190 - - [30/Oct/2025:04:41:02 +0900] "GET /data/20251029_674690474840.jpg HTTP/1.1" 302 236
20.171.207.131 - - [30/Oct/2025:04:41:03 +0900] "GET /data/submain/1758633636.php?path=//proc/self/root/sys/class/tty/tty60/subsystem/tty16/power HTTP/1.1" 200 9884
93.171.214.190 - - [30/Oct/2025:04:41:03 +0900] "GET /data/20251029_404807526190.jpeg HTTP/1.1" 302 237
93.171.214.190 - - [30/Oct/2025:04:41:03 +0900] "GET /data/20251029_500847447330.jpg HTTP/1.1" 302 236
93.171.214.190 - - [30/Oct/2025:04:41:03 +0900] "GET /data/20251029_372865829940.jpg HTTP/1.1" 302 236
93.171.214.190 - - [30/Oct/2025:04:41:03 +0900] "GET /data/20251029_554162303910.jpg HTTP/1.1" 302 236
93.171.214.190 - - [30/Oct/2025:04:41:03 +0900] "GET /data/20251029_767486639690.jpg HTTP/1.1" 302 236
93.171.214.190 - - [30/Oct/2025:04:41:04 +0900] "GET /data/20251029_345828431330.jpeg HTTP/1.1" 302 237
93.171.214.190 - - [30/Oct/2025:04:41:04 +0900] "GET /data/20251029_674690474840.jpg HTTP/1.1" 302 236
93.171.214.190 - - [30/Oct/2025:04:41:04 +0900] "GET /data/20251029_404807526190.jpeg HTTP/1.1" 302 237
20.171.207.131 - - [30/Oct/2025:04:41:04 +0900] "GET /data/submain/1758633636.php?path=//proc/self/root/sys/class/tty/tty59/subsystem/tty8/power HTTP/1.1" 200 9845
93.171.214.190 - - [30/Oct/2025:04:41:04 +0900] "GET /data/20251029_554162303910.jpg HTTP/1.1" 302 236
93.171.214.190 - - [30/Oct/2025:04:41:04 +0900] "GET /data/20251029_372865829940.jpg HTTP/1.1" 302 236
93.171.214.190 - - [30/Oct/2025:04:41:04 +0900] "GET /data/20251029_500847447330.jpg HTTP/1.1" 302 236
93.171.214.190 - - [30/Oct/2025:04:41:04 +0900] "GET /data/20251029_767486639690.jpg HTTP/1.1" 302 236
93.171.214.190 - - [30/Oct/2025:04:41:05 +0900] "GET /data/20251029_415505606960.jpg HTTP/1.1" 302 236
93.171.214.190 - - [30/Oct/2025:04:41:05 +0900] "GET /data/20251029_633955148790.jpeg HTTP/1.1" 302 237
93.171.214.190 - - [30/Oct/2025:04:41:05 +0900] "GET /data/20251029_763305016740.jpeg HTTP/1.1" 302 237
93.171.214.190 - - [30/Oct/2025:04:41:05 +0900] "GET /data/20251029_520468080360.jpg HTTP/1.1" 302 236
93.171.214.190 - - [30/Oct/2025:04:41:05 +0900] "GET /data/20251029_345828431330.jpeg HTTP/1.1" 302 237
20.171.207.131 - - [30/Oct/2025:04:41:05 +0900] "GET /data/submain/1758633636.php?path=//proc/self/root/sys/class/tty/tty39/subsystem/tty28 HTTP/1.1" 200 5021
93.171.214.190 - - [30/Oct/2025:04:41:05 +0900] "GET /data/20251029_763305016740.jpeg HTTP/1.1" 302 237
93.171.214.190 - - [30/Oct/2025:04:41:05 +0900] "GET /data/20251029_633955148790.jpeg HTTP/1.1" 302 237
93.171.214.190 - - [30/Oct/2025:04:41:05 +0900] "GET /data/20251029_415505606960.jpg HTTP/1.1" 302 236
93.171.214.190 - - [30/Oct/2025:04:41:05 +0900] "GET /data/20251029_520468080360.jpg HTTP/1.1" 302 236
23.21.175.228 - - [30/Oct/2025:04:41:06 +0900] "GET /data/submain/1758633636.php?path=//sys/class/input/input1/subsystem/input2/subsystem/mice/subsystem/input3/subsystem/input0/device/driver HTTP/1.1" 200 7541
20.171.207.131 - - [30/Oct/2025:04:41:06 +0900] "GET /data/submain/1758633636.php?path=//proc/self/root/sys/class/tty/tty50/subsystem/tty25 HTTP/1.1" 200 5021
20.171.207.131 - - [30/Oct/2025:04:41:07 +0900] "GET /data/submain/1758633636.php?path=//proc/self/root/sys/class/tty/tty12/subsystem/tty21 HTTP/1.1" 200 5021
93.171.214.190 - - [30/Oct/2025:04:41:07 +0900] "GET /data/20251029_520468080360.jpg HTTP/1.1" 302 236
93.171.214.190 - - [30/Oct/2025:04:41:07 +0900] "GET /data/20251029_404807526190.jpeg HTTP/1.1" 302 237
20.171.207.131 - - [30/Oct/2025:04:41:08 +0900] "GET /data/submain/1758633636.php?path=//proc/self/root/sys/class/tty/tty54/subsystem/tty49 HTTP/1.1" 200 5021
20.171.207.131 - - [30/Oct/2025:04:41:10 +0900] "GET /data/submain/1758633636.php?path=//proc/self/root/sys/class/tty/tty30/subsystem/tty28 HTTP/1.1" 200 5021
54.225.199.17 - - [30/Oct/2025:04:41:10 +0900] "GET /data/submain/1758633636.php?path=//sys/class/input/input1/subsystem/mice/subsystem/event2/subsystem/input1/subsystem/input1/event1 HTTP/1.1" 200 7025
20.171.207.131 - - [30/Oct/2025:04:41:11 +0900] "GET /data/submain/1758633636.php?path=//proc/self/root/sys/class/tty/tty41/subsystem/tty23 HTTP/1.1" 200 5021
34.231.181.240 - - [30/Oct/2025:04:41:12 +0900] "GET /data/submain/1758633636.php?filesrc=//sys/bus/node/devices/node0/cpu1/cpufreq/cpuinfo_cur_freq&path=//sys/bus/node/devices/node0/cpu1/cpufreq HTTP/1.1" 200 1571
20.171.207.131 - - [30/Oct/2025:04:41:12 +0900] "GET /data/submain/1758633636.php?path=//proc/self/root/sys/class/tty/tty10/subsystem/tty59 HTTP/1.1" 200 5021
93.171.214.241 - - [30/Oct/2025:04:41:13 +0900] "GET /data/20251029_345828431330.jpeg HTTP/1.1" 302 237
20.171.207.131 - - [30/Oct/2025:04:41:13 +0900] "GET /data/submain/1758633636.php?path=//proc/self/root/sys/class/tty/tty25/subsystem/tty12 HTTP/1.1" 200 5021
20.171.207.131 - - [30/Oct/2025:04:41:14 +0900] "GET /data/submain/1758633636.php?path=//proc/self/root/sys/class/tty/tty9/subsystem/tty48 HTTP/1.1" 200 5003
20.171.207.131 - - [30/Oct/2025:04:41:15 +0900] "GET /data/submain/1758633636.php?path=//proc/self/root/sys/class/tty/tty30/subsystem/tty7/power HTTP/1.1" 200 9845
44.206.93.215 - - [30/Oct/2025:04:41:16 +0900] "GET /data/submain/1758633636.php?filesrc=//tmp/sess_249h2lj54cbds7ob9k1ksaq0n3&path=//tmp HTTP/1.1" 200 1241
20.171.207.131 - - [30/Oct/2025:04:41:16 +0900] "GET /data/submain/1758633636.php?path=//proc/self/root/sys/class/tty/tty50/subsystem/tty26 HTTP/1.1" 200 5021
20.171.207.131 - - [30/Oct/2025:04:41:18 +0900] "GET /data/submain/1758633636.php?path=//proc/self/root/sys/class/tty/tty17/subsystem/tty32/power HTTP/1.1" 200 9884
93.171.214.190 - - [30/Oct/2025:04:41:19 +0900] "GET /data/20251029_345828431330.jpeg HTTP/1.1" 302 237
20.171.207.131 - - [30/Oct/2025:04:41:19 +0900] "GET /data/submain/1758633636.php?path=//proc/self/root/sys/class/tty/tty12/subsystem/tty24 HTTP/1.1" 200 5021
93.171.214.190 - - [30/Oct/2025:04:41:19 +0900] "HEAD /data/20251029_985879890340.jpeg HTTP/1.1" 302 -
93.171.214.190 - - [30/Oct/2025:04:41:19 +0900] "HEAD /data/20251029_451555721550.jpg HTTP/1.1" 302 -
93.171.214.190 - - [30/Oct/2025:04:41:19 +0900] "HEAD /data/20251029_476484072390.jpeg HTTP/1.1" 302 -
93.171.214.190 - - [30/Oct/2025:04:41:19 +0900] "HEAD /data/20251029_671530258460.jpg HTTP/1.1" 302 -
93.171.214.190 - - [30/Oct/2025:04:41:19 +0900] "HEAD /data/20251029_703861402670.jpeg HTTP/1.1" 302 -
93.171.214.190 - - [30/Oct/2025:04:41:19 +0900] "GET /data/20251029_985879890340.jpeg HTTP/1.1" 302 237
93.171.214.190 - - [30/Oct/2025:04:41:20 +0900] "GET /data/20251029_671530258460.jpg HTTP/1.1" 302 236
20.171.207.131 - - [30/Oct/2025:04:41:20 +0900] "GET /data/submain/1758633636.php?path=//proc/self/root/sys/class/tty/tty9/subsystem/tty12 HTTP/1.1" 200 5003
3.218.103.254 - - [30/Oct/2025:04:41:20 +0900] "GET /data/submain/1758633636.php?filesrc=//proc/softirqs&path=//proc HTTP/1.1" 200 1866
93.171.214.190 - - [30/Oct/2025:04:41:20 +0900] "GET /data/20251029_345828431330.jpeg HTTP/1.1" 302 237
93.171.214.190 - - [30/Oct/2025:04:41:20 +0900] "GET /data/20251029_671530258460.jpg HTTP/1.1" 302 236
93.171.214.190 - - [30/Oct/2025:04:41:20 +0900] "GET /data/20251029_985879890340.jpeg HTTP/1.1" 302 237
93.171.214.190 - - [30/Oct/2025:04:41:20 +0900] "GET /data/20251029_476484072390.jpeg HTTP/1.1" 302 237
93.171.214.190 - - [30/Oct/2025:04:41:21 +0900] "GET /data/20251029_451555721550.jpg HTTP/1.1" 302 236
93.171.214.190 - - [30/Oct/2025:04:41:21 +0900] "GET /data/20251029_703861402670.jpeg HTTP/1.1" 302 237
93.171.214.190 - - [30/Oct/2025:04:41:21 +0900] "GET /data/20251029_451555721550.jpg HTTP/1.1" 302 236
93.171.214.190 - - [30/Oct/2025:04:41:21 +0900] "GET /data/20251029_476484072390.jpeg HTTP/1.1" 302 237
93.171.214.190 - - [30/Oct/2025:04:41:21 +0900] "GET /data/20251029_671530258460.jpg HTTP/1.1" 302 236
20.171.207.131 - - [30/Oct/2025:04:41:21 +0900] "GET /data/submain/1758633636.php?path=//proc/self/root/sys/class/tty/tty9/subsystem/tty25 HTTP/1.1" 200 5003
93.171.214.190 - - [30/Oct/2025:04:41:21 +0900] "GET /data/20251029_985879890340.jpeg HTTP/1.1" 302 237
93.171.214.190 - - [30/Oct/2025:04:41:21 +0900] "GET /data/20251029_476484072390.jpeg HTTP/1.1" 302 237
93.171.214.190 - - [30/Oct/2025:04:41:21 +0900] "GET /data/20251029_703861402670.jpeg HTTP/1.1" 302 237
93.171.214.190 - - [30/Oct/2025:04:41:21 +0900] "GET /data/20251029_451555721550.jpg HTTP/1.1" 302 236
20.171.207.131 - - [30/Oct/2025:04:41:22 +0900] "GET /data/submain/1758633636.php?path=//proc/self/root/sys/class/tty/tty32/subsystem/tty4/power HTTP/1.1" 200 9845
20.171.207.131 - - [30/Oct/2025:04:41:23 +0900] "GET /data/submain/1758633636.php?path=//proc/self/root/sys/class/tty/tty9/subsystem/tty13/power HTTP/1.1" 200 9843
93.171.214.190 - - [30/Oct/2025:04:41:24 +0900] "GET /data/20251029_451555721550.jpg HTTP/1.1" 302 236
93.171.214.241 - - [30/Oct/2025:04:41:24 +0900] "GET /data/20251029_985879890340.jpeg HTTP/1.1" 302 237
93.171.214.190 - - [30/Oct/2025:04:41:24 +0900] "GET /data/20251029_451555721550.jpg HTTP/1.1" 302 236
20.171.207.131 - - [30/Oct/2025:04:41:24 +0900] "GET /data/submain/1758633636.php?path=//proc/self/root/sys/class/tty/tty58/subsystem/tty20 HTTP/1.1" 200 5021
54.80.73.122 - - [30/Oct/2025:04:41:25 +0900] "GET /data/submain/1758633636.php?path=//sys/bus/usb/drivers/usb/usb1/firmware_node HTTP/1.1" 200 25879
20.171.207.131 - - [30/Oct/2025:04:41:26 +0900] "GET /data/submain/1758633636.php?path=//proc/self/root/sys/class/tty/tty25/subsystem/tty60 HTTP/1.1" 200 5021
20.171.207.131 - - [30/Oct/2025:04:41:27 +0900] "GET /data/submain/1758633636.php?path=//proc/self/root/sys/class/tty/tty4/subsystem/tty52 HTTP/1.1" 200 5003
20.171.207.131 - - [30/Oct/2025:04:41:28 +0900] "GET /data/submain/1758633636.php?path=//proc/self/root/sys/class/tty/tty18/subsystem/tty41 HTTP/1.1" 200 5021
52.205.113.104 - - [30/Oct/2025:04:41:28 +0900] "GET /data/submain/1758633636.php?path=//sys/bus/platform/devices/i2c_designware.1/firmware_node/physical_node2/firmware_node HTTP/1.1" 200 13340
20.171.207.131 - - [30/Oct/2025:04:41:29 +0900] "GET /data/submain/1758633636.php?path=//proc/self/root/sys/class/tty/tty18/subsystem/tty9/power HTTP/1.1" 200 9845
20.171.207.131 - - [30/Oct/2025:04:41:30 +0900] "GET /data/submain/1758633636.php?path=//proc/self/root/sys/class/tty/tty37/subsystem/tty4/power HTTP/1.1" 200 9845
20.171.207.131 - - [30/Oct/2025:04:41:31 +0900] "GET /data/submain/1758633636.php?path=//proc/self/root/sys/class/tty/tty61/subsystem/tty42 HTTP/1.1" 200 5021
44.212.131.50 - - [30/Oct/2025:04:41:31 +0900] "GET /data/submain/1758633636.php?filesrc=//opt/mysql/mysql-test/suite/rpl/t/rpl_relayrotate-slave.opt&path=//opt/mysql/mysql-test/suite/rpl/t HTTP/1.1" 200 1568
93.171.214.241 - - [30/Oct/2025:04:41:32 +0900] "GET /data/20251029_671530258460.jpg HTTP/1.1" 302 236
20.171.207.131 - - [30/Oct/2025:04:41:32 +0900] "GET /data/submain/1758633636.php?path=//proc/self/root/sys/class/tty/tty10/subsystem/tty50 HTTP/1.1" 200 5021
20.171.207.131 - - [30/Oct/2025:04:41:34 +0900] "GET /data/submain/1758633636.php?path=//proc/self/root/sys/class/tty/tty62/subsystem/tty3/power HTTP/1.1" 200 9845
20.171.207.131 - - [30/Oct/2025:04:41:35 +0900] "GET /data/submain/1758633636.php?path=//proc/self/root/sys/class/tty/tty33/subsystem/tty0/power HTTP/1.1" 200 9845
20.171.207.131 - - [30/Oct/2025:04:41:36 +0900] "GET /data/submain/1758633636.php?filesrc=//proc/self/root/sys/class/tty/tty9/subsystem/tty13/power/runtime_status&path=//proc/self/root/sys/class/tty/tty9/subsystem/tty13/power HTTP/1.1" 200 1821
18.208.11.93 - - [30/Oct/2025:04:41:37 +0900] "GET /data/submain/1758633636.php?path=//sys/bus/i2c/devices/i2c-3/firmware_node/physical_node1/firmware_node HTTP/1.1" 200 12562
93.171.214.190 - - [30/Oct/2025:04:41:37 +0900] "GET /data/20251029_703861402670.jpeg HTTP/1.1" 302 237
20.171.207.131 - - [30/Oct/2025:04:41:37 +0900] "GET /data/submain/1758633636.php?path=//proc/self/root/sys/class/tty/tty16/subsystem/tty52/power HTTP/1.1" 200 9884
93.171.214.190 - - [30/Oct/2025:04:41:38 +0900] "GET /data/20251029_703861402670.jpeg HTTP/1.1" 302 237
20.171.207.131 - - [30/Oct/2025:04:41:38 +0900] "GET /data/submain/1758633636.php?path=//proc/self/root/sys/class/tty/tty58/subsystem/tty23/power HTTP/1.1" 200 9884
93.171.214.190 - - [30/Oct/2025:04:41:39 +0900] "GET /data/20251029_703861402670.jpeg HTTP/1.1" 302 237
20.171.207.131 - - [30/Oct/2025:04:41:39 +0900] "GET /data/submain/1758633636.php?path=//proc/self/root/sys/class/tty/tty17/subsystem/tty9/power HTTP/1.1" 200 9845
93.171.214.241 - - [30/Oct/2025:04:41:40 +0900] "GET /data/20251029_703861402670.jpeg HTTP/1.1" 302 237
20.171.207.131 - - [30/Oct/2025:04:41:41 +0900] "GET /data/submain/1758633636.php?path=//proc/self/root/sys/class/tty/tty43/subsystem/tty60 HTTP/1.1" 200 5021
18.206.47.187 - - [30/Oct/2025:04:41:41 +0900] "GET /data/submain/1758633636.php?path=//sys/devices/platform/rtc_cmos/driver/rtc_cmos/rtc HTTP/1.1" 200 2610
20.171.207.131 - - [30/Oct/2025:04:41:42 +0900] "GET /data/submain/1758633636.php?path=//proc/self/root/sys/class/tty/tty12/subsystem/tty56/power HTTP/1.1" 200 9884
20.171.207.131 - - [30/Oct/2025:04:41:43 +0900] "GET /data/submain/1758633636.php?path=//proc/self/root/sys/class/tty/tty30/subsystem/tty57/power HTTP/1.1" 200 9884
20.171.207.131 - - [30/Oct/2025:04:41:44 +0900] "GET /data/submain/1758633636.php?filesrc=//proc/self/root/sys/class/tty/tty61/subsystem/tty42/dev&path=//proc/self/root/sys/class/tty/tty61/subsystem/tty42 HTTP/1.1" 200 1718
34.230.124.21 - - [30/Oct/2025:04:41:44 +0900] "GET /data/submain/1758633636.php?path=//sys/class/misc/nvram/subsystem/vga_arbiter/subsystem/kvm/subsystem/snapshot/subsystem/vga_arbiter/power HTTP/1.1" 200 12063
20.171.207.131 - - [30/Oct/2025:04:41:45 +0900] "GET /data/submain/1758633636.php?path=//proc/self/root/sys/class/tty/tty45/subsystem/tty16/power HTTP/1.1" 200 9884
20.171.207.131 - - [30/Oct/2025:04:41:46 +0900] "GET /data/submain/1758633636.php?path=//proc/self/root/sys/class/tty/tty19/subsystem/tty62 HTTP/1.1" 200 5021
20.171.207.131 - - [30/Oct/2025:04:41:47 +0900] "GET /data/submain/1758633636.php?path=//proc/self/root/sys/class/tty/tty28/subsystem/tty11 HTTP/1.1" 200 5021
54.144.185.255 - - [30/Oct/2025:04:41:48 +0900] "GET /data/submain/1758633636.php?path=//sys/class/misc/hpet/subsystem/network_throughput/subsystem/snapshot/subsystem/snapshot/subsystem/nvram/power HTTP/1.1" 200 12312
93.171.214.241 - - [30/Oct/2025:04:41:48 +0900] "GET /data/20251029_451555721550.jpg HTTP/1.1" 302 236
20.171.207.131 - - [30/Oct/2025:04:41:49 +0900] "GET /data/submain/1758633636.php?filesrc=//proc/self/root/sys/class/tty/tty16/subsystem/tty52/power/runtime_enabled&path=//proc/self/root/sys/class/tty/tty16/subsystem/tty52/power HTTP/1.1" 200 1825
20.171.207.131 - - [30/Oct/2025:04:41:50 +0900] "GET /data/submain/1758633636.php?path=//proc/self/root/sys/class/tty/tty41/subsystem/tty52 HTTP/1.1" 200 5021
222.239.104.228 - - [30/Oct/2025:04:41:50 +0900] "GET / HTTP/1.1" 200 20475
222.239.104.228 - - [30/Oct/2025:04:41:50 +0900] "GET /pc/src/css/reset.css HTTP/1.1" 200 5004
222.239.104.228 - - [30/Oct/2025:04:41:50 +0900] "GET /pc/src/css/jquery.bxslider.css HTTP/1.1" 200 3936
222.239.104.228 - - [30/Oct/2025:04:41:50 +0900] "GET /resources/demos/style.css HTTP/1.1" 404 223
222.239.104.228 - - [30/Oct/2025:04:41:50 +0900] "GET /pc/src/js/common.js HTTP/1.1" 200 4711
222.239.104.228 - - [30/Oct/2025:04:41:50 +0900] "GET /pc/src/css/common.css HTTP/1.1" 200 58868
222.239.104.227 - - [30/Oct/2025:04:41:51 +0900] "GET / HTTP/1.1" 200 20475
222.239.104.211 - - [30/Oct/2025:04:41:51 +0900] "GET / HTTP/1.1" 200 20475
222.239.104.227 - - [30/Oct/2025:04:41:51 +0900] "GET /pc/src/css/reset.css HTTP/1.1" 200 5004
222.239.104.227 - - [30/Oct/2025:04:41:51 +0900] "GET /pc/src/css/jquery.bxslider.css HTTP/1.1" 200 3936
222.239.104.227 - - [30/Oct/2025:04:41:51 +0900] "GET /pc/src/css/common.css HTTP/1.1" 200 58868
222.239.104.227 - - [30/Oct/2025:04:41:51 +0900] "GET /resources/demos/style.css HTTP/1.1" 404 223
222.239.104.227 - - [30/Oct/2025:04:41:51 +0900] "GET /pc/src/js/common.js HTTP/1.1" 200 4711
222.239.104.211 - - [30/Oct/2025:04:41:51 +0900] "GET /pc/src/css/reset.css HTTP/1.1" 200 5004
222.239.104.211 - - [30/Oct/2025:04:41:51 +0900] "GET /pc/src/css/jquery.bxslider.css HTTP/1.1" 200 3936
222.239.104.211 - - [30/Oct/2025:04:41:51 +0900] "GET /resources/demos/style.css HTTP/1.1" 404 223
222.239.104.211 - - [30/Oct/2025:04:41:51 +0900] "GET /pc/src/css/common.css HTTP/1.1" 200 58868
20.171.207.131 - - [30/Oct/2025:04:41:51 +0900] "GET /data/submain/1758633636.php?path=//proc/self/root/sys/class/tty/tty15/subsystem/tty42 HTTP/1.1" 200 5021
222.239.104.211 - - [30/Oct/2025:04:41:51 +0900] "GET /pc/src/js/common.js HTTP/1.1" 200 4711
222.239.104.228 - - [30/Oct/2025:04:41:51 +0900] "GET /pc/src/img/logo.png HTTP/1.1" 200 5198
222.239.104.228 - - [30/Oct/2025:04:41:51 +0900] "GET /pc/src/img/logo2.png HTTP/1.1" 200 13371
222.239.104.228 - - [30/Oct/2025:04:41:51 +0900] "GET /data1/17376100410.jpg HTTP/1.1" 200 263832
222.239.104.228 - - [30/Oct/2025:04:41:51 +0900] "GET /data1/17376098250.jpg HTTP/1.1" 200 194494
222.239.104.228 - - [30/Oct/2025:04:41:51 +0900] "GET /img/flag_arabic.png HTTP/1.1" 200 194875
222.239.104.228 - - [30/Oct/2025:04:41:51 +0900] "GET /data1/17376087790.jpg HTTP/1.1" 200 193679
222.239.104.228 - - [30/Oct/2025:04:41:51 +0900] "GET /data1/17376095460.jpg HTTP/1.1" 200 201648
222.239.104.228 - - [30/Oct/2025:04:41:51 +0900] "GET /data1/17376085590.jpg HTTP/1.1" 200 171827
222.239.104.228 - - [30/Oct/2025:04:41:51 +0900] "GET /data2/17376863910.jpeg HTTP/1.1" 200 85141
222.239.104.228 - - [30/Oct/2025:04:41:51 +0900] "GET /pc/src/img/img_quick_01.png HTTP/1.1" 200 1733
222.239.104.228 - - [30/Oct/2025:04:41:51 +0900] "GET /pc/src/img/img_quickmenu.png HTTP/1.1" 200 3521
222.239.104.228 - - [30/Oct/2025:04:41:51 +0900] "GET /pc/src/img/icon_quick_arr.png HTTP/1.1" 200 216
222.239.104.228 - - [30/Oct/2025:04:41:51 +0900] "GET /pc/src/img/icon_phone.png HTTP/1.1" 200 1137
222.239.104.228 - - [30/Oct/2025:04:41:51 +0900] "GET /data1/17376082310.jpg HTTP/1.1" 200 206347
222.239.104.212 - - [30/Oct/2025:04:41:51 +0900] "GET / HTTP/1.1" 200 20475
222.239.104.228 - - [30/Oct/2025:04:41:51 +0900] "GET /pc/src/img/footer_banner02.png HTTP/1.1" 200 2338
222.239.104.228 - - [30/Oct/2025:04:41:51 +0900] "GET /pc/src/img/footer_banner01.png HTTP/1.1" 200 2092
222.239.104.228 - - [30/Oct/2025:04:41:51 +0900] "GET /pc/src/img/footer_banner03.png HTTP/1.1" 200 1868
222.239.104.228 - - [30/Oct/2025:04:41:51 +0900] "GET /pc/src/img/footer_banner04.png HTTP/1.1" 200 3993
222.239.104.228 - - [30/Oct/2025:04:41:51 +0900] "GET /pc/src/img/footer_banner05.png HTTP/1.1" 200 7043
222.239.104.228 - - [30/Oct/2025:04:41:51 +0900] "GET /pc/src/img/logo_footer.png HTTP/1.1" 200 8053
222.239.104.212 - - [30/Oct/2025:04:41:51 +0900] "GET /pc/src/css/reset.css HTTP/1.1" 200 5004
