20.171.207.131 - - [30/Oct/2025:05:07:17 +0900] "GET /data/submain/1758633636.php?path=//proc/self/root/sys/class/tty/tty9/subsystem/tty11/power HTTP/1.1" 200 9843
20.171.207.131 - - [30/Oct/2025:05:07:18 +0900] "GET /data/submain/1758633636.php?path=//proc/self/root/sys/class/tty/tty34/subsystem/tty8/power HTTP/1.1" 200 9845
52.71.46.142 - - [30/Oct/2025:05:07:19 +0900] "GET /data/submain/1758633636.php?path=//sys/class/input/input2/subsystem/input0/subsystem/input0/subsystem/input2/input2::compose/device/input2::compose HTTP/1.1" 200 9550
20.171.207.131 - - [30/Oct/2025:05:07:19 +0900] "GET /data/submain/1758633636.php?path=//proc/self/root/sys/class/tty/tty41/subsystem/tty62 HTTP/1.1" 200 5021
20.171.207.131 - - [30/Oct/2025:05:07:21 +0900] "GET /data/submain/1758633636.php?path=//proc/self/root/sys/class/tty/tty22/subsystem/tty46 HTTP/1.1" 200 5021
20.171.207.131 - - [30/Oct/2025:05:07:22 +0900] "GET /data/submain/1758633636.php?path=//proc/self/root/sys/class/tty/tty35/subsystem/tty41/power HTTP/1.1" 200 9884
195.114.156.102 - - [30/Oct/2025:05:07:22 +0900] "GET /data/20251029_985879890340.jpeg HTTP/1.1" 302 237
195.114.156.102 - - [30/Oct/2025:05:07:23 +0900] "GET /data/20251029_671530258460.jpg HTTP/1.1" 302 236
20.171.207.131 - - [30/Oct/2025:05:07:23 +0900] "GET /data/submain/1758633636.php?path=//proc/self/root/sys/class/tty/tty30/subsystem/tty62/power HTTP/1.1" 200 9884
18.232.12.157 - - [30/Oct/2025:05:07:23 +0900] "GET /data/submain/1758633636.php?path=//sys/devices/virtual/misc/autofs/subsystem/nvram/subsystem/device-mapper/subsystem/snapshot/subsystem/network_latency HTTP/1.1" 200 6569
195.114.156.102 - - [30/Oct/2025:05:07:24 +0900] "GET /data/20251029_985879890340.jpeg HTTP/1.1" 302 237
20.171.207.131 - - [30/Oct/2025:05:07:24 +0900] "GET /data/submain/1758633636.php?path=//proc/self/root/sys/class/tty/tty3/subsystem/tty59/power HTTP/1.1" 200 9843
195.114.156.102 - - [30/Oct/2025:05:07:24 +0900] "GET /data/20251029_671530258460.jpg HTTP/1.1" 302 236
20.171.207.131 - - [30/Oct/2025:05:07:25 +0900] "GET /data/submain/1758633636.php?path=//proc/self/root/sys/class/tty/tty21/subsystem/tty59 HTTP/1.1" 200 5021
195.114.156.102 - - [30/Oct/2025:05:07:26 +0900] "GET /data/20251029_671530258460.jpg HTTP/1.1" 302 236
20.171.207.131 - - [30/Oct/2025:05:07:26 +0900] "GET /data/submain/1758633636.php?path=//proc/self/root/sys/class/tty/tty58/subsystem/tty39/power HTTP/1.1" 200 9884
34.231.181.240 - - [30/Oct/2025:05:07:27 +0900] "GET /data/submain/1758633636.php?path=//sys/class/input/input2/subsystem/event1/subsystem/input0/subsystem/input0/event0 HTTP/1.1" 200 6535
20.171.207.131 - - [30/Oct/2025:05:07:27 +0900] "GET /data/submain/1758633636.php?path=//proc/self/root/sys/class/tty/tty51/subsystem/tty27 HTTP/1.1" 200 5021
220.79.105.220 - - [30/Oct/2025:05:07:28 +0900] "GET /?pc=1 HTTP/1.1" 302 215
20.171.207.131 - - [30/Oct/2025:05:07:29 +0900] "GET /data/submain/1758633636.php?path=//proc/self/root/sys/class/tty/tty55/subsystem/tty12 HTTP/1.1" 200 5021
20.171.207.131 - - [30/Oct/2025:05:07:30 +0900] "GET /data/submain/1758633636.php?path=//proc/self/root/sys/class/tty/tty57/subsystem/tty26/power HTTP/1.1" 200 9884
20.171.207.131 - - [30/Oct/2025:05:07:31 +0900] "GET /data/submain/1758633636.php?path=//proc/self/root/sys/class/tty/tty48/subsystem/tty50 HTTP/1.1" 200 5021
3.226.34.98 - - [30/Oct/2025:05:07:32 +0900] "GET /data/submain/1758633636.php?path=//sys/dev/char/1:3/subsystem/null/subsystem/null/subsystem/port/subsystem/full HTTP/1.1" 200 5701
20.171.207.131 - - [30/Oct/2025:05:07:32 +0900] "GET /data/submain/1758633636.php?path=//proc/self/root/sys/class/tty/tty44/subsystem/tty28 HTTP/1.1" 200 5021
20.171.207.131 - - [30/Oct/2025:05:07:33 +0900] "GET /data/submain/1758633636.php?path=//proc/self/root/sys/class/tty/tty12/subsystem/tty4 HTTP/1.1" 200 5005
20.171.207.131 - - [30/Oct/2025:05:07:34 +0900] "GET /data/submain/1758633636.php?path=//proc/self/root/sys/class/tty/tty27/subsystem/tty41 HTTP/1.1" 200 5021
20.171.207.131 - - [30/Oct/2025:05:07:36 +0900] "GET /data/submain/1758633636.php?path=//proc/self/root/sys/class/tty/tty14/subsystem/tty55 HTTP/1.1" 200 5021
20.171.207.131 - - [30/Oct/2025:05:07:37 +0900] "GET /data/submain/1758633636.php?path=//proc/self/root/sys/class/tty/tty54/subsystem/tty42 HTTP/1.1" 200 5021
54.159.98.248 - - [30/Oct/2025:05:07:37 +0900] "GET /data/submain/1758633636.php?path=//sys/class/input/input3/subsystem/mice/subsystem/input4/subsystem/input2/input2::compose/device/subsystem/input4 HTTP/1.1" 200 14372
20.171.207.131 - - [30/Oct/2025:05:07:38 +0900] "GET /data/submain/1758633636.php?path=//proc/self/root/sys/class/tty/tty47/subsystem/tty13/power HTTP/1.1" 200 9884
20.171.207.131 - - [30/Oct/2025:05:07:39 +0900] "GET /data/submain/1758633636.php?path=//proc/self/root/sys/class/tty/tty55/subsystem/tty12/power HTTP/1.1" 200 9884
20.171.207.131 - - [30/Oct/2025:05:07:40 +0900] "GET /data/submain/1758633636.php?path=//proc/self/root/sys/class/tty/tty9/subsystem/tty20 HTTP/1.1" 200 5003
20.171.207.131 - - [30/Oct/2025:05:07:41 +0900] "GET /data/submain/1758633636.php?path=//proc/self/root/sys/class/tty/tty19/subsystem/tty36/power HTTP/1.1" 200 9884
100.29.34.97 - - [30/Oct/2025:05:07:42 +0900] "GET /data/submain/1758633636.php?path=//sys/class/input/input2/subsystem/input0/subsystem/input1/subsystem/input1/device/input/input1/device HTTP/1.1" 200 9114
20.171.207.131 - - [30/Oct/2025:05:07:42 +0900] "GET /data/submain/1758633636.php?path=//proc/self/root/sys/class/tty/tty63/subsystem/tty24 HTTP/1.1" 200 5021
20.171.207.131 - - [30/Oct/2025:05:07:44 +0900] "GET /data/submain/1758633636.php?path=//proc/self/root/sys/class/tty/tty32/subsystem/tty59 HTTP/1.1" 200 5021
18.232.11.247 - - [30/Oct/2025:05:07:44 +0900] "GET /data/submain/1758633636.php?path=//sys/class/input/input0/subsystem/event0/subsystem/event0/subsystem/input1/subsystem/input1/event1 HTTP/1.1" 200 7077
20.171.207.131 - - [30/Oct/2025:05:07:45 +0900] "GET /data/submain/1758633636.php?path=//proc/self/root/sys/class/tty/tty61/subsystem/tty48/power HTTP/1.1" 200 9884
20.171.207.131 - - [30/Oct/2025:05:07:46 +0900] "GET /data/submain/1758633636.php?path=//proc/self/root/sys/class/tty/tty15/subsystem/tty52/power HTTP/1.1" 200 9884
20.171.207.131 - - [30/Oct/2025:05:07:47 +0900] "GET /data/submain/1758633636.php?path=//proc/self/root/sys/class/tty/tty14/subsystem/tty55/power HTTP/1.1" 200 9884
20.171.207.131 - - [30/Oct/2025:05:07:48 +0900] "GET /data/submain/1758633636.php?path=//proc/self/root/sys/class/tty/tty32/subsystem/tty1/power HTTP/1.1" 200 9845
20.171.207.131 - - [30/Oct/2025:05:07:49 +0900] "GET /data/submain/1758633636.php?path=//proc/self/root/sys/class/tty/tty43/subsystem/tty37/power HTTP/1.1" 200 9884
98.83.72.38 - - [30/Oct/2025:05:07:49 +0900] "GET /data/submain/1758633636.php?path=//sys/class/input/input0/subsystem/input0/subsystem/event1/subsystem/input1/event1/device HTTP/1.1" 200 13075
20.171.207.131 - - [30/Oct/2025:05:07:51 +0900] "GET /data/submain/1758633636.php?path=//proc/self/root/sys/class/tty/tty47/subsystem/tty2 HTTP/1.1" 200 5005
20.171.207.131 - - [30/Oct/2025:05:07:52 +0900] "GET /data/submain/1758633636.php?path=//proc/self/root/sys/class/tty/tty46/subsystem/tty58/power HTTP/1.1" 200 9884
52.2.83.227 - - [30/Oct/2025:05:07:52 +0900] "GET /data/submain/1758633636.php?path=//sys/class/misc/network_throughput/subsystem/hpet/subsystem/snapshot/subsystem/nvram/subsystem/kvm HTTP/1.1" 200 6195
20.171.207.131 - - [30/Oct/2025:05:07:53 +0900] "GET /data/submain/1758633636.php?path=//proc/self/root/sys/class/tty/tty34/subsystem/tty29 HTTP/1.1" 200 5021
20.171.207.131 - - [30/Oct/2025:05:07:54 +0900] "GET /data/submain/1758633636.php?path=//proc/self/root/sys/class/tty/tty60/subsystem/tty32 HTTP/1.1" 200 5021
20.171.207.131 - - [30/Oct/2025:05:07:55 +0900] "GET /data/submain/1758633636.php?path=//proc/self/root/sys/class/tty/tty15/subsystem/tty0/power HTTP/1.1" 200 9845
20.171.207.131 - - [30/Oct/2025:05:07:56 +0900] "GET /data/submain/1758633636.php?path=//proc/self/root/sys/class/tty/tty63/subsystem/tty24/power HTTP/1.1" 200 9884
18.207.79.144 - - [30/Oct/2025:05:07:57 +0900] "GET /data/submain/1758633636.php?path=//sys/class/misc/vga_arbiter/subsystem/device-mapper/subsystem/snapshot/subsystem/device-mapper/subsystem/crash HTTP/1.1" 200 6401
20.171.207.131 - - [30/Oct/2025:05:07:57 +0900] "GET /data/submain/1758633636.php?path=//proc/self/root/sys/class/tty/tty25/subsystem/tty62/power HTTP/1.1" 200 9884
20.171.207.131 - - [30/Oct/2025:05:07:59 +0900] "GET /data/submain/1758633636.php?path=//proc/self/root/sys/class/tty/tty23/subsystem/tty3/power HTTP/1.1" 200 9845
54.84.250.51 - - [30/Oct/2025:05:07:59 +0900] "GET /data/submain/1758633636.php?path=//sys/class/input/event0/subsystem/input1/subsystem/input1/subsystem/input0/subsystem/input1/event1/device HTTP/1.1" 200 14059
20.171.207.131 - - [30/Oct/2025:05:08:00 +0900] "GET /data/submain/1758633636.php?path=//proc/self/root/sys/class/tty/tty48/subsystem/tty58 HTTP/1.1" 200 5021
195.114.156.102 - - [30/Oct/2025:05:08:01 +0900] "GET /data/20251029_703861402670.jpeg HTTP/1.1" 302 237
20.171.207.131 - - [30/Oct/2025:05:08:01 +0900] "GET /data/submain/1758633636.php?path=//proc/self/root/sys/class/tty/tty48/subsystem/tty28 HTTP/1.1" 200 5021
20.171.207.131 - - [30/Oct/2025:05:08:02 +0900] "GET /data/submain/1758633636.php?path=//proc/self/root/sys/class/tty/tty0/subsystem/tty54 HTTP/1.1" 200 5003
195.114.156.102 - - [30/Oct/2025:05:08:02 +0900] "GET /data/20251029_703861402670.jpeg HTTP/1.1" 302 237
20.171.207.131 - - [30/Oct/2025:05:08:03 +0900] "GET /data/submain/1758633636.php?path=//proc/self/root/sys/class/tty/tty18/subsystem/tty24 HTTP/1.1" 200 5021
34.194.233.48 - - [30/Oct/2025:05:08:04 +0900] "GET /data/submain/1758633636.php?path=//sys/devices/virtual/misc/nvram/subsystem/snapshot/subsystem/snapshot/subsystem/vga_arbiter/subsystem/crash/power HTTP/1.1" 200 12556
62.16.0.115 - - [30/Oct/2025:05:08:04 +0900] "GET /data/20251028_580793715820.jpg HTTP/1.1" 302 236
20.171.207.131 - - [30/Oct/2025:05:08:05 +0900] "GET /data/submain/1758633636.php?path=//proc/self/root/sys/class/tty/tty59/subsystem/tty61/power HTTP/1.1" 200 9884
20.171.207.131 - - [30/Oct/2025:05:08:06 +0900] "GET /data/submain/1758633636.php?filesrc=//proc/self/root/sys/class/tty/tty60/subsystem/tty32/uevent&path=//proc/self/root/sys/class/tty/tty60/subsystem/tty32 HTTP/1.1" 200 1747
20.171.207.131 - - [30/Oct/2025:05:08:07 +0900] "GET /data/submain/1758633636.php?path=//proc/self/root/sys/class/tty/tty48/subsystem/tty62 HTTP/1.1" 200 5021
3.210.29.96 - - [30/Oct/2025:05:08:08 +0900] "GET /data/submain/1758633636.php?path=//sys/devices/virtual/misc/hw_random/subsystem/vga_arbiter/subsystem/snapshot/subsystem/snapshot/subsystem/network_throughput/power HTTP/1.1" 200 13263
20.171.207.131 - - [30/Oct/2025:05:08:08 +0900] "GET /data/submain/1758633636.php?path=//proc/self/root/sys/class/tty/tty60/subsystem/tty32/power HTTP/1.1" 200 9884
20.171.207.131 - - [30/Oct/2025:05:08:09 +0900] "GET /data/submain/1758633636.php?filesrc=//proc/self/root/sys/class/tty/tty25/subsystem/tty62/power/runtime_suspended_time&path=//proc/self/root/sys/class/tty/tty25/subsystem/tty62/power HTTP/1.1" 200 1825
20.171.207.131 - - [30/Oct/2025:05:08:10 +0900] "GET /data/submain/1758633636.php?path=//proc/self/root/sys/class/tty/tty60/subsystem/tty49 HTTP/1.1" 200 5021
62.16.0.115 - - [30/Oct/2025:05:08:10 +0900] "GET /data/20251029_758802026180.jpg HTTP/1.1" 302 236
20.171.207.131 - - [30/Oct/2025:05:08:11 +0900] "GET /data/submain/1758633636.php?path=//proc/self/root/sys/class/tty/tty23/subsystem/tty48 HTTP/1.1" 200 5021
54.243.63.52 - - [30/Oct/2025:05:08:12 +0900] "GET /data/submain/1758633636.php?path=//sys/devices/virtual/misc/snapshot/subsystem/nvram/subsystem/vga_arbiter/subsystem/autofs/subsystem/autofs HTTP/1.1" 200 6397
20.171.207.131 - - [30/Oct/2025:05:08:12 +0900] "GET /data/submain/1758633636.php?filesrc=//proc/self/root/sys/class/tty/tty23/subsystem/tty3/power/runtime_status&path=//proc/self/root/sys/class/tty/tty23/subsystem/tty3/power HTTP/1.1" 200 1823
20.171.207.131 - - [30/Oct/2025:05:08:14 +0900] "GET /data/submain/1758633636.php?path=//proc/self/root/sys/class/tty/tty48/subsystem/tty51 HTTP/1.1" 200 5021
20.171.207.131 - - [30/Oct/2025:05:08:15 +0900] "GET /data/submain/1758633636.php?path=//proc/self/root/sys/class/tty/tty45/subsystem/tty23 HTTP/1.1" 200 5021
20.171.207.131 - - [30/Oct/2025:05:08:16 +0900] "GET /data/submain/1758633636.php?path=//proc/self/root/sys/class/tty/tty31/subsystem/tty5/power HTTP/1.1" 200 9845
87.244.210.222 - - [30/Oct/2025:05:08:17 +0900] "HEAD /data/20251029_676252843990.jpg HTTP/1.1" 302 -
87.244.210.222 - - [30/Oct/2025:05:08:17 +0900] "HEAD /data/20251029_763305016740.jpeg HTTP/1.1" 302 -
87.244.210.222 - - [30/Oct/2025:05:08:17 +0900] "HEAD /data/20251029_674690474840.jpg HTTP/1.1" 302 -
87.244.210.222 - - [30/Oct/2025:05:08:17 +0900] "HEAD /data/20251029_404807526190.jpeg HTTP/1.1" 302 -
87.244.210.222 - - [30/Oct/2025:05:08:17 +0900] "HEAD /data/20251029_345828431330.jpeg HTTP/1.1" 302 -
87.244.210.222 - - [30/Oct/2025:05:08:17 +0900] "HEAD /data/20251029_415505606960.jpg HTTP/1.1" 302 -
87.244.210.222 - - [30/Oct/2025:05:08:17 +0900] "HEAD /data/20251029_554162303910.jpg HTTP/1.1" 302 -
87.244.210.222 - - [30/Oct/2025:05:08:17 +0900] "HEAD /data/20251029_633955148790.jpeg HTTP/1.1" 302 -
87.244.210.222 - - [30/Oct/2025:05:08:17 +0900] "HEAD /data/20251029_520468080360.jpg HTTP/1.1" 302 -
87.244.210.222 - - [30/Oct/2025:05:08:17 +0900] "HEAD /data/20251029_500847447330.jpg HTTP/1.1" 302 -
87.244.210.222 - - [30/Oct/2025:05:08:17 +0900] "HEAD /data/20251029_372865829940.jpg HTTP/1.1" 302 -
87.244.210.222 - - [30/Oct/2025:05:08:17 +0900] "HEAD /data/20251029_767486639690.jpg HTTP/1.1" 302 -
20.171.207.131 - - [30/Oct/2025:05:08:17 +0900] "GET /data/submain/1758633636.php?path=//proc/self/root/sys/class/tty/tty53/subsystem/tty39/power HTTP/1.1" 200 9884
34.206.249.188 - - [30/Oct/2025:05:08:17 +0900] "GET /data/submain/1758633636.php?path=//sys/devices/virtual/mem/random/subsystem/null/subsystem/null/subsystem/null/subsystem/oldmem HTTP/1.1" 200 6126
87.244.210.222 - - [30/Oct/2025:05:08:18 +0900] "GET /data/20251029_345828431330.jpeg HTTP/1.1" 302 237
20.171.207.131 - - [30/Oct/2025:05:08:18 +0900] "GET /data/submain/1758633636.php?path=//proc/self/root/sys/class/tty/tty54/subsystem/tty19 HTTP/1.1" 200 5021
87.244.210.222 - - [30/Oct/2025:05:08:18 +0900] "GET /data/20251029_372865829940.jpg HTTP/1.1" 302 236
87.244.210.222 - - [30/Oct/2025:05:08:19 +0900] "GET /data/20251029_767486639690.jpg HTTP/1.1" 302 236
87.244.210.222 - - [30/Oct/2025:05:08:19 +0900] "GET /data/20251029_676252843990.jpg HTTP/1.1" 302 236
87.244.210.222 - - [30/Oct/2025:05:08:19 +0900] "GET /data/20251029_520468080360.jpg HTTP/1.1" 302 236
87.244.210.222 - - [30/Oct/2025:05:08:19 +0900] "GET /data/20251029_674690474840.jpg HTTP/1.1" 302 236
87.244.210.222 - - [30/Oct/2025:05:08:19 +0900] "GET /data/20251029_554162303910.jpg HTTP/1.1" 302 236
87.244.210.222 - - [30/Oct/2025:05:08:19 +0900] "GET /data/20251029_404807526190.jpeg HTTP/1.1" 302 237
87.244.210.222 - - [30/Oct/2025:05:08:19 +0900] "GET /data/20251029_763305016740.jpeg HTTP/1.1" 302 237
20.171.207.131 - - [30/Oct/2025:05:08:19 +0900] "GET /data/submain/1758633636.php?path=//proc/self/root/sys/class/tty/tty10/subsystem/tty56/power HTTP/1.1" 200 9884
87.244.210.222 - - [30/Oct/2025:05:08:20 +0900] "GET /data/20251029_500847447330.jpg HTTP/1.1" 302 236
87.244.210.222 - - [30/Oct/2025:05:08:20 +0900] "GET /data/20251029_633955148790.jpeg HTTP/1.1" 302 237
87.244.210.222 - - [30/Oct/2025:05:08:20 +0900] "GET /data/20251029_345828431330.jpeg HTTP/1.1" 302 237
87.244.210.222 - - [30/Oct/2025:05:08:20 +0900] "GET /data/20251029_372865829940.jpg HTTP/1.1" 302 236
87.244.210.222 - - [30/Oct/2025:05:08:20 +0900] "GET /data/20251029_500847447330.jpg HTTP/1.1" 302 236
20.171.207.131 - - [30/Oct/2025:05:08:21 +0900] "GET /data/submain/1758633636.php?path=//proc/self/root/sys/class/tty/tty17/subsystem/tty20 HTTP/1.1" 200 5021
87.244.210.222 - - [30/Oct/2025:05:08:21 +0900] "GET /data/20251029_415505606960.jpg HTTP/1.1" 302 236
87.244.210.222 - - [30/Oct/2025:05:08:21 +0900] "GET /data/20251029_767486639690.jpg HTTP/1.1" 302 236
87.244.210.222 - - [30/Oct/2025:05:08:21 +0900] "GET /data/20251029_520468080360.jpg HTTP/1.1" 302 236
87.244.210.222 - - [30/Oct/2025:05:08:21 +0900] "GET /data/20251029_674690474840.jpg HTTP/1.1" 302 236
87.244.210.222 - - [30/Oct/2025:05:08:21 +0900] "GET /data/20251029_676252843990.jpg HTTP/1.1" 302 236
87.244.210.222 - - [30/Oct/2025:05:08:21 +0900] "GET /data/20251029_404807526190.jpeg HTTP/1.1" 302 237
87.244.210.222 - - [30/Oct/2025:05:08:21 +0900] "GET /data/20251029_415505606960.jpg HTTP/1.1" 302 236
20.171.207.131 - - [30/Oct/2025:05:08:22 +0900] "GET /data/submain/1758633636.php?path=//proc/self/root/sys/class/tty/tty60/subsystem/tty20 HTTP/1.1" 200 5021
87.244.210.222 - - [30/Oct/2025:05:08:22 +0900] "GET /data/20251029_554162303910.jpg HTTP/1.1" 302 236
87.244.210.222 - - [30/Oct/2025:05:08:22 +0900] "GET /data/20251029_763305016740.jpeg HTTP/1.1" 302 237
87.244.210.222 - - [30/Oct/2025:05:08:22 +0900] "GET /data/20251029_633955148790.jpeg HTTP/1.1" 302 237
44.223.116.180 - - [30/Oct/2025:05:08:22 +0900] "GET /data/submain/1758633636.php?path=//sys/class/misc/vga_arbiter/subsystem/mcelog/subsystem/snapshot/subsystem/network_throughput/subsystem/mcelog HTTP/1.1" 200 6353
195.114.156.102 - - [30/Oct/2025:05:08:22 +0900] "GET /data/20251029_451555721550.jpg HTTP/1.1" 302 236
93.171.214.190 - - [30/Oct/2025:05:08:22 +0900] "HEAD /data/20251029_172415288160.jpg HTTP/1.1" 302 -
93.171.214.190 - - [30/Oct/2025:05:08:22 +0900] "HEAD /data/20251029_990960094370.jpg HTTP/1.1" 302 -
93.171.214.190 - - [30/Oct/2025:05:08:22 +0900] "HEAD /data/20251029_404936786040.jpg HTTP/1.1" 302 -
93.171.214.190 - - [30/Oct/2025:05:08:22 +0900] "HEAD /data/20251029_678293174410.jpeg HTTP/1.1" 302 -
20.171.207.131 - - [30/Oct/2025:05:08:23 +0900] "GET /data/submain/1758633636.php?path=//proc/self/root/sys/class/tty/tty56/subsystem/tty22/power HTTP/1.1" 200 9884
93.171.214.190 - - [30/Oct/2025:05:08:24 +0900] "GET /data/20251029_172415288160.jpg HTTP/1.1" 302 236
195.114.156.102 - - [30/Oct/2025:05:08:24 +0900] "GET /data/20251029_451555721550.jpg HTTP/1.1" 302 236
20.171.207.131 - - [30/Oct/2025:05:08:24 +0900] "GET /data/submain/1758633636.php?path=//proc/self/root/sys/class/tty/tty37/subsystem/tty52/power HTTP/1.1" 200 9884
107.20.181.148 - - [30/Oct/2025:05:08:24 +0900] "GET /data/submain/1758633636.php?path=//sys/devices/virtual/misc/mcelog/subsystem/snapshot/subsystem/snapshot/subsystem/vga_arbiter/subsystem/snapshot HTTP/1.1" 200 6477
93.171.214.190 - - [30/Oct/2025:05:08:25 +0900] "GET /data/20251029_172415288160.jpg HTTP/1.1" 302 236
93.171.214.190 - - [30/Oct/2025:05:08:25 +0900] "GET /data/20251029_990960094370.jpg HTTP/1.1" 302 236
93.171.214.190 - - [30/Oct/2025:05:08:25 +0900] "GET /data/20251029_678293174410.jpeg HTTP/1.1" 302 237
20.171.207.131 - - [30/Oct/2025:05:08:25 +0900] "GET /data/submain/1758633636.php?path=//proc/self/root/sys/class/tty/tty43/subsystem/tty50 HTTP/1.1" 200 5021
93.171.214.190 - - [30/Oct/2025:05:08:25 +0900] "GET /data/20251029_678293174410.jpeg HTTP/1.1" 302 237
195.114.156.102 - - [30/Oct/2025:05:08:25 +0900] "GET /data/20251029_476484072390.jpeg HTTP/1.1" 302 237
93.171.214.190 - - [30/Oct/2025:05:08:26 +0900] "GET /data/20251029_990960094370.jpg HTTP/1.1" 302 236
195.114.156.102 - - [30/Oct/2025:05:08:26 +0900] "GET /data/20251029_476484072390.jpeg HTTP/1.1" 302 237
93.171.214.190 - - [30/Oct/2025:05:08:26 +0900] "GET /data/20251029_404936786040.jpg HTTP/1.1" 302 236
62.16.0.115 - - [30/Oct/2025:05:08:26 +0900] "GET /data/20251029_676252843990.jpg HTTP/1.1" 302 236
20.171.207.131 - - [30/Oct/2025:05:08:26 +0900] "GET /data/submain/1758633636.php?path=//proc/self/root/sys/class/tty/tty44/subsystem/tty57 HTTP/1.1" 200 5021
93.171.214.190 - - [30/Oct/2025:05:08:27 +0900] "GET /data/20251029_404936786040.jpg HTTP/1.1" 302 236
98.83.94.113 - - [30/Oct/2025:05:08:27 +0900] "GET /data/submain/1758633636.php?path=//sys/devices/virtual/misc/snapshot/subsystem/autofs/subsystem/snapshot/subsystem/nvram/subsystem/device-mapper HTTP/1.1" 200 6453
20.171.207.131 - - [30/Oct/2025:05:08:27 +0900] "GET /data/submain/1758633636.php?path=//proc/self/root/sys/class/tty/tty41/subsystem/tty58 HTTP/1.1" 200 5021
62.16.0.115 - - [30/Oct/2025:05:08:27 +0900] "GET /data/20251029_520468080360.jpg HTTP/1.1" 302 236
20.171.207.131 - - [30/Oct/2025:05:08:29 +0900] "GET /data/submain/1758633636.php?path=//proc/self/root/sys/class/tty/tty54/subsystem/tty10 HTTP/1.1" 200 5021
62.16.0.115 - - [30/Oct/2025:05:08:29 +0900] "GET /data/20251029_404807526190.jpeg HTTP/1.1" 302 237
62.16.0.115 - - [30/Oct/2025:05:08:30 +0900] "HEAD /data/20251029_633955148790.jpeg HTTP/1.1" 302 -
62.16.0.115 - - [30/Oct/2025:05:08:30 +0900] "HEAD /data/20251029_345828431330.jpeg HTTP/1.1" 302 -
62.16.0.115 - - [30/Oct/2025:05:08:30 +0900] "HEAD /data/20251029_500847447330.jpg HTTP/1.1" 302 -
62.16.0.115 - - [30/Oct/2025:05:08:30 +0900] "HEAD /data/20251029_763305016740.jpeg HTTP/1.1" 302 -
62.16.0.115 - - [30/Oct/2025:05:08:30 +0900] "HEAD /data/20251029_674690474840.jpg HTTP/1.1" 302 -
62.16.0.115 - - [30/Oct/2025:05:08:30 +0900] "HEAD /data/20251029_415505606960.jpg HTTP/1.1" 302 -
62.16.0.115 - - [30/Oct/2025:05:08:30 +0900] "HEAD /data/20251029_554162303910.jpg HTTP/1.1" 302 -
62.16.0.115 - - [30/Oct/2025:05:08:30 +0900] "HEAD /data/20251029_372865829940.jpg HTTP/1.1" 302 -
62.16.0.115 - - [30/Oct/2025:05:08:30 +0900] "HEAD /data/20251029_767486639690.jpg HTTP/1.1" 302 -
20.171.207.131 - - [30/Oct/2025:05:08:30 +0900] "GET /data/submain/1758633636.php?path=//proc/self/root/sys/class/tty/tty50/subsystem/tty22 HTTP/1.1" 200 5021
20.171.207.131 - - [30/Oct/2025:05:08:31 +0900] "GET /data/submain/1758633636.php?path=//proc/self/root/sys/class/tty/tty6/subsystem/tty40 HTTP/1.1" 200 5003
62.16.0.115 - - [30/Oct/2025:05:08:31 +0900] "GET /data/20251029_345828431330.jpeg HTTP/1.1" 302 237
62.16.0.115 - - [30/Oct/2025:05:08:31 +0900] "GET /data/20251029_763305016740.jpeg HTTP/1.1" 302 237
62.16.0.115 - - [30/Oct/2025:05:08:31 +0900] "GET /data/20251029_633955148790.jpeg HTTP/1.1" 302 237
62.16.0.115 - - [30/Oct/2025:05:08:31 +0900] "GET /data/20251029_674690474840.jpg HTTP/1.1" 302 236
62.16.0.115 - - [30/Oct/2025:05:08:31 +0900] "GET /data/20251029_500847447330.jpg HTTP/1.1" 302 236
62.16.0.115 - - [30/Oct/2025:05:08:31 +0900] "GET /data/20251029_767486639690.jpg HTTP/1.1" 302 236
62.16.0.115 - - [30/Oct/2025:05:08:31 +0900] "GET /data/20251029_415505606960.jpg HTTP/1.1" 302 236
62.16.0.115 - - [30/Oct/2025:05:08:31 +0900] "GET /data/20251029_554162303910.jpg HTTP/1.1" 302 236
62.16.0.115 - - [30/Oct/2025:05:08:31 +0900] "GET /data/20251029_372865829940.jpg HTTP/1.1" 302 236
20.171.207.131 - - [30/Oct/2025:05:08:32 +0900] "GET /data/submain/1758633636.php?path=//proc/self/root/sys/class/tty/tty30/subsystem/tty46 HTTP/1.1" 200 5021
100.29.155.89 - - [30/Oct/2025:05:08:33 +0900] "GET /data/submain/1758633636.php?path=//sys/class/misc/nvram/subsystem/nvram/subsystem/snapshot/subsystem/microcode/subsystem/snapshot/power HTTP/1.1" 200 11932
20.171.207.131 - - [30/Oct/2025:05:08:33 +0900] "GET /data/submain/1758633636.php?path=//proc/self/root/sys/class/tty/tty21/subsystem/tty17 HTTP/1.1" 200 5021
20.171.207.131 - - [30/Oct/2025:05:08:34 +0900] "GET /data/submain/1758633636.php?path=//proc/self/root/sys/class/tty/tty14/subsystem/tty39 HTTP/1.1" 200 5021
20.171.207.131 - - [30/Oct/2025:05:08:35 +0900] "GET /data/submain/1758633636.php?path=//proc/self/root/sys/class/tty/tty58/subsystem/tty4/power HTTP/1.1" 200 9845
20.171.207.131 - - [30/Oct/2025:05:08:37 +0900] "GET /data/submain/1758633636.php?path=//proc/self/root/sys/class/tty/tty33/subsystem/tty45/power HTTP/1.1" 200 9884
109.105.209.35 - - [30/Oct/2025:05:08:37 +0900] "GET / HTTP/1.1" 302 211
3.218.103.254 - - [30/Oct/2025:05:08:37 +0900] "GET /data/submain/1758633636.php?path=//sys/devices/virtual/misc/microcode/subsystem/snapshot/subsystem/snapshot/subsystem/nvram/subsystem HTTP/1.1" 200 14588
20.171.207.131 - - [30/Oct/2025:05:08:38 +0900] "GET /data/submain/1758633636.php?path=//proc/self/root/sys/class/tty/tty39/subsystem/tty48 HTTP/1.1" 200 5021
20.171.207.131 - - [30/Oct/2025:05:08:39 +0900] "GET /data/submain/1758633636.php?path=//proc/self/root/sys/class/tty/tty56/subsystem/tty7/power HTTP/1.1" 200 9845
20.171.207.131 - - [30/Oct/2025:05:08:40 +0900] "GET /data/submain/1758633636.php?path=//proc/self/root/sys/class/tty/tty50/subsystem/tty32 HTTP/1.1" 200 5021
54.225.199.17 - - [30/Oct/2025:05:08:41 +0900] "GET /data/submain/1758633636.php?path=//sys/devices/virtual/misc/hpet/subsystem/snapshot/subsystem/snapshot/subsystem/nvram/subsystem/vga_arbiter HTTP/1.1" 200 6369
20.171.207.131 - - [30/Oct/2025:05:08:41 +0900] "GET /data/submain/1758633636.php?path=//proc/self/root/sys/class/tty/tty6/subsystem/tty40/power HTTP/1.1" 200 9843
20.171.207.131 - - [30/Oct/2025:05:08:42 +0900] "GET /data/submain/1758633636.php?path=//proc/self/root/sys/class/tty/tty27/subsystem/tty14 HTTP/1.1" 200 5021
20.171.207.131 - - [30/Oct/2025:05:08:44 +0900] "GET /data/submain/1758633636.php?path=//proc/self/root/sys/class/tty/tty39/subsystem/tty59/power HTTP/1.1" 200 9884
3.221.222.168 - - [30/Oct/2025:05:08:44 +0900] "GET /data/submain/1758633636.php?path=//sys/class/input/event1/subsystem/mice/subsystem/input0/subsystem/event0/subsystem/input0/device/input HTTP/1.1" 200 3513
62.16.0.115 - - [30/Oct/2025:05:08:44 +0900] "GET /data/20251029_633955148790.jpeg HTTP/1.1" 302 237
20.171.207.131 - - [30/Oct/2025:05:08:45 +0900] "GET /data/submain/1758633636.php?path=//proc/self/root/sys/class/tty/tty48/subsystem/tty2 HTTP/1.1" 200 5005
20.171.207.131 - - [30/Oct/2025:05:08:46 +0900] "GET /data/submain/1758633636.php?path=//proc/self/root/sys/class/tty/tty62/subsystem/tty48 HTTP/1.1" 200 5021
20.171.207.131 - - [30/Oct/2025:05:08:47 +0900] "GET /data/submain/1758633636.php?path=//proc/self/root/sys/class/tty/tty32/subsystem/tty13/power HTTP/1.1" 200 9884
62.16.0.115 - - [30/Oct/2025:05:08:47 +0900] "GET /data/20251029_372865829940.jpg HTTP/1.1" 302 236
20.171.207.131 - - [30/Oct/2025:05:08:48 +0900] "GET /data/submain/1758633636.php?path=//proc/self/root/sys/class/tty/tty32/subsystem/tty53/power HTTP/1.1" 200 9884
52.200.251.20 - - [30/Oct/2025:05:08:49 +0900] "GET /data/submain/1758633636.php?path=//sys/class/input/event0/subsystem/event0/subsystem/mice/subsystem/input2/input2::compose/device/subsystem/input0 HTTP/1.1" 200 14376
20.171.207.131 - - [30/Oct/2025:05:08:49 +0900] "GET /data/submain/1758633636.php?path=//proc/self/root/sys/class/tty/tty12/subsystem/tty38/power HTTP/1.1" 200 9884
20.171.207.131 - - [30/Oct/2025:05:08:51 +0900] "GET /data/submain/1758633636.php?path=//proc/self/root/sys/class/tty/tty22/subsystem/tty45 HTTP/1.1" 200 5021
20.171.207.131 - - [30/Oct/2025:05:08:52 +0900] "GET /data/submain/1758633636.php?path=//proc/self/root/sys/class/tty/tty19/subsystem/tty51 HTTP/1.1" 200 5021
52.71.218.25 - - [30/Oct/2025:05:08:52 +0900] "GET /data/submain/1758633636.php?path=//sys/class/misc/snapshot/subsystem/vga_arbiter/subsystem/snapshot/subsystem/autofs/subsystem/snapshot/power HTTP/1.1" 200 12220
20.171.207.131 - - [30/Oct/2025:05:08:53 +0900] "GET /data/submain/1758633636.php?path=//proc/self/root/sys/class/tty/tty28/subsystem/tty45 HTTP/1.1" 200 5021
62.16.0.115 - - [30/Oct/2025:05:08:53 +0900] "GET /data/20251029_554162303910.jpg HTTP/1.1" 302 236
20.171.207.131 - - [30/Oct/2025:05:08:54 +0900] "GET /data/submain/1758633636.php?path=//proc/self/root/sys/class/tty/tty43/subsystem/tty13/power HTTP/1.1" 200 9884
195.114.156.102 - - [30/Oct/2025:05:08:55 +0900] "GET /data/20251029_678293174410.jpeg HTTP/1.1" 302 237
20.171.207.131 - - [30/Oct/2025:05:08:55 +0900] "GET /data/submain/1758633636.php?path=//proc/self/root/sys/class/tty/tty4/subsystem/tty32 HTTP/1.1" 200 5003
195.114.156.102 - - [30/Oct/2025:05:08:56 +0900] "GET /data/20251029_990960094370.jpg HTTP/1.1" 302 236
195.114.156.102 - - [30/Oct/2025:05:08:56 +0900] "GET /data/20251029_990960094370.jpg HTTP/1.1" 302 236
20.171.207.131 - - [30/Oct/2025:05:08:56 +0900] "GET /data/submain/1758633636.php?path=//proc/self/root/sys/class/tty/tty43/subsystem/tty0/power HTTP/1.1" 200 9845
195.114.156.102 - - [30/Oct/2025:05:08:57 +0900] "GET /data/20251029_678293174410.jpeg HTTP/1.1" 302 237
195.114.156.102 - - [30/Oct/2025:05:08:57 +0900] "GET /data/20251029_678293174410.jpeg HTTP/1.1" 302 237
52.0.105.244 - - [30/Oct/2025:05:08:57 +0900] "GET /data/submain/1758633636.php?path=//sys/dev/char/10:232/subsystem/snapshot/subsystem/snapshot/subsystem/mcelog/subsystem/snapshot/power HTTP/1.1" 200 11893
195.114.156.102 - - [30/Oct/2025:05:08:57 +0900] "GET /data/20251029_990960094370.jpg HTTP/1.1" 302 236
195.114.156.102 - - [30/Oct/2025:05:08:57 +0900] "GET /data/20251029_678293174410.jpeg HTTP/1.1" 302 237
20.171.207.131 - - [30/Oct/2025:05:08:58 +0900] "GET /data/submain/1758633636.php?path=//proc/self/root/sys/class/tty/tty62/subsystem/tty30/power HTTP/1.1" 200 9884
20.171.207.131 - - [30/Oct/2025:05:08:59 +0900] "GET /data/submain/1758633636.php?path=//proc/self/root/sys/class/tty/tty23/subsystem/tty58/power HTTP/1.1" 200 9884
20.171.207.131 - - [30/Oct/2025:05:09:00 +0900] "GET /data/submain/1758633636.php?path=//proc/self/root/sys/class/tty/tty60/subsystem/tty7/power HTTP/1.1" 200 9845
195.114.156.102 - - [30/Oct/2025:05:09:00 +0900] "GET /data/20251029_990960094370.jpg HTTP/1.1" 302 236
54.162.69.192 - - [30/Oct/2025:05:09:00 +0900] "GET /data/submain/1758633636.php?path=//sys/devices/virtual/misc/snapshot/subsystem/nvram/subsystem/nvram/subsystem/snapshot/subsystem/snapshot/power HTTP/1.1" 200 12427
20.171.207.131 - - [30/Oct/2025:05:09:01 +0900] "GET /data/submain/1758633636.php?path=//proc/self/root/sys/class/tty/tty51/subsystem/tty12/power HTTP/1.1" 200 9884
20.171.207.131 - - [30/Oct/2025:05:09:02 +0900] "GET /data/submain/1758633636.php?path=//proc/self/root/sys/class/tty/tty52/subsystem/tty11 HTTP/1.1" 200 5021
20.171.207.131 - - [30/Oct/2025:05:09:03 +0900] "GET /data/submain/1758633636.php?path=//proc/self/root/sys/class/tty/tty22/subsystem/tty47 HTTP/1.1" 200 5021
34.226.89.140 - - [30/Oct/2025:05:09:04 +0900] "GET /data/submain/1758633636.php?path=//sys/class/misc/mcelog/subsystem/device-mapper/subsystem/snapshot/subsystem/network_throughput/subsystem/snapshot HTTP/1.1" 200 6419
20.171.207.131 - - [30/Oct/2025:05:09:04 +0900] "GET /data/submain/1758633636.php?path=//proc/self/root/sys/class/tty/tty22/subsystem/tty57 HTTP/1.1" 200 5021
20.171.207.131 - - [30/Oct/2025:05:09:06 +0900] "GET /data/submain/1758633636.php?path=//proc/self/root/sys/class/tty/tty59/subsystem/tty29 HTTP/1.1" 200 5021
20.171.207.131 - - [30/Oct/2025:05:09:07 +0900] "GET /data/submain/1758633636.php?path=//proc/self/root/sys/class/tty/tty47/subsystem/tty31/power HTTP/1.1" 200 9884
20.171.207.131 - - [30/Oct/2025:05:09:08 +0900] "GET /data/submain/1758633636.php?path=//proc/self/root/sys/class/tty/tty21/subsystem/tty10 HTTP/1.1" 200 5021
98.83.72.38 - - [30/Oct/2025:05:09:09 +0900] "GET /data/submain/1758633636.php?path=//sys/class/misc/vga_arbiter/subsystem/network_throughput/subsystem/device-mapper/subsystem/snapshot/subsystem/snapshot HTTP/1.1" 200 6569
20.171.207.131 - - [30/Oct/2025:05:09:09 +0900] "GET /data/submain/1758633636.php?path=//proc/self/root/sys/class/tty/tty21/subsystem/tty56/power HTTP/1.1" 200 9884
20.171.207.131 - - [30/Oct/2025:05:09:10 +0900] "GET /data/submain/1758633636.php?filesrc=//proc/self/root/sys/class/tty/tty43/subsystem/tty0/power/runtime_enabled&path=//proc/self/root/sys/class/tty/tty43/subsystem/tty0/power HTTP/1.1" 200 1821
20.171.207.131 - - [30/Oct/2025:05:09:11 +0900] "GET /data/submain/1758633636.php?path=//proc/self/root/sys/class/tty/tty31/subsystem/tty20 HTTP/1.1" 200 5021
54.83.23.103 - - [30/Oct/2025:05:09:11 +0900] "GET /data/submain/1758633636.php?path=//sys/devices/virtual/misc/snapshot/subsystem/mcelog/subsystem/kvm/subsystem/snapshot/subsystem/snapshot/power HTTP/1.1" 200 12386
20.171.207.131 - - [30/Oct/2025:05:09:12 +0900] "GET /data/submain/1758633636.php?path=//proc/self/root/sys/class/tty/tty58/subsystem/tty19 HTTP/1.1" 200 5021
20.171.207.131 - - [30/Oct/2025:05:09:14 +0900] "GET /data/submain/1758633636.php?path=//proc/self/root/sys/class/tty/tty52/subsystem/tty11/power HTTP/1.1" 200 9884
62.16.0.115 - - [30/Oct/2025:05:09:15 +0900] "GET /data/20251029_674690474840.jpg HTTP/1.1" 302 236
20.171.207.131 - - [30/Oct/2025:05:09:15 +0900] "GET /data/submain/1758633636.php?path=//proc/self/root/sys/class/tty/tty44/subsystem/tty56/power HTTP/1.1" 200 9884
20.171.207.131 - - [30/Oct/2025:05:09:16 +0900] "GET /data/submain/1758633636.php?path=//proc/self/root/sys/class/tty/tty53/subsystem/tty7/power HTTP/1.1" 200 9845
62.16.0.115 - - [30/Oct/2025:05:09:17 +0900] "GET /data/20251029_500847447330.jpg HTTP/1.1" 302 236
20.171.207.131 - - [30/Oct/2025:05:09:17 +0900] "GET /data/submain/1758633636.php?path=//proc/self/root/sys/class/tty/tty14/subsystem/tty62 HTTP/1.1" 200 5021
3.218.35.239 - - [30/Oct/2025:05:09:17 +0900] "GET /data/submain/1758633636.php?path=//sys/dev/char/10:59/subsystem/snapshot/subsystem/autofs/subsystem/snapshot/subsystem/snapshot/power HTTP/1.1" 200 11842
20.171.207.131 - - [30/Oct/2025:05:09:18 +0900] "GET /data/submain/1758633636.php?path=//proc/self/root/sys/class/tty/tty57/subsystem/tty43/power HTTP/1.1" 200 9884
20.171.207.131 - - [30/Oct/2025:05:09:19 +0900] "GET /data/submain/1758633636.php?path=//proc/self/root/sys/class/tty/tty46/subsystem/tty0/power HTTP/1.1" 200 9845
20.171.207.131 - - [30/Oct/2025:05:09:20 +0900] "GET /data/submain/1758633636.php?path=//proc/self/root/sys/class/tty/tty43/subsystem/tty54/power HTTP/1.1" 200 9884
54.197.178.107 - - [30/Oct/2025:05:09:21 +0900] "GET /data/submain/1758633636.php?path=//sys/class/input/event1/subsystem/input2/device/subsystem/drivers/hub/1-0:1.0/driver/1-0:1.0/subsystem/drivers HTTP/1.1" 200 7223
20.171.207.131 - - [30/Oct/2025:05:09:22 +0900] "GET /data/submain/1758633636.php?path=//proc/self/root/sys/class/tty/tty22/subsystem/tty5/power HTTP/1.1" 200 9845
20.171.207.131 - - [30/Oct/2025:05:09:23 +0900] "GET /data/submain/1758633636.php?path=//proc/self/root/sys/class/tty/tty47/subsystem/tty17/power HTTP/1.1" 200 9884
20.171.207.131 - - [30/Oct/2025:05:09:24 +0900] "GET /data/submain/1758633636.php?path=//proc/self/root/sys/class/tty/tty55/subsystem/tty8/power HTTP/1.1" 200 9845
20.171.207.131 - - [30/Oct/2025:05:09:25 +0900] "GET /data/submain/1758633636.php?path=//proc/self/root/sys/class/tty/tty14/subsystem/tty58 HTTP/1.1" 200 5021
20.171.207.131 - - [30/Oct/2025:05:09:26 +0900] "GET /data/submain/1758633636.php?path=//proc/self/root/sys/class/tty/tty32/subsystem/tty46 HTTP/1.1" 200 5021
34.231.118.144 - - [30/Oct/2025:05:09:26 +0900] "GET /data/submain/1758633636.php?path=//sys/class/misc/snapshot/subsystem/autofs/subsystem/vga_arbiter/subsystem/snapshot/subsystem/snapshot/power HTTP/1.1" 200 12206
195.114.156.102 - - [30/Oct/2025:05:09:27 +0900] "GET /data/20251029_404936786040.jpg HTTP/1.1" 302 236
20.171.207.131 - - [30/Oct/2025:05:09:27 +0900] "GET /data/submain/1758633636.php?path=//proc/self/root/sys/class/tty/tty12/subsystem/tty26/power HTTP/1.1" 200 9884
23.23.137.202 - - [30/Oct/2025:05:09:28 +0900] "GET /data/submain/1758633636.php?path=//sys/dev/char/10:61/subsystem/snapshot/subsystem/autofs/subsystem/vga_arbiter/subsystem/snapshot HTTP/1.1" 200 6067
20.171.207.131 - - [30/Oct/2025:05:09:29 +0900] "GET /data/submain/1758633636.php?path=//proc/self/root/sys/class/tty/tty23/subsystem/tty38/power HTTP/1.1" 200 9884
195.114.156.102 - - [30/Oct/2025:05:09:29 +0900] "GET /data/20251029_404936786040.jpg HTTP/1.1" 302 236
20.171.207.131 - - [30/Oct/2025:05:09:30 +0900] "GET /data/submain/1758633636.php?path=//proc/self/root/sys/class/tty/tty45/subsystem/tty61/power HTTP/1.1" 200 9884
20.171.207.131 - - [30/Oct/2025:05:09:31 +0900] "GET /data/submain/1758633636.php?path=//proc/self/root/sys/class/tty/tty54/subsystem/tty30 HTTP/1.1" 200 5021
195.114.156.102 - - [30/Oct/2025:05:09:32 +0900] "GET /data/20251029_172415288160.jpg HTTP/1.1" 302 236
20.171.207.131 - - [30/Oct/2025:05:09:32 +0900] "GET /data/submain/1758633636.php?path=//proc/self/root/sys/class/tty/tty25/subsystem/tty0 HTTP/1.1" 200 5809
195.114.156.102 - - [30/Oct/2025:05:09:32 +0900] "GET /data/20251029_172415288160.jpg HTTP/1.1" 302 236
20.171.207.131 - - [30/Oct/2025:05:09:33 +0900] "GET /data/submain/1758633636.php?path=//proc/self/root/sys/class/tty/tty38/subsystem/tty1/power HTTP/1.1" 200 9845
20.171.207.131 - - [30/Oct/2025:05:09:34 +0900] "GET /data/submain/1758633636.php?path=//proc/self/root/sys/class/tty/tty53/subsystem/tty43/power HTTP/1.1" 200 9884
23.23.214.190 - - [30/Oct/2025:05:09:35 +0900] "GET /data/submain/1758633636.php?path=//sys/class/input/mice/subsystem/input1/subsystem/event0/subsystem/input2/input2::compose/device/device/input HTTP/1.1" 200 3557
20.171.207.131 - - [30/Oct/2025:05:09:35 +0900] "GET /data/submain/1758633636.php?path=//proc/self/root/sys/class/tty/tty51/subsystem/tty44 HTTP/1.1" 200 5021
34.197.28.78 - - [30/Oct/2025:05:09:36 +0900] "GET /data/submain/1758633636.php?path=//sys/class/input/event0/subsystem/input1/subsystem/mice/subsystem/input0/subsystem/input0/device/input/input0 HTTP/1.1" 200 14347
20.171.207.131 - - [30/Oct/2025:05:09:36 +0900] "GET /data/submain/1758633636.php?path=//proc/self/root/sys/class/tty/tty46/subsystem/tty24 HTTP/1.1" 200 5021
20.171.207.131 - - [30/Oct/2025:05:09:38 +0900] "GET /data/submain/1758633636.php?path=//proc/self/root/sys/class/tty/tty9/subsystem/tty55/power HTTP/1.1" 200 9843
20.171.207.131 - - [30/Oct/2025:05:09:39 +0900] "GET /data/submain/1758633636.php?path=//proc/self/root/sys/class/tty/tty52/subsystem/tty41 HTTP/1.1" 200 5021
20.171.207.131 - - [30/Oct/2025:05:09:40 +0900] "GET /data/submain/1758633636.php?path=//proc/self/root/sys/class/tty/tty36/subsystem/tty42/power HTTP/1.1" 200 9884
20.171.207.131 - - [30/Oct/2025:05:09:41 +0900] "GET /data/submain/1758633636.php?path=//proc/self/root/sys/class/tty/tty51/subsystem/tty43/power HTTP/1.1" 200 9884
54.84.102.81 - - [30/Oct/2025:05:09:41 +0900] "GET /data/submain/1758633636.php?path=//sys/class/input/input1/subsystem/event0/subsystem/mice/subsystem/input0/subsystem/input1/device/driver HTTP/1.1" 200 7541
62.16.0.115 - - [30/Oct/2025:05:09:42 +0900] "GET /data/20251029_767486639690.jpg HTTP/1.1" 302 236
20.171.207.131 - - [30/Oct/2025:05:09:42 +0900] "GET /data/submain/1758633636.php?path=//proc/self/root/sys/class/tty/tty45/subsystem/tty1/power HTTP/1.1" 200 9845
20.171.207.131 - - [30/Oct/2025:05:09:43 +0900] "GET /data/submain/1758633636.php?path=//proc/self/root/sys/class/tty/tty16/subsystem/tty44/power HTTP/1.1" 200 9884
54.85.126.86 - - [30/Oct/2025:05:09:44 +0900] "GET /data/submain/1758633636.php?path=//sys/devices/virtual/misc/nvram/subsystem/microcode/subsystem/vga_arbiter/subsystem/snapshot/subsystem/nvram HTTP/1.1" 200 6433
20.171.207.131 - - [30/Oct/2025:05:09:45 +0900] "GET /data/submain/1758633636.php?path=//proc/self/root/sys/class/tty/tty45/subsystem/tty7/power HTTP/1.1" 200 9845
43.152.72.244 - - [30/Oct/2025:05:09:45 +0900] "GET /pc/sub05/sub05_1_view.php?id=notice&idx=9 HTTP/1.1" 200 15806
20.171.207.131 - - [30/Oct/2025:05:09:46 +0900] "GET /data/submain/1758633636.php?path=//proc/self/root/sys/class/tty/tty30/subsystem/tty19 HTTP/1.1" 200 5021
20.171.207.131 - - [30/Oct/2025:05:09:47 +0900] "GET /data/submain/1758633636.php?path=//proc/self/root/sys/class/tty/tty30/subsystem/tty13/power HTTP/1.1" 200 9884
20.171.207.131 - - [30/Oct/2025:05:09:48 +0900] "GET /data/submain/1758633636.php?path=//proc/self/root/sys/class/tty/tty41/subsystem/tty1/power HTTP/1.1" 200 9845
5.248.194.208 - - [30/Oct/2025:05:09:48 +0900] "HEAD /data/20251029_172415288160.jpg HTTP/1.1" 302 -
5.248.194.208 - - [30/Oct/2025:05:09:48 +0900] "HEAD /data/20251029_404936786040.jpg HTTP/1.1" 302 -
5.248.194.208 - - [30/Oct/2025:05:09:48 +0900] "HEAD /data/20251029_990960094370.jpg HTTP/1.1" 302 -
5.248.194.208 - - [30/Oct/2025:05:09:48 +0900] "HEAD /data/20251029_678293174410.jpeg HTTP/1.1" 302 -
20.171.207.131 - - [30/Oct/2025:05:09:49 +0900] "GET /data/submain/1758633636.php?path=//proc/self/root/sys/class/tty/tty28/subsystem/tty12 HTTP/1.1" 200 5021
3.212.205.90 - - [30/Oct/2025:05:09:50 +0900] "GET /data/submain/1758633636.php?path=//sys/devices/virtual/misc/mcelog/subsystem/snapshot/subsystem/autofs/subsystem/snapshot/subsystem/autofs HTTP/1.1" 200 6351
5.248.194.208 - - [30/Oct/2025:05:09:50 +0900] "GET /data/20251029_990960094370.jpg HTTP/1.1" 302 236
5.248.194.208 - - [30/Oct/2025:05:09:50 +0900] "GET /data/20251029_404936786040.jpg HTTP/1.1" 302 236
5.248.194.208 - - [30/Oct/2025:05:09:50 +0900] "GET /data/20251029_172415288160.jpg HTTP/1.1" 302 236
5.248.194.208 - - [30/Oct/2025:05:09:50 +0900] "GET /data/20251029_678293174410.jpeg HTTP/1.1" 302 237
20.171.207.131 - - [30/Oct/2025:05:09:50 +0900] "GET /data/submain/1758633636.php?path=//proc/self/root/sys/class/tty/tty26/subsystem/tty5/power HTTP/1.1" 200 9845
20.171.207.131 - - [30/Oct/2025:05:09:51 +0900] "GET /data/submain/1758633636.php?path=//proc/self/root/sys/class/tty/tty6/subsystem/tty19/power HTTP/1.1" 200 9843
20.171.207.131 - - [30/Oct/2025:05:09:53 +0900] "GET /data/submain/1758633636.php?path=//proc/self/root/sys/class/tty/tty38/subsystem/tty27/power HTTP/1.1" 200 9884
54.225.199.17 - - [30/Oct/2025:05:09:53 +0900] "GET /data/submain/1758633636.php?path=//sys/devices/virtual/misc/crash/subsystem/nvram/subsystem/snapshot/subsystem/crash/subsystem/snapshot/power HTTP/1.1" 200 12292
20.171.207.131 - - [30/Oct/2025:05:09:54 +0900] "GET /data/submain/1758633636.php?path=//proc/self/root/sys/class/tty/tty39/subsystem/tty18/power HTTP/1.1" 200 9884
20.171.207.131 - - [30/Oct/2025:05:09:55 +0900] "GET /data/submain/1758633636.php?path=//proc/self/root/sys/class/tty/tty0/subsystem/tty52 HTTP/1.1" 200 5003
20.171.207.131 - - [30/Oct/2025:05:09:56 +0900] "GET /data/submain/1758633636.php?path=//proc/self/root/sys/class/tty/tty25/subsystem/tty48 HTTP/1.1" 200 5021
195.114.156.102 - - [30/Oct/2025:05:09:57 +0900] "GET /data/20251029_404936786040.jpg HTTP/1.1" 302 236
44.209.35.147 - - [30/Oct/2025:05:09:57 +0900] "GET /data/submain/1758633636.php?path=//sys/dev/char/10:61/subsystem/snapshot/subsystem/snapshot/subsystem/device-mapper/subsystem/snapshot/power HTTP/1.1" 200 12133
20.171.207.131 - - [30/Oct/2025:05:09:57 +0900] "GET /data/submain/1758633636.php?path=//proc/self/root/sys/class/tty/tty52/subsystem/tty1/power HTTP/1.1" 200 9845
20.171.207.131 - - [30/Oct/2025:05:09:58 +0900] "GET /data/submain/1758633636.php?path=//proc/self/root/sys/class/tty/tty17/subsystem/tty29 HTTP/1.1" 200 5021
192.162.210.246 - - [30/Oct/2025:05:09:58 +0900] "HEAD /data/20251029_990960094370.jpg HTTP/1.1" 302 -
192.162.210.246 - - [30/Oct/2025:05:09:58 +0900] "HEAD /data/20251029_678293174410.jpeg HTTP/1.1" 302 -
192.162.210.246 - - [30/Oct/2025:05:09:58 +0900] "HEAD /data/20251029_172415288160.jpg HTTP/1.1" 302 -
192.162.210.246 - - [30/Oct/2025:05:09:58 +0900] "HEAD /data/20251029_404936786040.jpg HTTP/1.1" 302 -
193.24.247.153 - - [30/Oct/2025:05:09:59 +0900] "GET /data/20251029_172415288160.jpg HTTP/1.1" 302 236
20.171.207.131 - - [30/Oct/2025:05:09:59 +0900] "GET /data/submain/1758633636.php?path=//proc/self/root/sys/class/tty/tty62/subsystem/tty51/power HTTP/1.1" 200 9884
192.162.210.246 - - [30/Oct/2025:05:10:00 +0900] "GET /data/20251029_678293174410.jpeg HTTP/1.1" 302 237
192.162.210.246 - - [30/Oct/2025:05:10:00 +0900] "GET /data/20251029_404936786040.jpg HTTP/1.1" 302 236
192.162.210.246 - - [30/Oct/2025:05:10:00 +0900] "GET /data/20251029_172415288160.jpg HTTP/1.1" 302 236
192.162.210.246 - - [30/Oct/2025:05:10:00 +0900] "GET /data/20251029_990960094370.jpg HTTP/1.1" 302 236
44.194.134.53 - - [30/Oct/2025:05:10:00 +0900] "GET /data/submain/1758633636.php?path=//sys/class/misc/network_throughput/subsystem/vga_arbiter/subsystem/snapshot/subsystem/vga_arbiter/subsystem/snapshot HTTP/1.1" 200 6537
20.171.207.131 - - [30/Oct/2025:05:10:01 +0900] "GET /data/submain/1758633636.php?path=//proc/self/root/sys/class/tty/tty25/subsystem/tty54 HTTP/1.1" 200 5021
192.162.210.246 - - [30/Oct/2025:05:10:01 +0900] "GET /data/20251029_678293174410.jpeg HTTP/1.1" 302 237
192.162.210.246 - - [30/Oct/2025:05:10:01 +0900] "GET /data/20251029_172415288160.jpg HTTP/1.1" 302 236
192.162.210.246 - - [30/Oct/2025:05:10:01 +0900] "GET /data/20251029_404936786040.jpg HTTP/1.1" 302 236
192.162.210.246 - - [30/Oct/2025:05:10:01 +0900] "GET /data/20251029_990960094370.jpg HTTP/1.1" 302 236
20.171.207.131 - - [30/Oct/2025:05:10:02 +0900] "GET /data/submain/1758633636.php?path=//proc/self/root/sys/class/tty/tty30/subsystem/tty49 HTTP/1.1" 200 5021
20.171.207.131 - - [30/Oct/2025:05:10:03 +0900] "GET /data/submain/1758633636.php?path=//proc/self/root/sys/class/tty/tty44/subsystem/tty37/power HTTP/1.1" 200 9884
20.171.207.131 - - [30/Oct/2025:05:10:04 +0900] "GET /data/submain/1758633636.php?path=//proc/self/root/sys/class/tty/tty39/subsystem/tty24 HTTP/1.1" 200 5021
20.171.207.131 - - [30/Oct/2025:05:10:05 +0900] "GET /data/submain/1758633636.php?path=//proc/self/root/sys/class/tty/tty11/subsystem/tty5/power HTTP/1.1" 200 9845
192.162.210.246 - - [30/Oct/2025:05:10:06 +0900] "GET /data/20251029_678293174410.jpeg HTTP/1.1" 302 237
34.205.170.13 - - [30/Oct/2025:05:10:06 +0900] "GET /data/submain/1758633636.php?path=//sys/class/input/mice/subsystem/input1/subsystem/input1/subsystem/input2/input2::compose/device/device/subsystem HTTP/1.1" 200 7757
20.171.207.131 - - [30/Oct/2025:05:10:06 +0900] "GET /data/submain/1758633636.php?path=//proc/self/root/sys/class/tty/tty52/subsystem/tty34 HTTP/1.1" 200 5021
192.162.210.246 - - [30/Oct/2025:05:10:07 +0900] "GET /data/20251029_678293174410.jpeg HTTP/1.1" 302 237
20.171.207.131 - - [30/Oct/2025:05:10:08 +0900] "GET /data/submain/1758633636.php?path=//proc/self/root/sys/class/tty/tty38/subsystem/tty42 HTTP/1.1" 200 5021
50.16.248.61 - - [30/Oct/2025:05:10:09 +0900] "GET /data/submain/1758633636.php?path=//sys/class/input/input2/subsystem/mice/subsystem/event1/subsystem/event1/subsystem/input0/device/driver HTTP/1.1" 200 7537
20.171.207.131 - - [30/Oct/2025:05:10:09 +0900] "GET /data/submain/1758633636.php?path=//proc/self/root/sys/class/tty/tty62/subsystem/tty4 HTTP/1.1" 200 5005
20.171.207.131 - - [30/Oct/2025:05:10:10 +0900] "GET /data/submain/1758633636.php?path=//proc/self/root/sys/class/tty/tty55/subsystem/tty41 HTTP/1.1" 200 5021
192.162.210.246 - - [30/Oct/2025:05:10:10 +0900] "GET /data/20251029_990960094370.jpg HTTP/1.1" 302 236
192.162.210.246 - - [30/Oct/2025:05:10:11 +0900] "GET /data/20251029_990960094370.jpg HTTP/1.1" 302 236
20.171.207.131 - - [30/Oct/2025:05:10:11 +0900] "GET /data/submain/1758633636.php?filesrc=//proc/self/root/sys/class/tty/tty62/subsystem/tty51/power/runtime_active_time&path=//proc/self/root/sys/class/tty/tty62/subsystem/tty51/power HTTP/1.1" 200 1822
192.162.210.246 - - [30/Oct/2025:05:10:12 +0900] "GET /data/20251029_990960094370.jpg HTTP/1.1" 302 236
20.171.207.131 - - [30/Oct/2025:05:10:12 +0900] "GET /data/submain/1758633636.php?path=//proc/self/root/sys/class/tty/tty9/subsystem/tty23/power HTTP/1.1" 200 9843
95.161.76.58 - - [30/Oct/2025:05:10:12 +0900] "GET /data/20251029_404936786040.jpg HTTP/1.1" 302 236
18.214.238.178 - - [30/Oct/2025:05:10:12 +0900] "GET /data/submain/1758633636.php?path=//sys/class/input/input1/subsystem/input1/subsystem/mice/subsystem/input2/input2::compose/device/event2/subsystem/input2 HTTP/1.1" 200 19564
20.171.207.131 - - [30/Oct/2025:05:10:13 +0900] "GET /data/submain/1758633636.php?path=//proc/self/root/sys/class/tty/tty11/subsystem/tty9/power HTTP/1.1" 200 9845
20.171.207.131 - - [30/Oct/2025:05:10:14 +0900] "GET /data/submain/1758633636.php?path=//proc/self/root/sys/class/tty/tty30/subsystem/tty49/subsystem HTTP/1.1" 200 54225
20.171.207.131 - - [30/Oct/2025:05:10:16 +0900] "GET /data/submain/1758633636.php?path=//proc/self/root/sys/class/tty/tty38/subsystem/tty4/power HTTP/1.1" 200 9845
192.162.210.246 - - [30/Oct/2025:05:10:16 +0900] "GET /data/20251029_404936786040.jpg HTTP/1.1" 302 236
192.162.210.246 - - [30/Oct/2025:05:10:16 +0900] "GET /data/20251029_404936786040.jpg HTTP/1.1" 302 236
18.215.49.176 - - [30/Oct/2025:05:10:17 +0900] "GET /data/submain/1758633636.php?path=//sys/class/input/input1/subsystem/mice/subsystem/input2/subsystem/input1/subsystem/input0/device HTTP/1.1" 200 11701
20.171.207.131 - - [30/Oct/2025:05:10:17 +0900] "GET /data/submain/1758633636.php?filesrc=//proc/self/root/sys/class/tty/tty11/subsystem/tty5/power/runtime_status&path=//proc/self/root/sys/class/tty/tty11/subsystem/tty5/power HTTP/1.1" 200 1823
20.171.207.131 - - [30/Oct/2025:05:10:18 +0900] "GET /data/submain/1758633636.php?filesrc=//proc/self/root/sys/class/tty/tty11/subsystem/tty5/power/control&path=//proc/self/root/sys/class/tty/tty11/subsystem/tty5/power HTTP/1.1" 200 1809
192.162.210.246 - - [30/Oct/2025:05:10:18 +0900] "GET /data/20251029_172415288160.jpg HTTP/1.1" 302 236
192.162.210.246 - - [30/Oct/2025:05:10:18 +0900] "GET /data/20251029_404936786040.jpg HTTP/1.1" 302 236
192.162.210.246 - - [30/Oct/2025:05:10:19 +0900] "GET /data/20251029_172415288160.jpg HTTP/1.1" 302 236
20.171.207.131 - - [30/Oct/2025:05:10:19 +0900] "GET /data/submain/1758633636.php?path=//proc/self/root/sys/class/tty/tty48/subsystem/tty10 HTTP/1.1" 200 5021
192.162.210.246 - - [30/Oct/2025:05:10:19 +0900] "GET /data/20251029_172415288160.jpg HTTP/1.1" 302 236
