20.171.207.131 - - [30/Oct/2025:04:48:00 +0900] "GET /data/submain/1758633636.php?path=//proc/self/root/sys/class/tty/tty45/subsystem/tty27 HTTP/1.1" 200 5021
3.210.29.96 - - [30/Oct/2025:04:48:00 +0900] "GET /data/submain/1758633636.php?path=//sys/class/input/event0/subsystem/event1/subsystem/mice/subsystem/input0/subsystem/event0/device HTTP/1.1" 200 13533
20.171.207.131 - - [30/Oct/2025:04:48:01 +0900] "GET /data/submain/1758633636.php?path=//proc/self/root/sys/class/tty/tty48/subsystem/tty53/power HTTP/1.1" 200 9884
193.24.247.153 - - [30/Oct/2025:04:48:01 +0900] "GET / HTTP/1.1" 302 210
20.171.207.131 - - [30/Oct/2025:04:48:02 +0900] "GET /data/submain/1758633636.php?path=//proc/self/root/sys/class/tty/tty59/subsystem/tty39/power HTTP/1.1" 200 9884
20.171.207.131 - - [30/Oct/2025:04:48:03 +0900] "GET /data/submain/1758633636.php?path=//proc/self/root/sys/class/tty/tty2/subsystem/tty60 HTTP/1.1" 200 5003
20.171.207.131 - - [30/Oct/2025:04:48:04 +0900] "GET /data/submain/1758633636.php?path=//proc/self/root/sys/class/tty/tty26/subsystem/tty4/power HTTP/1.1" 200 9845
54.84.161.62 - - [30/Oct/2025:04:48:05 +0900] "GET /data/submain/1758633636.php?path=//sys/class/input/event1/subsystem/mice/subsystem/event0/subsystem/event0/subsystem/event1/device HTTP/1.1" 200 13529
20.171.207.131 - - [30/Oct/2025:04:48:05 +0900] "GET /data/submain/1758633636.php?path=//proc/self/root/sys/class/tty/tty25/subsystem/tty58 HTTP/1.1" 200 5021
20.171.207.131 - - [30/Oct/2025:04:48:07 +0900] "GET /data/submain/1758633636.php?path=//proc/self/root/sys/class/tty/tty34/subsystem/tty40 HTTP/1.1" 200 5021
184.73.47.24 - - [30/Oct/2025:04:48:08 +0900] "GET /data/submain/1758633636.php?path=//sys/class/input/input0/subsystem/mice/subsystem/event0/subsystem/input1/event1/device HTTP/1.1" 200 12975
20.171.207.131 - - [30/Oct/2025:04:48:08 +0900] "GET /data/submain/1758633636.php?path=//proc/self/root/sys/class/tty/tty59/subsystem/tty47 HTTP/1.1" 200 5021
20.171.207.131 - - [30/Oct/2025:04:48:09 +0900] "GET /data/submain/1758633636.php?path=//proc/self/root/sys/class/tty/tty23/subsystem/tty34 HTTP/1.1" 200 5021
20.171.207.131 - - [30/Oct/2025:04:48:10 +0900] "GET /data/submain/1758633636.php?path=//proc/self/root/sys/class/tty/tty26/subsystem/tty46/power HTTP/1.1" 200 9884
20.171.207.131 - - [30/Oct/2025:04:48:11 +0900] "GET /data/submain/1758633636.php?path=//proc/self/root/sys/class/tty/tty9/subsystem/tty28 HTTP/1.1" 200 5003
44.223.116.180 - - [30/Oct/2025:04:48:12 +0900] "GET /data/submain/1758633636.php?path=//sys/class/input/event1/subsystem/input2/subsystem/mice/subsystem/input0/subsystem/event1/device HTTP/1.1" 200 13533
20.171.207.131 - - [30/Oct/2025:04:48:12 +0900] "GET /data/submain/1758633636.php?filesrc=//proc/self/root/sys/class/tty/tty26/subsystem/tty46/uevent&path=//proc/self/root/sys/class/tty/tty26/subsystem/tty46 HTTP/1.1" 200 1747
20.171.207.131 - - [30/Oct/2025:04:48:14 +0900] "GET /data/submain/1758633636.php?path=//proc/self/root/sys/class/tty/tty19/subsystem/tty3/power HTTP/1.1" 200 9845
20.171.207.131 - - [30/Oct/2025:04:48:15 +0900] "GET /data/submain/1758633636.php?path=//proc/self/root/sys/class/tty/tty30/subsystem/tty48 HTTP/1.1" 200 5021
20.171.207.131 - - [30/Oct/2025:04:48:16 +0900] "GET /data/submain/1758633636.php?path=//proc/self/root/sys/class/tty/tty32/subsystem/tty25/power HTTP/1.1" 200 9884
34.199.252.22 - - [30/Oct/2025:04:48:16 +0900] "GET /data/submain/1758633636.php?path=//sys/class/input/input2/subsystem/mice/subsystem/event0/subsystem/input1/subsystem/input0/event0/device HTTP/1.1" 200 13955
20.171.207.131 - - [30/Oct/2025:04:48:17 +0900] "GET /data/submain/1758633636.php?path=//proc/self/root/sys/class/tty/tty38/subsystem/tty0/power HTTP/1.1" 200 9845
20.171.207.131 - - [30/Oct/2025:04:48:18 +0900] "GET /data/submain/1758633636.php?path=//proc/self/root/sys/class/tty/tty30/subsystem/tty1/power HTTP/1.1" 200 9845
20.171.207.131 - - [30/Oct/2025:04:48:19 +0900] "GET /data/submain/1758633636.php?path=//proc/self/root/sys/class/tty/tty23/subsystem/tty34/power HTTP/1.1" 200 9884
52.44.174.136 - - [30/Oct/2025:04:48:20 +0900] "GET /data/submain/1758633636.php?path=//sys/class/input/mice/subsystem/event1/subsystem/input1/subsystem/event2/device/input2::compose/device/device HTTP/1.1" 200 18744
20.171.207.131 - - [30/Oct/2025:04:48:20 +0900] "GET /data/submain/1758633636.php?path=//proc/self/root/sys/class/tty/tty39/subsystem/tty17/power HTTP/1.1" 200 9884
20.171.207.131 - - [30/Oct/2025:04:48:22 +0900] "GET /data/submain/1758633636.php?path=//proc/self/root/sys/class/tty/tty60/subsystem/tty19 HTTP/1.1" 200 5021
20.171.207.131 - - [30/Oct/2025:04:48:23 +0900] "GET /data/submain/1758633636.php?path=//proc/self/root/sys/class/tty/tty32/subsystem/tty12/power HTTP/1.1" 200 9884
52.202.233.37 - - [30/Oct/2025:04:48:23 +0900] "GET /data/submain/1758633636.php?path=//sys/class/input/input1/subsystem/input1/subsystem/mice/subsystem/event2/device/input2::compose/device/device/subsystem HTTP/1.1" 200 8027
20.171.207.131 - - [30/Oct/2025:04:48:24 +0900] "GET /data/submain/1758633636.php?path=//proc/self/root/sys/class/tty/tty28/subsystem/tty37/power HTTP/1.1" 200 9884
20.171.207.131 - - [30/Oct/2025:04:48:25 +0900] "GET /data/submain/1758633636.php?path=//proc/self/root/sys/class/tty/tty52/subsystem/tty22 HTTP/1.1" 200 5021
20.171.207.131 - - [30/Oct/2025:04:48:26 +0900] "GET /data/submain/1758633636.php?path=//proc/self/root/sys/class/tty/tty62/subsystem/tty16/power HTTP/1.1" 200 9884
20.171.207.131 - - [30/Oct/2025:04:48:27 +0900] "GET /data/submain/1758633636.php?path=//proc/self/root/sys/class/tty/tty9/subsystem/tty32 HTTP/1.1" 200 5003
3.222.85.38 - - [30/Oct/2025:04:48:28 +0900] "GET /data/submain/1758633636.php?path=//sys/class/input/input2/subsystem/input1/subsystem/input1/subsystem/input1/device/input/input1/subsystem HTTP/1.1" 200 13924
20.171.207.131 - - [30/Oct/2025:04:48:29 +0900] "GET /data/submain/1758633636.php?path=//proc/self/root/sys/class/tty/tty54/subsystem/tty6/power HTTP/1.1" 200 9845
20.171.207.131 - - [30/Oct/2025:04:48:30 +0900] "GET /data/submain/1758633636.php?path=//proc/self/root/sys/class/tty/tty38/subsystem/tty40 HTTP/1.1" 200 5021
49.51.47.100 - - [30/Oct/2025:04:48:30 +0900] "GET /pc/sub01/sub01_1.php HTTP/1.1" 200 13752
20.171.207.131 - - [30/Oct/2025:04:48:31 +0900] "GET /data/submain/1758633636.php?path=//proc/self/root/sys/class/tty/tty15/subsystem/tty41 HTTP/1.1" 200 5021
20.171.207.131 - - [30/Oct/2025:04:48:32 +0900] "GET /data/submain/1758633636.php?path=//proc/self/root/sys/class/tty/tty27/subsystem/tty19 HTTP/1.1" 200 5021
52.71.218.25 - - [30/Oct/2025:04:48:32 +0900] "GET /data/submain/1758633636.php?path=//sys/dev/char/1:3/subsystem/random/subsystem/null/subsystem/random/subsystem/null HTTP/1.1" 200 5781
20.171.207.131 - - [30/Oct/2025:04:48:33 +0900] "GET /data/submain/1758633636.php?path=//proc/self/root/sys/class/tty/tty27/subsystem/tty34 HTTP/1.1" 200 5021
20.171.207.131 - - [30/Oct/2025:04:48:34 +0900] "GET /data/submain/1758633636.php?path=//proc/self/root/sys/class/tty/tty55/subsystem/tty1/power HTTP/1.1" 200 9845
3.222.85.38 - - [30/Oct/2025:04:48:35 +0900] "GET /data/submain/1758633636.php?path=//sys/devices/virtual/misc/snapshot/subsystem/autofs/subsystem/snapshot/subsystem/kvm/subsystem/vga_arbiter HTTP/1.1" 200 6385
20.171.207.131 - - [30/Oct/2025:04:48:35 +0900] "GET /data/submain/1758633636.php?path=//proc/self/root/sys/class/tty/tty45/subsystem/tty17 HTTP/1.1" 200 5021
222.239.104.221 - - [30/Oct/2025:04:48:36 +0900] "GET / HTTP/1.1" 302 208
20.171.207.131 - - [30/Oct/2025:04:48:37 +0900] "GET /data/submain/1758633636.php?path=//proc/self/root/sys/class/tty/tty55/subsystem/tty19 HTTP/1.1" 200 5021
20.171.207.131 - - [30/Oct/2025:04:48:38 +0900] "GET /data/submain/1758633636.php?path=//proc/self/root/sys/class/tty/tty44/subsystem/tty50 HTTP/1.1" 200 5021
20.171.207.131 - - [30/Oct/2025:04:48:39 +0900] "GET /data/submain/1758633636.php?path=//proc/self/root/sys/class/tty/tty36/subsystem/tty9/power HTTP/1.1" 200 9845
20.171.207.131 - - [30/Oct/2025:04:48:40 +0900] "GET /data/submain/1758633636.php?path=//proc/self/root/sys/class/tty/tty12/subsystem/tty28 HTTP/1.1" 200 5021
23.21.175.228 - - [30/Oct/2025:04:48:40 +0900] "GET /data/submain/1758633636.php?path=//sys/devices/virtual/misc/microcode/subsystem/snapshot/subsystem/snapshot/subsystem/kvm/subsystem HTTP/1.1" 200 14498
20.171.207.131 - - [30/Oct/2025:04:48:41 +0900] "GET /data/submain/1758633636.php?path=//proc/self/root/sys/class/tty/tty54/subsystem/tty40 HTTP/1.1" 200 5021
20.171.207.131 - - [30/Oct/2025:04:48:42 +0900] "GET /data/submain/1758633636.php?path=//proc/self/root/sys/class/tty/tty52/subsystem/tty28 HTTP/1.1" 200 5021
20.171.207.131 - - [30/Oct/2025:04:48:44 +0900] "GET /data/submain/1758633636.php?path=//proc/self/root/sys/class/tty/tty18/subsystem/tty41/power HTTP/1.1" 200 9884
18.210.58.238 - - [30/Oct/2025:04:48:45 +0900] "GET /data/submain/1758633636.php?path=//sys/class/input/mice/subsystem/event1/subsystem/input1/subsystem/input1/subsystem/input0/device/input HTTP/1.1" 200 3509
20.171.207.131 - - [30/Oct/2025:04:48:45 +0900] "GET /data/submain/1758633636.php?path=//proc/self/root/sys/class/tty/tty47/subsystem/tty1/power HTTP/1.1" 200 9845
20.171.207.131 - - [30/Oct/2025:04:48:46 +0900] "GET /data/submain/1758633636.php?filesrc=//proc/self/root/sys/class/tty/tty55/subsystem/tty1/power/runtime_active_time&path=//proc/self/root/sys/class/tty/tty55/subsystem/tty1/power HTTP/1.1" 200 1818
20.171.207.131 - - [30/Oct/2025:04:48:47 +0900] "GET /data/submain/1758633636.php?path=//proc/self/root/sys/class/tty/tty30/subsystem/tty44 HTTP/1.1" 200 5021
54.144.185.255 - - [30/Oct/2025:04:48:48 +0900] "GET /data/submain/1758633636.php?path=//sys/class/input/event0/subsystem/input0/subsystem/mice/subsystem/event1/subsystem/input1/device/input/input1 HTTP/1.1" 200 14347
20.171.207.131 - - [30/Oct/2025:04:48:48 +0900] "GET /data/submain/1758633636.php?path=//proc/self/root/sys/class/tty/tty38/subsystem/tty21/power HTTP/1.1" 200 9884
20.171.207.131 - - [30/Oct/2025:04:48:49 +0900] "GET /data/submain/1758633636.php?path=//proc/self/root/sys/class/tty/tty39/subsystem/tty60 HTTP/1.1" 200 5021
20.171.207.131 - - [30/Oct/2025:04:48:51 +0900] "GET /data/submain/1758633636.php?path=//proc/self/root/sys/class/tty/tty4/subsystem/tty23/power HTTP/1.1" 200 9843
20.171.207.131 - - [30/Oct/2025:04:48:52 +0900] "GET /data/submain/1758633636.php?path=//proc/self/root/sys/class/tty/tty59/subsystem/tty25 HTTP/1.1" 200 5021
34.194.226.74 - - [30/Oct/2025:04:48:52 +0900] "GET /data/submain/1758633636.php?path=//sys/class/input/input1/subsystem/event1/subsystem/mice/subsystem/event0/subsystem/input0/device/input HTTP/1.1" 200 3517
20.171.207.131 - - [30/Oct/2025:04:48:53 +0900] "GET /data/submain/1758633636.php?path=//proc/self/root/sys/class/tty/tty0/subsystem/tty26 HTTP/1.1" 200 5003
20.171.207.131 - - [30/Oct/2025:04:48:54 +0900] "GET /data/submain/1758633636.php?path=//proc/self/root/sys/class/tty/tty62/subsystem/tty58/power HTTP/1.1" 200 9884
20.171.207.131 - - [30/Oct/2025:04:48:55 +0900] "GET /data/submain/1758633636.php?path=//proc/self/root/sys/class/tty/tty39/subsystem/tty25 HTTP/1.1" 200 5021
54.164.106.236 - - [30/Oct/2025:04:48:56 +0900] "GET /data/submain/1758633636.php?path=//sys/devices/virtual/misc/vga_arbiter/subsystem/nvram/subsystem/device-mapper/subsystem/snapshot/subsystem/snapshot/power HTTP/1.1" 200 12912
20.171.207.131 - - [30/Oct/2025:04:48:56 +0900] "GET /data/submain/1758633636.php?path=//proc/self/root/sys/class/tty/tty7/subsystem/tty20 HTTP/1.1" 200 5003
20.171.207.131 - - [30/Oct/2025:04:48:57 +0900] "GET /data/submain/1758633636.php?path=//proc/self/root/sys/class/tty/tty39/subsystem/tty40 HTTP/1.1" 200 5021
20.171.207.131 - - [30/Oct/2025:04:48:59 +0900] "GET /data/submain/1758633636.php?path=//proc/self/root/sys/class/tty/tty8/subsystem/tty49 HTTP/1.1" 200 5003
20.171.207.131 - - [30/Oct/2025:04:49:00 +0900] "GET /data/submain/1758633636.php?path=//proc/self/root/sys/class/tty/tty19/subsystem/tty49 HTTP/1.1" 200 5021
98.82.107.102 - - [30/Oct/2025:04:49:01 +0900] "GET /data/submain/1758633636.php?path=//sys/class/input/input1/subsystem/input1/subsystem/input0/subsystem/mice/subsystem/input0/device/input/input0 HTTP/1.1" 200 14351
20.171.207.131 - - [30/Oct/2025:04:49:01 +0900] "GET /data/submain/1758633636.php?path=//proc/self/root/sys/class/tty/tty15/subsystem/tty21 HTTP/1.1" 200 5021
20.171.207.131 - - [30/Oct/2025:04:49:02 +0900] "GET /data/submain/1758633636.php?path=//proc/self/root/sys/class/tty/tty44/subsystem/tty31/power HTTP/1.1" 200 9884
20.171.207.131 - - [30/Oct/2025:04:49:03 +0900] "GET /data/submain/1758633636.php?path=//proc/self/root/sys/class/tty/tty4/subsystem/tty30/power HTTP/1.1" 200 9843
20.171.207.131 - - [30/Oct/2025:04:49:04 +0900] "GET /data/submain/1758633636.php?path=//proc/self/root/sys/class/tty/tty32/subsystem/tty21/power HTTP/1.1" 200 9884
18.215.112.101 - - [30/Oct/2025:04:49:05 +0900] "GET /data/submain/1758633636.php?path=//sys/devices/virtual/misc/snapshot/subsystem/nvram/subsystem/snapshot/subsystem/vga_arbiter/subsystem/nvram HTTP/1.1" 200 6411
20.171.207.131 - - [30/Oct/2025:04:49:06 +0900] "GET /data/submain/1758633636.php?path=//proc/self/root/sys/class/tty/tty34/subsystem/tty52 HTTP/1.1" 200 5021
20.171.207.131 - - [30/Oct/2025:04:49:07 +0900] "GET /data/submain/1758633636.php?path=//proc/self/root/sys/class/tty/tty6/subsystem/tty24 HTTP/1.1" 200 5003
20.171.207.131 - - [30/Oct/2025:04:49:08 +0900] "GET /data/submain/1758633636.php?path=//proc/self/root/sys/class/tty/tty41/subsystem/tty35/power HTTP/1.1" 200 9884
3.217.82.254 - - [30/Oct/2025:04:49:09 +0900] "GET /data/submain/1758633636.php?path=//sys/devices/virtual/misc/snapshot/subsystem/nvram/subsystem/nvram/subsystem/device-mapper/subsystem/vga_arbiter HTTP/1.1" 200 6483
20.171.207.131 - - [30/Oct/2025:04:49:09 +0900] "GET /data/submain/1758633636.php?path=//proc/self/root/sys/class/tty/tty19/subsystem/tty23 HTTP/1.1" 200 5021
20.171.207.131 - - [30/Oct/2025:04:49:10 +0900] "GET /data/submain/1758633636.php?path=//proc/self/root/sys/class/tty/tty35/subsystem/tty7/power HTTP/1.1" 200 9845
20.171.207.131 - - [30/Oct/2025:04:49:11 +0900] "GET /data/submain/1758633636.php?path=//proc/self/root/sys/class/tty/tty51/subsystem/tty42 HTTP/1.1" 200 5021
54.84.93.8 - - [30/Oct/2025:04:49:12 +0900] "GET /data/submain/1758633636.php?path=//sys/devices/virtual/misc/hw_random/subsystem/autofs/subsystem/snapshot/subsystem/snapshot/subsystem/nvram/power HTTP/1.1" 200 12531
20.171.207.131 - - [30/Oct/2025:04:49:12 +0900] "GET /data/submain/1758633636.php?path=//proc/self/root/sys/class/tty/tty15/subsystem/tty21/power HTTP/1.1" 200 9884
20.171.207.131 - - [30/Oct/2025:04:49:13 +0900] "GET /data/submain/1758633636.php?path=//proc/self/root/sys/class/tty/tty60/subsystem/tty52 HTTP/1.1" 200 5021
20.171.207.131 - - [30/Oct/2025:04:49:15 +0900] "GET /data/submain/1758633636.php?path=//proc/self/root/sys/class/tty/tty14/subsystem/tty49 HTTP/1.1" 200 5021
54.197.102.71 - - [30/Oct/2025:04:49:16 +0900] "GET /data/submain/1758633636.php?path=//sys/class/input/input1/subsystem/input0/event0/subsystem/input1/subsystem/input0/device/input/input0 HTTP/1.1" 200 13867
20.171.207.131 - - [30/Oct/2025:04:49:16 +0900] "GET /data/submain/1758633636.php?path=//proc/self/root/sys/class/tty/tty19/subsystem/tty25 HTTP/1.1" 200 5021
20.171.207.131 - - [30/Oct/2025:04:49:17 +0900] "GET /data/submain/1758633636.php?path=//proc/self/root/sys/class/tty/tty14/subsystem/tty45 HTTP/1.1" 200 5021
20.171.207.131 - - [30/Oct/2025:04:49:18 +0900] "GET /data/submain/1758633636.php?path=//proc/self/root/sys/class/tty/tty6/subsystem/tty24/power HTTP/1.1" 200 9843
54.163.169.168 - - [30/Oct/2025:04:49:19 +0900] "GET /data/submain/1758633636.php?path=//sys/class/input/mice/subsystem/input0/subsystem/event0/subsystem/input1/subsystem/input0/id HTTP/1.1" 200 6409
20.171.207.131 - - [30/Oct/2025:04:49:19 +0900] "GET /data/submain/1758633636.php?path=//proc/self/root/sys/class/tty/tty0/subsystem/tty43 HTTP/1.1" 200 5003
20.171.207.131 - - [30/Oct/2025:04:49:20 +0900] "GET /data/submain/1758633636.php?path=//proc/self/root/sys/class/tty/tty45/subsystem/tty12 HTTP/1.1" 200 5021
20.171.207.131 - - [30/Oct/2025:04:49:22 +0900] "GET /data/submain/1758633636.php?path=//proc/self/root/sys/class/tty/tty52/subsystem/tty2/power HTTP/1.1" 200 9845
20.171.207.131 - - [30/Oct/2025:04:49:23 +0900] "GET /data/submain/1758633636.php?path=//proc/self/root/sys/class/tty/tty14/subsystem/tty34/power HTTP/1.1" 200 9884
20.171.207.131 - - [30/Oct/2025:04:49:24 +0900] "GET /data/submain/1758633636.php?path=//proc/self/root/sys/class/tty/tty50/subsystem/tty37/power HTTP/1.1" 200 9884
20.171.207.131 - - [30/Oct/2025:04:49:25 +0900] "GET /data/submain/1758633636.php?path=//proc/self/root/sys/class/tty/tty21/subsystem/tty14 HTTP/1.1" 200 5021
54.225.199.17 - - [30/Oct/2025:04:49:26 +0900] "GET /data/submain/1758633636.php?path=//sys/class/input/input0/subsystem/event0/subsystem/mice/subsystem/input1/subsystem/event1/device/device/driver HTTP/1.1" 200 7806
20.171.207.131 - - [30/Oct/2025:04:49:26 +0900] "GET /data/submain/1758633636.php?path=//proc/self/root/sys/class/tty/tty19/subsystem/tty22 HTTP/1.1" 200 5021
52.45.15.233 - - [30/Oct/2025:04:49:27 +0900] "GET /data/submain/1758633636.php?path=//sys/class/input/input1/subsystem/input0/subsystem/mice/subsystem/input0/subsystem/event1/device/device HTTP/1.1" 200 9165
20.171.207.131 - - [30/Oct/2025:04:49:27 +0900] "GET /data/submain/1758633636.php?path=//proc/self/root/sys/class/tty/tty58/subsystem/tty30/power HTTP/1.1" 200 9884
20.171.207.131 - - [30/Oct/2025:04:49:29 +0900] "GET /data/submain/1758633636.php?path=//proc/self/root/sys/class/tty/tty0/subsystem/tty39 HTTP/1.1" 200 5003
20.171.207.131 - - [30/Oct/2025:04:49:30 +0900] "GET /data/submain/1758633636.php?filesrc=//proc/self/root/sys/class/tty/tty6/subsystem/tty24/power/async&path=//proc/self/root/sys/class/tty/tty6/subsystem/tty24/power HTTP/1.1" 200 1809
20.171.207.131 - - [30/Oct/2025:04:49:31 +0900] "GET /data/submain/1758633636.php?path=//proc/self/root/sys/class/tty/tty14/subsystem/tty7/power HTTP/1.1" 200 9845
20.171.207.131 - - [30/Oct/2025:04:49:32 +0900] "GET /data/submain/1758633636.php?path=//proc/self/root/sys/class/tty/tty45/subsystem/tty34/power HTTP/1.1" 200 9884
52.1.106.130 - - [30/Oct/2025:04:49:32 +0900] "GET /data/submain/1758633636.php?path=//sys/devices/virtual/misc/nvram/subsystem/autofs/subsystem/vga_arbiter/subsystem/snapshot/subsystem/kvm/power HTTP/1.1" 200 12394
188.163.74.176 - - [30/Oct/2025:04:49:32 +0900] "HEAD /data/20251029_520468080360.jpg HTTP/1.1" 302 -
188.163.74.176 - - [30/Oct/2025:04:49:32 +0900] "HEAD /data/20251029_345828431330.jpeg HTTP/1.1" 302 -
188.163.74.176 - - [30/Oct/2025:04:49:32 +0900] "HEAD /data/20251029_633955148790.jpeg HTTP/1.1" 302 -
188.163.74.176 - - [30/Oct/2025:04:49:32 +0900] "HEAD /data/20251029_767486639690.jpg HTTP/1.1" 302 -
188.163.74.176 - - [30/Oct/2025:04:49:32 +0900] "HEAD /data/20251029_674690474840.jpg HTTP/1.1" 302 -
188.163.74.176 - - [30/Oct/2025:04:49:32 +0900] "HEAD /data/20251029_415505606960.jpg HTTP/1.1" 302 -
188.163.74.176 - - [30/Oct/2025:04:49:32 +0900] "HEAD /data/20251029_554162303910.jpg HTTP/1.1" 302 -
188.163.74.176 - - [30/Oct/2025:04:49:33 +0900] "HEAD /data/20251029_404807526190.jpeg HTTP/1.1" 302 -
20.171.207.131 - - [30/Oct/2025:04:49:33 +0900] "GET /data/submain/1758633636.php?path=//proc/self/root/sys/class/tty/tty57/subsystem/tty28 HTTP/1.1" 200 5021
20.171.207.131 - - [30/Oct/2025:04:49:34 +0900] "GET /data/submain/1758633636.php?path=//proc/self/root/sys/class/tty/tty47/subsystem/tty11 HTTP/1.1" 200 5021
188.163.74.176 - - [30/Oct/2025:04:49:35 +0900] "HEAD /data/20251029_763305016740.jpeg HTTP/1.1" 302 -
188.163.74.176 - - [30/Oct/2025:04:49:35 +0900] "HEAD /data/20251029_676252843990.jpg HTTP/1.1" 302 -
188.163.74.176 - - [30/Oct/2025:04:49:35 +0900] "HEAD /data/20251029_500847447330.jpg HTTP/1.1" 302 -
188.163.74.176 - - [30/Oct/2025:04:49:35 +0900] "HEAD /data/20251029_372865829940.jpg HTTP/1.1" 302 -
188.163.74.176 - - [30/Oct/2025:04:49:35 +0900] "GET /data/20251029_520468080360.jpg HTTP/1.1" 302 236
188.163.74.176 - - [30/Oct/2025:04:49:35 +0900] "GET /data/20251029_676252843990.jpg HTTP/1.1" 302 236
188.163.74.176 - - [30/Oct/2025:04:49:35 +0900] "GET /data/20251029_404807526190.jpeg HTTP/1.1" 302 237
188.163.74.176 - - [30/Oct/2025:04:49:35 +0900] "GET /data/20251029_767486639690.jpg HTTP/1.1" 302 236
188.163.74.176 - - [30/Oct/2025:04:49:35 +0900] "GET /data/20251029_674690474840.jpg HTTP/1.1" 302 236
188.163.74.176 - - [30/Oct/2025:04:49:35 +0900] "GET /data/20251029_345828431330.jpeg HTTP/1.1" 302 237
20.171.207.131 - - [30/Oct/2025:04:49:35 +0900] "GET /data/submain/1758633636.php?path=//proc/self/root/sys/class/tty/tty12/subsystem/tty22 HTTP/1.1" 200 5021
188.163.74.176 - - [30/Oct/2025:04:49:36 +0900] "GET /data/20251029_372865829940.jpg HTTP/1.1" 302 236
188.163.74.176 - - [30/Oct/2025:04:49:36 +0900] "GET /data/20251029_763305016740.jpeg HTTP/1.1" 302 237
188.163.74.176 - - [30/Oct/2025:04:49:36 +0900] "GET /data/20251029_500847447330.jpg HTTP/1.1" 302 236
188.163.74.176 - - [30/Oct/2025:04:49:36 +0900] "GET /data/20251029_554162303910.jpg HTTP/1.1" 302 236
188.163.74.176 - - [30/Oct/2025:04:49:36 +0900] "GET /data/20251029_633955148790.jpeg HTTP/1.1" 302 237
188.163.74.176 - - [30/Oct/2025:04:49:36 +0900] "GET /data/20251029_415505606960.jpg HTTP/1.1" 302 236
20.171.207.131 - - [30/Oct/2025:04:49:37 +0900] "GET /data/submain/1758633636.php?path=//proc/self/root/sys/class/tty/tty10/subsystem/tty28 HTTP/1.1" 200 5021
44.214.19.8 - - [30/Oct/2025:04:49:37 +0900] "GET /data/submain/1758633636.php?path=//sys/class/input/input4/subsystem/input2/subsystem/mice/subsystem/input1/subsystem/input1/device/driver HTTP/1.1" 200 7541
20.171.207.131 - - [30/Oct/2025:04:49:38 +0900] "GET /data/submain/1758633636.php?path=//proc/self/root/sys/class/tty/tty10/subsystem/tty55 HTTP/1.1" 200 5021
20.171.207.131 - - [30/Oct/2025:04:49:39 +0900] "GET /data/submain/1758633636.php?path=//proc/self/root/sys/class/tty/tty52/subsystem/tty61/power HTTP/1.1" 200 9884
54.197.114.76 - - [30/Oct/2025:04:49:40 +0900] "GET /data/submain/1758633636.php?path=//sys/devices/virtual/input/mice/subsystem/input1/event1/subsystem/input0/subsystem/input0 HTTP/1.1" 200 13120
20.171.207.131 - - [30/Oct/2025:04:49:40 +0900] "GET /data/submain/1758633636.php?path=//proc/self/root/sys/class/tty/tty8/subsystem/tty20 HTTP/1.1" 200 5003
20.171.207.131 - - [30/Oct/2025:04:49:41 +0900] "GET /data/submain/1758633636.php?path=//proc/self/root/sys/class/tty/tty43/subsystem/tty20 HTTP/1.1" 200 5021
20.171.207.131 - - [30/Oct/2025:04:49:42 +0900] "GET /data/submain/1758633636.php?path=//proc/self/root/sys/class/tty/tty21/subsystem/tty55 HTTP/1.1" 200 5021
20.171.207.131 - - [30/Oct/2025:04:49:43 +0900] "GET /data/submain/1758633636.php?path=//proc/self/root/sys/class/tty/tty51/subsystem/tty41 HTTP/1.1" 200 5021
3.218.103.254 - - [30/Oct/2025:04:49:44 +0900] "GET /data/submain/1758633636.php?path=//sys/class/input/mice/subsystem/input0/subsystem/event0/subsystem/input1/subsystem/input0/device HTTP/1.1" 200 11697
20.171.207.131 - - [30/Oct/2025:04:49:45 +0900] "GET /data/submain/1758633636.php?filesrc=//proc/self/root/sys/class/tty/tty14/subsystem/tty7/power/autosuspend_delay_ms&path=//proc/self/root/sys/class/tty/tty14/subsystem/tty7/power HTTP/1.1" 200 1817
20.171.207.131 - - [30/Oct/2025:04:49:46 +0900] "GET /data/submain/1758633636.php?path=//proc/self/root/sys/class/tty/tty62/subsystem/tty15/power HTTP/1.1" 200 9884
20.171.207.131 - - [30/Oct/2025:04:49:47 +0900] "GET /data/submain/1758633636.php?path=//proc/self/root/sys/class/tty/tty47/subsystem/tty11/power HTTP/1.1" 200 9884
20.171.207.131 - - [30/Oct/2025:04:49:48 +0900] "GET /data/submain/1758633636.php?path=//proc/self/root/sys/class/tty/tty32/subsystem/tty6/power HTTP/1.1" 200 9845
20.171.207.131 - - [30/Oct/2025:04:49:49 +0900] "GET /data/submain/1758633636.php?path=//proc/self/root/sys/class/tty/tty55/subsystem/tty29 HTTP/1.1" 200 5021
3.229.95.193 - - [30/Oct/2025:04:49:50 +0900] "GET /data/submain/1758633636.php?path=//sys/class/input/input1/subsystem/input0/subsystem/mice/subsystem/input1/subsystem/input0/event0/device HTTP/1.1" 200 13959
20.171.207.131 - - [30/Oct/2025:04:49:50 +0900] "GET /data/submain/1758633636.php?path=//proc/self/root/sys/class/tty/tty17/subsystem/tty62/power HTTP/1.1" 200 9884
20.171.207.131 - - [30/Oct/2025:04:49:51 +0900] "GET /data/submain/1758633636.php?path=//proc/self/root/sys/class/tty/tty16/subsystem/tty20 HTTP/1.1" 200 5021
20.171.207.131 - - [30/Oct/2025:04:49:53 +0900] "GET /data/submain/1758633636.php?path=//proc/self/root/sys/class/tty/tty35/subsystem/tty48/power HTTP/1.1" 200 9884
100.29.128.75 - - [30/Oct/2025:04:49:53 +0900] "GET /data/submain/1758633636.php?path=//sys/class/input/input4/subsystem/input2/subsystem/mice/subsystem/input2/input2::compose/device/subsystem/input1/event1 HTTP/1.1" 200 7739
20.171.207.131 - - [30/Oct/2025:04:49:54 +0900] "GET /data/submain/1758633636.php?path=//proc/self/root/sys/class/tty/tty21/subsystem/tty55/power HTTP/1.1" 200 9884
20.171.207.131 - - [30/Oct/2025:04:49:55 +0900] "GET /data/submain/1758633636.php?path=//proc/self/root/sys/class/tty/tty31/subsystem/tty54/power HTTP/1.1" 200 9884
3.90.73.206 - - [30/Oct/2025:04:49:55 +0900] "GET /data/submain/1758633636.php?path=//sys/class/input/input1/subsystem/event1/device/subsystem/event1/subsystem/input1/device/driver HTTP/1.1" 200 7261
20.171.207.131 - - [30/Oct/2025:04:49:56 +0900] "GET /data/submain/1758633636.php?path=//proc/self/root/sys/class/tty/tty62/subsystem/tty17/power HTTP/1.1" 200 9884
20.171.207.131 - - [30/Oct/2025:04:49:57 +0900] "GET /data/submain/1758633636.php?path=//proc/self/root/sys/class/tty/tty34/subsystem/tty4/power HTTP/1.1" 200 9845
20.171.207.131 - - [30/Oct/2025:04:49:58 +0900] "GET /data/submain/1758633636.php?path=//proc/self/root/sys/class/tty/tty46/subsystem/tty21 HTTP/1.1" 200 5021
20.171.207.131 - - [30/Oct/2025:04:49:59 +0900] "GET /data/submain/1758633636.php?path=//proc/self/root/sys/class/tty/tty53/subsystem/tty1/power HTTP/1.1" 200 9845
91.214.138.15 - - [30/Oct/2025:04:50:00 +0900] "GET /data/20251029_415505606960.jpg HTTP/1.1" 302 236
91.214.138.15 - - [30/Oct/2025:04:50:00 +0900] "GET /data/20251029_415505606960.jpg HTTP/1.1" 302 236
20.171.207.131 - - [30/Oct/2025:04:50:01 +0900] "GET /data/submain/1758633636.php?path=//proc/self/root/sys/class/tty/tty14/subsystem/tty60 HTTP/1.1" 200 5021
91.214.138.15 - - [30/Oct/2025:04:50:02 +0900] "GET /data/20251029_415505606960.jpg HTTP/1.1" 302 236
20.171.207.131 - - [30/Oct/2025:04:50:02 +0900] "GET /data/submain/1758633636.php?path=//proc/self/root/sys/class/tty/tty52/subsystem/tty26/power HTTP/1.1" 200 9884
20.171.207.131 - - [30/Oct/2025:04:50:03 +0900] "GET /data/submain/1758633636.php?path=//proc/self/root/sys/class/tty/tty8/subsystem/tty29 HTTP/1.1" 200 5003
44.217.255.167 - - [30/Oct/2025:04:50:04 +0900] "GET /data/submain/1758633636.php?path=//sys/class/input/event0/subsystem/mice/subsystem/input1/subsystem/input2/input2::compose/device/subsystem/input2/input2::compose HTTP/1.1" 200 10202
20.171.207.131 - - [30/Oct/2025:04:50:04 +0900] "GET /data/submain/1758633636.php?path=//proc/self/root/sys/class/tty/tty23/subsystem/tty44 HTTP/1.1" 200 5021
52.5.242.243 - - [30/Oct/2025:04:50:05 +0900] "GET /data/submain/1758633636.php?path=//sys/class/input/input1/subsystem/input0/subsystem/input0/subsystem/input0/device/input/input0/id HTTP/1.1" 200 6626
20.171.207.131 - - [30/Oct/2025:04:50:05 +0900] "GET /data/submain/1758633636.php?path=//proc/self/root/sys/class/tty/tty31/subsystem/tty52/power HTTP/1.1" 200 9884
91.214.138.15 - - [30/Oct/2025:04:50:07 +0900] "GET /data/20251029_345828431330.jpeg HTTP/1.1" 302 237
20.171.207.131 - - [30/Oct/2025:04:50:07 +0900] "GET /data/submain/1758633636.php?path=//proc/self/root/sys/class/tty/tty17/subsystem/tty41 HTTP/1.1" 200 5021
91.214.138.15 - - [30/Oct/2025:04:50:07 +0900] "GET /data/20251029_345828431330.jpeg HTTP/1.1" 302 237
20.171.207.131 - - [30/Oct/2025:04:50:08 +0900] "GET /data/submain/1758633636.php?path=//proc/self/root/sys/class/tty/tty19/subsystem/tty29 HTTP/1.1" 200 5021
98.82.214.73 - - [30/Oct/2025:04:50:09 +0900] "GET /data/submain/1758633636.php?path=//sys/class/input/input0/subsystem/input1/subsystem/input0/subsystem/input1/subsystem/input0/device HTTP/1.1" 200 11789
20.171.207.131 - - [30/Oct/2025:04:50:09 +0900] "GET /data/submain/1758633636.php?path=//proc/self/root/sys/class/tty/tty22/subsystem/tty37/power HTTP/1.1" 200 9884
91.214.138.15 - - [30/Oct/2025:04:50:09 +0900] "GET /data/20251029_345828431330.jpeg HTTP/1.1" 302 237
193.24.247.153 - - [30/Oct/2025:04:50:10 +0900] "GET /data/20251029_476484072390.jpeg HTTP/1.1" 302 237
20.171.207.131 - - [30/Oct/2025:04:50:10 +0900] "GET /data/submain/1758633636.php?path=//proc/self/root/sys/class/tty/tty19/subsystem/tty27 HTTP/1.1" 200 5021
20.171.207.131 - - [30/Oct/2025:04:50:11 +0900] "GET /data/submain/1758633636.php?path=//proc/self/root/sys/class/tty/tty60/subsystem/tty56/power HTTP/1.1" 200 9884
3.208.146.193 - - [30/Oct/2025:04:50:12 +0900] "GET /data/submain/1758633636.php?path=//sys/devices/virtual/misc/snapshot/subsystem/autofs/subsystem/kvm/subsystem/vga_arbiter/subsystem HTTP/1.1" 200 14474
20.171.207.131 - - [30/Oct/2025:04:50:12 +0900] "GET /data/submain/1758633636.php?path=//proc/self/root/sys/class/tty/tty26/subsystem/tty15/power HTTP/1.1" 200 9884
20.171.207.131 - - [30/Oct/2025:04:50:14 +0900] "GET /data/submain/1758633636.php?path=//proc/self/root/sys/class/tty/tty34/subsystem/tty26 HTTP/1.1" 200 5021
20.171.207.131 - - [30/Oct/2025:04:50:15 +0900] "GET /data/submain/1758633636.php?path=//proc/self/root/sys/class/tty/tty34/subsystem/tty47/power HTTP/1.1" 200 9884
91.214.138.15 - - [30/Oct/2025:04:50:15 +0900] "GET /data/20251029_985879890340.jpeg HTTP/1.1" 302 237
20.171.207.131 - - [30/Oct/2025:04:50:16 +0900] "GET /data/submain/1758633636.php?path=//proc/self/root/sys/class/tty/tty0/subsystem/tty43/power HTTP/1.1" 200 9843
34.225.138.57 - - [30/Oct/2025:04:50:17 +0900] "GET /data/submain/1758633636.php?path=//sys/class/input/mice/subsystem/input0/subsystem/input0/subsystem/input1/subsystem/event1/device HTTP/1.1" 200 13525
20.171.207.131 - - [30/Oct/2025:04:50:17 +0900] "GET /data/submain/1758633636.php?path=//proc/self/root/sys/class/tty/tty18/subsystem/tty34/power HTTP/1.1" 200 9884
91.214.138.15 - - [30/Oct/2025:04:50:17 +0900] "GET /data/20251029_985879890340.jpeg HTTP/1.1" 302 237
20.171.207.131 - - [30/Oct/2025:04:50:18 +0900] "GET /data/submain/1758633636.php?path=//proc/self/root/sys/class/tty/tty17/subsystem/tty41/power HTTP/1.1" 200 9884
20.171.207.131 - - [30/Oct/2025:04:50:19 +0900] "GET /data/submain/1758633636.php?path=//proc/self/root/sys/class/tty/tty5/subsystem/tty29 HTTP/1.1" 200 5003
20.171.207.131 - - [30/Oct/2025:04:50:20 +0900] "GET /data/submain/1758633636.php?path=//proc/self/root/sys/class/tty/tty61/subsystem/tty28/power HTTP/1.1" 200 9884
52.73.142.41 - - [30/Oct/2025:04:50:21 +0900] "GET /data/submain/1758633636.php?path=//sys/class/misc/vga_arbiter/subsystem/autofs/subsystem/autofs/subsystem/snapshot/subsystem/autofs/power HTTP/1.1" 200 12054
20.171.207.131 - - [30/Oct/2025:04:50:22 +0900] "GET /data/submain/1758633636.php?path=//proc/self/root/sys/class/tty/tty43/subsystem/tty17/power HTTP/1.1" 200 9884
20.171.207.131 - - [30/Oct/2025:04:50:23 +0900] "GET /data/submain/1758633636.php?path=//proc/self/root/sys/class/tty/tty60/subsystem/tty8/power HTTP/1.1" 200 9845
54.157.99.244 - - [30/Oct/2025:04:50:24 +0900] "GET /data/submain/1758633636.php?path=//sys/devices/virtual/misc/snapshot/subsystem/snapshot/subsystem/nvram/subsystem/snapshot/subsystem/kvm/power HTTP/1.1" 200 12367
20.171.207.131 - - [30/Oct/2025:04:50:24 +0900] "GET /data/submain/1758633636.php?path=//proc/self/root/sys/class/tty/tty37/subsystem/tty19/power HTTP/1.1" 200 9884
91.214.138.15 - - [30/Oct/2025:04:50:25 +0900] "GET /data/20251029_671530258460.jpg HTTP/1.1" 302 236
20.171.207.131 - - [30/Oct/2025:04:50:25 +0900] "GET /data/submain/1758633636.php?path=//proc/self/root/sys/class/tty/tty46/subsystem/tty5/power HTTP/1.1" 200 9845
91.214.138.15 - - [30/Oct/2025:04:50:25 +0900] "GET /data/20251029_671530258460.jpg HTTP/1.1" 302 236
91.214.138.15 - - [30/Oct/2025:04:50:26 +0900] "GET /data/20251029_671530258460.jpg HTTP/1.1" 302 236
20.171.207.131 - - [30/Oct/2025:04:50:26 +0900] "GET /data/submain/1758633636.php?path=//proc/self/root/sys/class/tty/tty50/subsystem/tty30/power HTTP/1.1" 200 9884
91.214.138.15 - - [30/Oct/2025:04:50:27 +0900] "GET /data/20251029_703861402670.jpeg HTTP/1.1" 302 237
20.171.207.131 - - [30/Oct/2025:04:50:28 +0900] "GET /data/submain/1758633636.php?path=//proc/self/root/sys/class/tty/tty28/subsystem/tty9 HTTP/1.1" 200 5005
91.214.138.15 - - [30/Oct/2025:04:50:28 +0900] "GET /data/20251029_703861402670.jpeg HTTP/1.1" 302 237
91.214.138.15 - - [30/Oct/2025:04:50:28 +0900] "GET /data/20251029_703861402670.jpeg HTTP/1.1" 302 237
20.171.207.131 - - [30/Oct/2025:04:50:29 +0900] "GET /data/submain/1758633636.php?path=//proc/self/root/sys/class/tty/tty7/subsystem/tty29 HTTP/1.1" 200 5003
20.171.207.131 - - [30/Oct/2025:04:50:30 +0900] "GET /data/submain/1758633636.php?path=//proc/self/root/sys/class/tty/tty13/subsystem/tty5/power HTTP/1.1" 200 9845
18.209.137.234 - - [30/Oct/2025:04:50:30 +0900] "GET /data/submain/1758633636.php?path=//sys/class/input/event1/subsystem/mice/subsystem/event0/subsystem/input1/subsystem/event1/device/event1 HTTP/1.1" 200 7276
20.171.207.131 - - [30/Oct/2025:04:50:31 +0900] "GET /data/submain/1758633636.php?path=//proc/self/root/sys/class/tty/tty23/subsystem/tty1/power HTTP/1.1" 200 9845
35.172.125.172 - - [30/Oct/2025:04:50:32 +0900] "GET /data/submain/1758633636.php?path=//sys/class/input/event3/subsystem/event2/subsystem/mice/subsystem/input2/input2::compose/device/subsystem/input1/id HTTP/1.1" 200 7104
91.214.138.15 - - [30/Oct/2025:04:50:32 +0900] "GET /data/20251029_451555721550.jpg HTTP/1.1" 302 236
20.171.207.131 - - [30/Oct/2025:04:50:32 +0900] "GET /data/submain/1758633636.php?path=//proc/self/root/sys/class/tty/tty58/subsystem/tty26/power HTTP/1.1" 200 9884
91.214.138.15 - - [30/Oct/2025:04:50:33 +0900] "GET /data/20251029_451555721550.jpg HTTP/1.1" 302 236
91.214.138.15 - - [30/Oct/2025:04:50:33 +0900] "GET /data/20251029_451555721550.jpg HTTP/1.1" 302 236
20.171.207.131 - - [30/Oct/2025:04:50:33 +0900] "GET /data/submain/1758633636.php?path=//proc/self/root/sys/class/tty/tty3/subsystem/tty40 HTTP/1.1" 200 5003
91.214.138.15 - - [30/Oct/2025:04:50:34 +0900] "GET /data/20251029_703861402670.jpeg HTTP/1.1" 302 237
20.171.207.131 - - [30/Oct/2025:04:50:35 +0900] "GET /data/submain/1758633636.php?path=//proc/self/root/sys/class/tty/tty37/subsystem/tty21/power HTTP/1.1" 200 9884
91.214.138.15 - - [30/Oct/2025:04:50:35 +0900] "GET /data/20251029_451555721550.jpg HTTP/1.1" 302 236
91.214.138.15 - - [30/Oct/2025:04:50:35 +0900] "GET /data/20251029_703861402670.jpeg HTTP/1.1" 302 237
20.171.207.131 - - [30/Oct/2025:04:50:36 +0900] "GET /data/submain/1758633636.php?filesrc=//proc/self/root/sys/class/tty/tty46/subsystem/tty5/power/autosuspend_delay_ms&path=//proc/self/root/sys/class/tty/tty46/subsystem/tty5/power HTTP/1.1" 200 1817
54.152.163.42 - - [30/Oct/2025:04:50:36 +0900] "GET /data/submain/1758633636.php?path=//sys/class/input/event1/subsystem/mice/subsystem/input1/subsystem/input1/subsystem/input3/device HTTP/1.1" 200 17841
91.214.138.15 - - [30/Oct/2025:04:50:36 +0900] "GET /data/20251029_703861402670.jpeg HTTP/1.1" 302 237
20.171.207.131 - - [30/Oct/2025:04:50:37 +0900] "GET /data/submain/1758633636.php?path=//proc/self/root/sys/class/tty/tty22/subsystem/tty43 HTTP/1.1" 200 5021
20.171.207.131 - - [30/Oct/2025:04:50:38 +0900] "GET /data/submain/1758633636.php?path=//proc/self/root/sys/class/tty/tty60/subsystem/tty22 HTTP/1.1" 200 5021
20.171.207.131 - - [30/Oct/2025:04:50:39 +0900] "GET /data/submain/1758633636.php?path=//proc/self/root/sys/class/tty/tty34/subsystem/tty0 HTTP/1.1" 200 5809
20.171.207.131 - - [30/Oct/2025:04:50:40 +0900] "GET /data/submain/1758633636.php?path=//proc/self/root/sys/class/tty/tty12/subsystem/tty21/power HTTP/1.1" 200 9884
20.171.207.131 - - [30/Oct/2025:04:50:42 +0900] "GET /data/submain/1758633636.php?path=//proc/self/root/sys/class/tty/tty27/subsystem/tty6/power HTTP/1.1" 200 9845
91.214.138.15 - - [30/Oct/2025:04:50:42 +0900] "GET /data/20251029_476484072390.jpeg HTTP/1.1" 302 237
98.80.130.239 - - [30/Oct/2025:04:50:42 +0900] "GET /data/submain/1758633636.php?path=//sys/class/input/event1/subsystem/input2/subsystem/mice/subsystem/input0/subsystem/event0/device HTTP/1.1" 200 13533
91.214.138.15 - - [30/Oct/2025:04:50:43 +0900] "GET /data/20251029_476484072390.jpeg HTTP/1.1" 302 237
20.171.207.131 - - [30/Oct/2025:04:50:43 +0900] "GET /data/submain/1758633636.php?path=//proc/self/root/sys/class/tty/tty47/subsystem/tty52 HTTP/1.1" 200 5021
100.28.133.214 - - [30/Oct/2025:04:50:44 +0900] "GET /data/submain/1758633636.php?path=//sys/class/input/event3/subsystem/event2/subsystem/mice/subsystem/input2/input2::compose/device/subsystem/input0/device HTTP/1.1" 200 12829
20.171.207.131 - - [30/Oct/2025:04:50:44 +0900] "GET /data/submain/1758633636.php?path=//proc/self/root/sys/class/tty/tty30/subsystem/tty22 HTTP/1.1" 200 5021
91.214.138.15 - - [30/Oct/2025:04:50:44 +0900] "GET /data/20251029_476484072390.jpeg HTTP/1.1" 302 237
20.171.207.131 - - [30/Oct/2025:04:50:45 +0900] "GET /data/submain/1758633636.php?path=//proc/self/root/sys/class/tty/tty35/subsystem/tty2/power HTTP/1.1" 200 9845
20.171.207.131 - - [30/Oct/2025:04:50:46 +0900] "GET /data/submain/1758633636.php?path=//proc/self/root/sys/class/tty/tty3/subsystem/tty40/power HTTP/1.1" 200 9843
20.171.207.131 - - [30/Oct/2025:04:50:47 +0900] "GET /data/submain/1758633636.php?path=//proc/self/root/sys/class/tty/tty37/subsystem/tty2/power HTTP/1.1" 200 9845
20.171.207.131 - - [30/Oct/2025:04:50:49 +0900] "GET /data/submain/1758633636.php?path=//proc/self/root/sys/class/tty/tty59/subsystem/tty46 HTTP/1.1" 200 5021
20.171.207.131 - - [30/Oct/2025:04:50:50 +0900] "GET /data/submain/1758633636.php?path=//proc/self/root/sys/class/tty/tty61/subsystem/tty39/power HTTP/1.1" 200 9884
54.145.82.217 - - [30/Oct/2025:04:50:50 +0900] "GET /data/submain/1758633636.php?path=//sys/devices/virtual/misc/network_throughput/subsystem/snapshot/subsystem/device-mapper/subsystem/snapshot/subsystem/hpet HTTP/1.1" 200 6747
20.171.207.131 - - [30/Oct/2025:04:50:51 +0900] "GET /data/submain/1758633636.php?path=//proc/self/root/sys/class/tty/tty30/subsystem/tty27 HTTP/1.1" 200 5021
20.171.207.131 - - [30/Oct/2025:04:50:52 +0900] "GET /data/submain/1758633636.php?path=//proc/self/root/sys/class/tty/tty58/subsystem/tty7/power HTTP/1.1" 200 9845
34.238.45.183 - - [30/Oct/2025:04:50:53 +0900] "GET /data/submain/1758633636.php?path=//sys/class/input/mice/subsystem/event1/device/event1/subsystem/input2/input2::compose/device/event2/subsystem/input1 HTTP/1.1" 200 14651
20.171.207.131 - - [30/Oct/2025:04:50:53 +0900] "GET /data/submain/1758633636.php?path=//proc/self/root/sys/class/tty/tty33/subsystem/tty59/power HTTP/1.1" 200 9884
20.171.207.131 - - [30/Oct/2025:04:50:54 +0900] "GET /data/submain/1758633636.php?path=//proc/self/root/sys/class/tty/tty50/subsystem/tty3/power HTTP/1.1" 200 9845
20.171.207.131 - - [30/Oct/2025:04:50:55 +0900] "GET /data/submain/1758633636.php?path=//proc/self/root/sys/class/tty/tty53/subsystem/tty10/power HTTP/1.1" 200 9884
44.205.74.196 - - [30/Oct/2025:04:50:56 +0900] "GET /data/submain/1758633636.php?path=//sys/class/misc/autofs/subsystem/vga_arbiter/subsystem/snapshot/subsystem/kvm/subsystem/device-mapper/power HTTP/1.1" 200 12198
188.163.74.176 - - [30/Oct/2025:04:50:56 +0900] "GET /data/20251029_633955148790.jpeg HTTP/1.1" 302 237
20.171.207.131 - - [30/Oct/2025:04:50:57 +0900] "GET /data/submain/1758633636.php?path=//proc/self/root/sys/class/tty/tty39/subsystem/tty2/power HTTP/1.1" 200 9845
20.171.207.131 - - [30/Oct/2025:04:50:58 +0900] "GET /data/submain/1758633636.php?path=//proc/self/root/sys/class/tty/tty32/subsystem/tty47 HTTP/1.1" 200 5021
188.163.74.176 - - [30/Oct/2025:04:50:59 +0900] "GET /data/20251029_372865829940.jpg HTTP/1.1" 302 236
20.171.207.131 - - [30/Oct/2025:04:50:59 +0900] "GET /data/submain/1758633636.php?path=//proc/self/root/sys/class/tty/tty39/subsystem/tty58/power HTTP/1.1" 200 9884
54.85.126.86 - - [30/Oct/2025:04:51:00 +0900] "GET /data/submain/1758633636.php?path=//sys/devices/virtual/misc/nvram/subsystem/autofs/subsystem/snapshot/subsystem/network_throughput/subsystem/device-mapper HTTP/1.1" 200 6615
20.171.207.131 - - [30/Oct/2025:04:51:00 +0900] "GET /data/submain/1758633636.php?path=//proc/self/root/sys/class/tty/tty17/subsystem/tty22 HTTP/1.1" 200 5021
20.171.207.131 - - [30/Oct/2025:04:51:01 +0900] "GET /data/submain/1758633636.php?path=//proc/self/root/sys/class/tty/tty48/subsystem/tty33/power HTTP/1.1" 200 9884
43.135.183.82 - - [30/Oct/2025:04:51:02 +0900] "GET /sub04/ HTTP/1.1" 200 32404
20.171.207.131 - - [30/Oct/2025:04:51:03 +0900] "GET /data/submain/1758633636.php?path=//proc/self/root/sys/class/tty/tty44/subsystem/tty51 HTTP/1.1" 200 5021
20.171.207.131 - - [30/Oct/2025:04:51:04 +0900] "GET /data/submain/1758633636.php?path=//proc/self/root/sys/class/tty/tty59/subsystem/tty10 HTTP/1.1" 200 5021
20.171.207.131 - - [30/Oct/2025:04:51:05 +0900] "GET /data/submain/1758633636.php?path=//proc/self/root/sys/class/tty/tty10/subsystem/tty23 HTTP/1.1" 200 5021
3.81.253.213 - - [30/Oct/2025:04:51:06 +0900] "GET /data/submain/1758633636.php?path=//sys/class/input/input0/subsystem/input0/subsystem/mice/subsystem/event0/subsystem/input0/event0/device HTTP/1.1" 200 13959
20.171.207.131 - - [30/Oct/2025:04:51:06 +0900] "GET /data/submain/1758633636.php?path=//proc/self/root/sys/class/tty/tty23/subsystem/tty18/power HTTP/1.1" 200 9884
20.171.207.131 - - [30/Oct/2025:04:51:07 +0900] "GET /data/submain/1758633636.php?path=//proc/self/root/sys/class/tty/tty14/subsystem/tty48 HTTP/1.1" 200 5021
20.171.207.131 - - [30/Oct/2025:04:51:08 +0900] "GET /data/submain/1758633636.php?path=//proc/self/root/sys/class/tty/tty33/subsystem/tty42 HTTP/1.1" 200 5021
107.22.208.39 - - [30/Oct/2025:04:51:09 +0900] "GET /data/submain/1758633636.php?path=//sys/class/input/event0/subsystem/mice/subsystem/input1/subsystem/event0/subsystem/event1/device/event1 HTTP/1.1" 200 7276
20.171.207.131 - - [30/Oct/2025:04:51:10 +0900] "GET /data/submain/1758633636.php?path=//proc/self/root/sys/class/tty/tty54/subsystem/tty28 HTTP/1.1" 200 5021
20.171.207.131 - - [30/Oct/2025:04:51:11 +0900] "GET /data/submain/1758633636.php?path=//proc/self/root/sys/class/tty/tty43/subsystem/tty15/power HTTP/1.1" 200 9884
34.231.181.240 - - [30/Oct/2025:04:51:12 +0900] "GET /data/submain/1758633636.php?path=//sys/class/input/input1/subsystem/input1/subsystem/mice/subsystem/input2/input2::compose/device/input2::compose/device/device HTTP/1.1" 200 19870
20.171.207.131 - - [30/Oct/2025:04:51:12 +0900] "GET /data/submain/1758633636.php?path=//proc/self/root/sys/class/tty/tty34/subsystem/tty57/power HTTP/1.1" 200 9884
20.171.207.131 - - [30/Oct/2025:04:51:13 +0900] "GET /data/submain/1758633636.php?path=//proc/self/root/sys/class/tty/tty35/subsystem/tty8/power HTTP/1.1" 200 9845
20.171.207.131 - - [30/Oct/2025:04:51:14 +0900] "GET /data/submain/1758633636.php?path=//proc/self/root/sys/class/tty/tty36/subsystem/tty20 HTTP/1.1" 200 5021
20.171.207.131 - - [30/Oct/2025:04:51:15 +0900] "GET /data/submain/1758633636.php?path=//proc/self/root/sys/class/tty/tty21/subsystem/tty42 HTTP/1.1" 200 5021
52.44.174.136 - - [30/Oct/2025:04:51:16 +0900] "GET /data/submain/1758633636.php?path=//sys/class/input/input0/subsystem/input0/subsystem/mice/subsystem/event0/subsystem/event1/device/id HTTP/1.1" 200 6661
20.171.207.131 - - [30/Oct/2025:04:51:17 +0900] "GET /data/submain/1758633636.php?path=//proc/self/root/sys/class/tty/tty38/subsystem/tty25/power HTTP/1.1" 200 9884
20.171.207.131 - - [30/Oct/2025:04:51:18 +0900] "GET /data/submain/1758633636.php?path=//proc/self/root/sys/class/tty/tty19/subsystem/tty53/power HTTP/1.1" 200 9884
20.171.207.131 - - [30/Oct/2025:04:51:19 +0900] "GET /data/submain/1758633636.php?path=//proc/self/root/sys/class/tty/tty52/subsystem/tty16/power HTTP/1.1" 200 9884
188.163.74.176 - - [30/Oct/2025:04:51:20 +0900] "GET /data/20251029_554162303910.jpg HTTP/1.1" 302 236
23.21.227.240 - - [30/Oct/2025:04:51:20 +0900] "GET /data/submain/1758633636.php?path=//sys/class/input/input0/subsystem/mice/subsystem/input0/subsystem/input1/event1/device/event1 HTTP/1.1" 200 6962
20.171.207.131 - - [30/Oct/2025:04:51:20 +0900] "GET /data/submain/1758633636.php?path=//proc/self/root/sys/class/tty/tty33/subsystem/tty42/power HTTP/1.1" 200 9884
20.171.207.131 - - [30/Oct/2025:04:51:21 +0900] "GET /data/submain/1758633636.php?path=//proc/self/root/sys/class/tty/tty46/subsystem/tty29 HTTP/1.1" 200 5021
20.171.207.131 - - [30/Oct/2025:04:51:22 +0900] "GET /data/submain/1758633636.php?path=//proc/self/root/sys/class/tty/tty30/subsystem/tty14 HTTP/1.1" 200 5021
20.171.207.131 - - [30/Oct/2025:04:51:23 +0900] "GET /data/submain/1758633636.php?path=//proc/self/root/sys/class/tty/tty19/subsystem/tty4 HTTP/1.1" 200 5005
3.213.213.161 - - [30/Oct/2025:04:51:24 +0900] "GET /data/submain/1758633636.php?path=//sys/devices/virtual/misc/mcelog/subsystem/vga_arbiter/subsystem/snapshot/subsystem/snapshot/subsystem/nvram/power HTTP/1.1" 200 12615
20.171.207.131 - - [30/Oct/2025:04:51:25 +0900] "GET /data/submain/1758633636.php?path=//proc/self/root/sys/class/tty/tty9/subsystem/tty46/power HTTP/1.1" 200 9843
20.171.207.131 - - [30/Oct/2025:04:51:26 +0900] "GET /data/submain/1758633636.php?path=//proc/self/root/sys/class/tty/tty36/subsystem/tty20/power HTTP/1.1" 200 9884
20.171.207.131 - - [30/Oct/2025:04:51:27 +0900] "GET /data/submain/1758633636.php?path=//proc/self/root/sys/class/tty/tty2/subsystem/tty41 HTTP/1.1" 200 5003
36.111.67.189 - - [30/Oct/2025:04:51:28 +0900] "GET / HTTP/1.1" 302 212
20.171.207.131 - - [30/Oct/2025:04:51:28 +0900] "GET /data/submain/1758633636.php?path=//proc/self/root/sys/class/tty/tty21/subsystem/tty33/power HTTP/1.1" 200 9884
20.171.207.131 - - [30/Oct/2025:04:51:29 +0900] "GET /data/submain/1758633636.php?filesrc=//proc/self/root/sys/class/tty/tty38/subsystem/tty25/power/runtime_active_time&path=//proc/self/root/sys/class/tty/tty38/subsystem/tty25/power HTTP/1.1" 200 1822
3.218.35.239 - - [30/Oct/2025:04:51:30 +0900] "GET /data/submain/1758633636.php?path=//sys/class/input/mice/subsystem/input1/subsystem/input0/subsystem/input1/device/input/input1/event1 HTTP/1.1" 200 7185
20.171.207.131 - - [30/Oct/2025:04:51:30 +0900] "GET /data/submain/1758633636.php?path=//proc/self/root/sys/class/tty/tty16/subsystem/tty8/power HTTP/1.1" 200 9845
20.171.207.131 - - [30/Oct/2025:04:51:32 +0900] "GET /data/submain/1758633636.php?path=//proc/self/root/sys/class/tty/tty45/subsystem/tty51 HTTP/1.1" 200 5021
98.84.70.201 - - [30/Oct/2025:04:51:32 +0900] "GET /data/submain/1758633636.php?path=//sys/class/input/event1/subsystem/input0/event0/subsystem/input1/subsystem/input1/subsystem/input0/id HTTP/1.1" 200 6700
20.171.207.131 - - [30/Oct/2025:04:51:33 +0900] "GET /data/submain/1758633636.php?path=//proc/self/root/sys/class/tty/tty13/subsystem/tty0/power HTTP/1.1" 200 9845
20.171.207.131 - - [30/Oct/2025:04:51:34 +0900] "GET /data/submain/1758633636.php?path=//proc/self/root/sys/class/tty/tty13/subsystem/tty8/power HTTP/1.1" 200 9845
20.171.207.131 - - [30/Oct/2025:04:51:35 +0900] "GET /data/submain/1758633636.php?path=//proc/self/root/sys/class/tty/tty41/subsystem/tty60 HTTP/1.1" 200 5021
188.163.74.176 - - [30/Oct/2025:04:51:36 +0900] "GET /data/20251029_674690474840.jpg HTTP/1.1" 302 236
20.171.207.131 - - [30/Oct/2025:04:51:36 +0900] "GET /data/submain/1758633636.php?path=//proc/self/root/sys/class/tty/tty45/subsystem/tty30 HTTP/1.1" 200 5021
20.171.207.131 - - [30/Oct/2025:04:51:37 +0900] "GET /data/submain/1758633636.php?path=//proc/self/root/sys/class/tty/tty37/subsystem/tty1/power HTTP/1.1" 200 9845
64.226.82.217 - - [30/Oct/2025:04:51:38 +0900] "GET /data/20251029_845719300161.jpg HTTP/1.1" 302 236
64.226.82.217 - - [30/Oct/2025:04:51:38 +0900] "GET /data/20251029_8782048939211.jpg HTTP/1.1" 302 237
64.226.82.217 - - [30/Oct/2025:04:51:38 +0900] "GET /data/20251029_9815819919516.jpg HTTP/1.1" 302 237
64.226.82.217 - - [30/Oct/2025:04:51:38 +0900] "GET /data/20251029_8720520070210.jpg HTTP/1.1" 302 237
64.226.82.217 - - [30/Oct/2025:04:51:38 +0900] "GET /data/20251029_190498049838.jpg HTTP/1.1" 302 236
64.226.82.217 - - [30/Oct/2025:04:51:39 +0900] "GET /data/20251029_751125768619.jpg HTTP/1.1" 302 236
20.171.207.131 - - [30/Oct/2025:04:51:39 +0900] "GET /data/submain/1758633636.php?path=//proc/self/root/sys/class/tty/tty41/subsystem/tty51 HTTP/1.1" 200 5021
188.163.74.176 - - [30/Oct/2025:04:51:39 +0900] "GET /data/20251029_500847447330.jpg HTTP/1.1" 302 236
98.83.72.38 - - [30/Oct/2025:04:51:40 +0900] "GET /data/submain/1758633636.php?path=//sys/class/input/input0/subsystem/input1/subsystem/event1/subsystem/input1/subsystem/event1 HTTP/1.1" 200 6831
20.171.207.131 - - [30/Oct/2025:04:51:40 +0900] "GET /data/submain/1758633636.php?path=//proc/self/root/sys/class/tty/tty26/subsystem/tty9/power HTTP/1.1" 200 9845
64.226.82.217 - - [30/Oct/2025:04:51:40 +0900] "GET /data/20251029_8563639542512.jpg HTTP/1.1" 302 237
64.226.82.217 - - [30/Oct/2025:04:51:41 +0900] "GET /data/20251029_983048308267.jpg HTTP/1.1" 302 236
64.226.82.217 - - [30/Oct/2025:04:51:41 +0900] "GET /data/20251029_7573676294114.jpg HTTP/1.1" 302 237
